{"id":1034,"date":"2023-09-06T08:27:01","date_gmt":"2023-09-06T08:27:01","guid":{"rendered":"https:\/\/remchelangson.com.vn\/?post_type=product&#038;p=1034"},"modified":"2026-04-24T20:48:55","modified_gmt":"2026-04-24T20:48:55","slug":"luoi-cap-an-toan-mong-cai","status":"publish","type":"product","link":"https:\/\/remchelangson.com.vn\/?product=luoi-cap-an-toan-mong-cai","title":{"rendered":"L\u01af\u1edaI C\u00c1P AN TO\u00c0N M\u00d3NG C\u00c1I"},"content":{"rendered":"<h1><strong>L\u01af\u1edaI C\u00c1P AN TO\u00c0N M\u00d3NG C\u00c1I QU\u1ea2NG NINH<\/strong><\/h1>\n<h2 class=\"has-vivid-cyan-blue-color has-text-color wp-block-heading\"><strong>1. \u0110\u01a1n v\u1ecb chuy\u00ean cung c\u1ea5p thi c\u00f4ng l\u1eafp \u0111\u1eb7t t\u1ea1i Qu\u1ea3ng Ninh:<\/strong><\/h2>\n<ul>\n<li><span style=\"font-size: 14pt;\">Thi c\u00f4ng Gi\u00e0n ph\u01a1i qu\u1ea7n \u00e1o\u00a0<\/span><\/li>\n<li><span style=\"font-size: 14pt;\">L\u01b0\u1edbi an to\u00e0n ban c\u00f4ng, c\u1ea7u thang<\/span><\/li>\n<li><span style=\"font-size: 14pt;\"><a href=\"https:\/\/remchelangson.com.vn\/?product_cat=cua-luoi-chong-muoi\">C\u1eeda l\u01b0\u1edbi ch\u1ed1ng mu\u1ed7i, c\u00f4n tr\u00f9ng<\/a><\/span><\/li>\n<li><span style=\"font-size: 14pt;\">B\u1ea1t che n\u1eafng m\u01b0a t\u1ef1 cu\u1ed1n, b\u1ea1t m\u00e1i hi\u00ean, m\u00e1i x\u1ebfp, b\u1ea1t quay tay<\/span><\/li>\n<li><span style=\"font-size: 14pt;\">M\u00e0nh r\u00e8m: R\u00e8m g\u1ed7, r\u00e8m c\u1ea7u v\u1ed3ng, r\u00e8m cu\u1ed1n v\u0103n ph\u00f2ng, r\u00e8m s\u00e1o nh\u00f4m\u2026<\/span><\/li>\n<li><span style=\"font-size: 14pt;\">M\u00e0nh tre tr\u00fac<\/span><\/li>\n<li><span style=\"font-size: 14pt;\">S\u00e0n nh\u1ef1a, s\u00e0n g\u1ed7<\/span><\/li>\n<li><span style=\"font-size: 14pt;\">\u00d4 d\u00f9 che n\u1eafng m\u01b0a l\u1ec7ch t\u00e2m<\/span><\/li>\n<\/ul>\n<h2>2. C\u1ea7u t\u1ea1o l\u01b0\u1edbi an to\u00e0n ban c\u00f4ng c\u1ea7u thang<\/h2>\n<p><span style=\"font-size: 14pt;\"><a href=\"http:\/\/www.tienichthongminh.com.vn\/luoi-an-toan-cau-thang_n2.html\" rel=\"noopener\"><strong>L\u01b0\u1edbi an to\u00e0n ban c\u00f4ng c\u1ea7u thang\u00a0<\/strong><\/a>\u00a0g\u1ed3m c\u00f3 2 ph\u1ea7n ch\u00ednh \u0111\u00f3 l\u00e0 d\u00e2y c\u00e1p v\u00e0 thanh nh\u00f4m \u0111\u1ecbnh h\u00ecnh.\u00a0<\/span><\/p>\n<p><span style=\"font-size: 14pt;\"><strong>D\u00e2y c\u00e1p<\/strong>\u00a0c\u00f3 c\u1ea5u t\u1ea1o l\u00e0 c\u00e1c s\u1ee3i\u00a0<strong>Inox 304<\/strong>\u00a0xo\u1eafn l\u1ea1i b\u00ean ngo\u00e0i b\u1ecdc nh\u1ef1a\u00a0<strong>Polyetylen.<\/strong>\u00a0\u0110\u1ec3 b\u1ea3o v\u1ec7 ch\u1ed1ng ch\u1ea1m v\u00e0o c\u01a1 th\u1ec3 g\u00e2y\u00a0th\u01b0\u01a1ng t\u00edch n\u00ean, vi\u1ec7c\u00a0<strong>c\u00e1p\u00a0 b\u1ecdc nh\u1ef1a<\/strong>\u00a0tr\u01b0\u1edbc l\u00e0 \u0111\u1ec3 an to\u00e0n cho ng\u01b0\u1eddi s\u1eed d\u1ee5ng sau l\u00e0 \u0111\u1ec3 b\u1ea3o v\u1ec7 kh\u1ecfi th\u1eddi ti\u1ebft\u00a0ngo\u00e0i tr\u1eddi\u00a0v\u00e0 c\u00e1c y\u1ebfu kh\u00e1c t\u00e1c \u0111\u1ed9ng n\u00ean. Th\u00f4ng th\u01b0\u1eddng c\u00e1p an to\u00e0n c\u00f3 2 k\u00edch c\u1ee1 l\u00e0 c\u00e1p 2.5mm v\u00e0 3mm.<\/span><\/p>\n<p><span style=\"font-size: 14pt;\">Thanh nh\u00f4m c\u00f3 c\u1ea5u t\u1ea1o h\u00ecnh ch\u1eef L m\u1ed9t m\u1eb7t khoan l\u1ed7 \u0111\u1ec3 b\u1eaft v\u00edt n\u1edf s\u1eaft. Khi thi c\u00f4ng m\u1ed9t m\u1eb7t \u0111\u01b0\u1ee3c d\u1eadp v\u00edt n\u1edf s\u1eaft c\u00f3 v\u00f2ng nh\u1ef1a\u00a0\u0111en. Khi l\u1eafp \u0111\u1eb7t l\u01b0\u1edbi an to\u00e0n h\u1ec7 th\u1ed1ng d\u00e2y c\u00e1p s\u1ebd lu\u1ed3n theo c\u00e1c \u1ed1c v\u00edt n\u00e0y\u00a0kho\u1ea3ng c\u00e1ch v\u00edt n\u00e0y qua v\u00edt kia l\u00e0 5cm. Kho\u1ea3ng c\u00e1ch 5cm l\u00e0 kho\u1ea3ng c\u00e1ch \u0111\u01b0\u1ee3c t\u00ednh to\u00e1n mang l\u1ea1i s\u1ef1 an to\u00e0n t\u1ed1i \u01b0u nh\u1ea5t.<\/span><\/p>\n<p><img loading=\"lazy\" decoding=\"async\" class=\"wp-image-1036 size-full aligncenter\" src=\"https:\/\/i0.wp.com\/remchelangson.com.vn\/wp-content\/uploads\/2023\/09\/don-vi-lap-luoi-an-toan-ban-cong-cau-thang-tai-mong-cai-quang-ninh.jpg?resize=650%2C867&#038;ssl=1\" alt=\"thi-cong-luoi-cap-an-toan-ban-cong-cau-thang-mong-cai-quang-ninh\" width=\"650\" height=\"867\" title=\"\" srcset=\"https:\/\/i0.wp.com\/remchelangson.com.vn\/wp-content\/uploads\/2023\/09\/don-vi-lap-luoi-an-toan-ban-cong-cau-thang-tai-mong-cai-quang-ninh.jpg?w=650&amp;ssl=1 650w, https:\/\/i0.wp.com\/remchelangson.com.vn\/wp-content\/uploads\/2023\/09\/don-vi-lap-luoi-an-toan-ban-cong-cau-thang-tai-mong-cai-quang-ninh.jpg?resize=225%2C300&amp;ssl=1 225w, https:\/\/i0.wp.com\/remchelangson.com.vn\/wp-content\/uploads\/2023\/09\/don-vi-lap-luoi-an-toan-ban-cong-cau-thang-tai-mong-cai-quang-ninh.jpg?resize=150%2C200&amp;ssl=1 150w, https:\/\/i0.wp.com\/remchelangson.com.vn\/wp-content\/uploads\/2023\/09\/don-vi-lap-luoi-an-toan-ban-cong-cau-thang-tai-mong-cai-quang-ninh.jpg?resize=600%2C800&amp;ssl=1 600w\" sizes=\"auto, (max-width: 650px) 100vw, 650px\" data-recalc-dims=\"1\" \/><\/p>\n<p style=\"text-align: center;\">Thi c\u00f4ng l\u01b0\u1edbi c\u00e1p an to\u00e0n M\u00f3ng C\u00e1i Qu\u1ea3ng Ninh<\/p>\n<p><span style=\"font-size: 14pt;\"><strong>Ch\u00fang<\/strong>\u00a0t\u00f4i nay t\u00f4i xin gi\u1edbi thi\u1ec7u l\u1ea1i c\u00e1ch th\u1ee9c l\u1eafp \u0111\u1eb7t 1 b\u1ed9\u00a0<strong>l\u01b0\u1edbi an to\u00e0n ban c\u00f4ng, c\u1ea7u thang<\/strong>\u00a0ho\u1eb7c c\u1eeda s\u1ed5 \u0111\u01b0\u1ee3c ti\u1ebfn h\u00e0nh nh\u01b0 sau:<\/span><\/p>\n<p><span style=\"font-size: 14pt;\">B\u01b0\u1edbc 1: Chu\u1ea9n b\u1ecb d\u1ee5ng c\u1ee5 thi\u1ebft b\u1ecb v\u00e0 v\u1eadt t\u01b0 nh\u01b0: m\u00e1y khoan b\u00ea t\u00f4ng,m\u00e1y b\u1eafn v\u00edt, m\u00e1y c\u1eaft tay, thang nh\u00f4m, d\u00e2y \u0111ai an to\u00e0n, th\u01b0\u1edbc d\u00e2y. \u0110\u1eb7c bi\u1ec7t kh\u00f4ng th\u1ec3 thi\u1ebfu c\u00e1p inox 304 H\u00f2a Ph\u00e1t star v\u00e0\u00a0<strong>thanh nh\u00f4m \u0111\u1ecbnh h\u00ecnh<\/strong>\u00a0nh\u00f4m ch\u1ed1ng r\u1ec9.<\/span><\/p>\n<p><span style=\"font-size: 14pt;\">B\u01b0\u1edbc 2: Sau khi \u0111\u00e3 chu\u1ea9n b\u1ecb v\u1eadt t\u01b0 v\u00e0 d\u1ee5ng c\u1ee5 xong. Ch\u00fang ta b\u1eaft \u0111\u1ea7u ti\u1ebfn h\u00e0nh \u0111o k\u00edch th\u01b0\u1edbc ban c\u00f4ng v\u00e0 ti\u1ebfn h\u00e0nh c\u1eaft thanh nh\u00f4m \u0111\u1ecbnh h\u00ecnh. Theo k\u00edch th\u01b0\u1edbc ban c\u00f4ng,ho\u1eb7c c\u1eeda s\u1ed5, \u0111\u1ec3 ti\u1ebfn h\u00e0nh khoan b\u00ea t\u00f4ng v\u00e0 gia c\u1ed1 thanh nh\u00f4m b\u1eb1ng v\u00edt n\u1edf s\u1eaft lo\u1ea1i 6mm.<\/span><\/p>\n<h3><span style=\"font-size: 14pt;\">B\u01b0\u1edbc 3:<\/span><\/h3>\n<p><span style=\"font-size: 14pt;\">Nguy\u00ean t\u1eafc c\u1eaft thanh nh\u00f4m \u0111\u1ecbnh h\u00ecnh theo nguy\u00ean t\u1eafc ng\u01b0\u1ee3c nhau v\u1ec1 m\u1eaft. N\u1ebfu \u0111\u1ec3 m\u1eaft l\u1ebb b\u00ean tr\u00ean th\u00ec b\u00ean d\u01b0\u1edbi 2 m\u1eaft li\u1ec1n nhau ph\u1ea3i l\u00e0 ch\u1eb5n v\u00e0 ng\u01b0\u1ee3c l\u1ea1i. N\u1ebfu b\u00ean tr\u00ean l\u00e0 m\u1eaft \u0111\u00f4i th\u00ec b\u00ean d\u01b0\u1edbi l\u00e0 m\u1eaft \u0111\u01a1n ch\u00fang t\u00f4i ph\u1ea3i l\u01b0u \u00fd ch\u1ed7 n\u00e0y. R\u1ea5t nhi\u1ec1u ng\u01b0\u1eddi b\u1ecb v\u01b0\u1edbng \u1edf ch\u1ed7 n\u00e0y n\u00ean ch\u00fang t\u00f4i ph\u1ea3i h\u01b0\u1edbng d\u1eabn k\u1ef9 l\u01b0\u1ee1ng \u1edf \u0111i\u1ec3m n\u00e0y.<\/span><\/p>\n<p><span style=\"font-size: 14pt;\">B\u01b0\u1edbc 4: Khi \u0111\u00e3 c\u1ed1 \u0111\u1ecbnh \u0111\u01b0\u1ee3c\u00a0<strong>thanh nh\u00f4m \u0111\u1ecbnh h\u00ecnh<\/strong>\u00a0ch\u00fang ta s\u1ebd chuy\u1ec3n b\u01b0\u1edbc ti\u1ebfp theo. \u0110\u00f3 l\u00e0 c\u0103ng k\u00e9o d\u00e2y sao cho c\u0103ng \u0111\u1ec1u \u0111\u1ec3 \u0111\u1ea3m b\u1ea3o \u0111\u1ed9 an to\u00e0n c\u1ea7n thi\u1ebft cho ban c\u00f4ng. C\u00e1ch c\u0103ng\u00a0<strong>l\u01b0\u1edbi ban c\u00f4ng<\/strong>\u00a0nh\u01b0 sau: c\u1ed1 \u0111\u1ecbnh 2 \u0111\u1ea7u d\u00e2y \u0111\u1ea7u v\u00e0 cu\u1ed1i,k\u00e9o d\u1ed3n d\u00e2y \u0111\u1ea7u \u0111\u1ebfn d\u00e2y cu\u1ed1i c\u1ed1 \u0111\u1ecbnh t\u1ea1m th\u1eddi d\u00e2y cu\u1ed1i v\u00e0 l\u1eb7p \u0111i l\u1eafp l\u1ea1i \u0111\u1ebfn khi d\u00e2y c\u0103ng v\u1eeba \u0111\u1ee7 th\u00ec ti\u1ebfn h\u00e0nh c\u1ed9t ch\u1eb7t l\u1ea1i\u00a0<\/span><\/p>\n<p><span style=\"font-size: 14pt;\">B\u01b0\u1edbc 5: L\u1eafp \u1ed1p n\u1eb9p v\u00e0 ho\u00e0n thi\u1ec7n c\u00e1c c\u00f4ng \u0111o\u1ea1n c\u00f2n l\u1ea1i. Trong \u0111\u00f3 c\u00f3 k\u1eb9o ch\u00ec ch\u1eef th\u1eadp \u0111\u1ec3 ch\u1ed1ng v\u1ea1ch l\u00e0 kh\u00e2u v\u00f4 c\u00f9ng quan tr\u1ecdng. V\u00ec n\u00f3 l\u00e0 c\u00e1ch b\u1ea3o v\u1ec7 ban c\u00f4ng cu\u1ed1i c\u00f9ng \u0111\u1ec3 ng\u0103n ng\u1eeba nh\u1eefng tai n\u1ea1n.<\/span><\/p>\n<p><span style=\"font-size: 14pt;\">Tham kh\u1ea3o th\u00eam:\u00a0<a href=\"https:\/\/remcuaquangninh.com.vn\/san-pham\/cap-tang-do-cau-thang-ha-long\/\" rel=\"noopener\"><em>C\u00e1p t\u0103ng \u0111\u01a1 c\u1ea7u thang t\u1ea1i Qu\u1ea3ng Ninh<\/em><\/a><\/span><\/p>\n<h2>3. V\u00ec sao c\u1ea7n l\u1eafp l\u01b0\u1edbi an to\u00e0n chung c\u01b0 b\u1ea3o v\u1ec7 ban c\u00f4ng?<\/h2>\n<h3>3.1 L\u01b0\u1edbi an to\u00e0n ban c\u00f4ng s\u1ebd b\u1ea3o v\u1ec7 an to\u00e0n cho gia \u0111\u00ecnh v\u00e0 tr\u1ebb nh\u1ecf.<\/h3>\n<p>D\u00e2n s\u1ed1 ng\u00e0y c\u00e0ng t\u0103ng m\u00e0 di\u1ec7n t\u00edch \u0111\u1ea5t ng\u00e0y c\u00e0ng b\u1ecb thu h\u1eb9p. L\u1ef1a ch\u1ecdn s\u1ed1ng \u1edf chung c\u01b0 l\u00e0 gi\u1ea3i ph\u00e1p t\u1ed1t nh\u1ea5t hi\u1ec7n nay. V\u1edbi gia \u0111\u00ecnh c\u00f3 tr\u1ebb d\u01b0\u1edbi 5 tu\u1ed5i hay leo tr\u00e8o, trong khi ban c\u00f4ng l\u1ea1i th\u1ea5p d\u1eabn \u0111\u1ebfn d\u1ec5 b\u1ecb tai n\u1ea1n. Cho n\u00ean l\u1eafp \u0111\u1eb7t l\u01b0\u1edbi an to\u00e0n cho ban c\u00f4ng l\u00e0 bi\u1ec7n ph\u00e1p an to\u00e0n v\u00e0 h\u1eefu hi\u1ec7u nh\u1ea5t. L\u01b0\u1edbi an to\u00e0n s\u1ebd l\u00e0 l\u1edbp r\u00e0o ch\u1eafn b\u1ea3o v\u1ec7 an to\u00e0n cho m\u1ecdi ng\u01b0\u1eddi nh\u1ea5t l\u00e0 tr\u1ebb nh\u1ecf.<\/p>\n<h3>3.2 L\u01b0\u1edbi an to\u00e0n s\u1ebd t\u1ea1o kh\u00f4ng gian tho\u00e1ng m\u00e1t cho ban c\u00f4ng chung c\u01b0.<\/h3>\n<p>D\u00e2y c\u00e1p l\u01b0\u1edbi an to\u00e0n \u0111\u01b0\u1ee3c b\u1ecdc nh\u1ef1a trong su\u1ed1t, n\u00ean h\u1ec7 th\u1ed1ng l\u01b0\u1edbi b\u1ea3o v\u1ec7 c\u00f2n \u0111\u01b0\u1ee3c g\u1ecdi l\u00e0 l\u01b0\u1edbi t\u00e0ng h\u00ecnh. B\u1edfi ngo\u00e0i t\u1ea7m nh\u00ecn 15 m\u00e9t s\u1ebd kh\u00f4ng th\u1ec3 th\u1ea5y \u0111\u01b0\u1ee3c h\u1ec7 th\u1ed1ng l\u01b0\u1edbi b\u1ea3o v\u1ec7 n\u00e0y.<\/p>\n<p>S\u1eed d\u1ee5ng l\u01b0\u1edbi an to\u00e0n chung c\u01b0 b\u1ea3o v\u1ec7 ban c\u00f4ng v\u1eeba c\u00f3 t\u00e1c d\u1ee5ng b\u1ea3o v\u1ec7 an to\u00e0n m\u00e0 v\u1eabn gi\u1eef \u0111\u01b0\u1ee3c nguy\u00ean kh\u00f4ng gian tho\u00e1ng m\u00e1t \u0111\u1ec3 tr\u1ebb c\u00f3 th\u1ec3 n\u00f4 \u0111\u00f9a m\u00e0 kh\u00f4ng lo b\u1ecb t\u00e9\/ng\u00e3.<\/p>\n<h3>3.3 Tr\u00e1nh r\u01a1i m\u1ea5t \u0111\u1ed3 khi l\u1eafp l\u01b0\u1edbi an to\u00e0n ngo\u00e0i ban c\u00f4ng chung c\u01b0<\/h3>\n<p>Vi\u1ec7c bao b\u1ecdc ban c\u00f4ng chung c\u01b0 nh\u01b0 v\u1eady c\u00f2n tr\u00e1nh gi\u00f3 bay m\u1ea5t \u0111\u1ed3 ho\u1eb7c r\u01a1i \u0111\u1ed3 g\u00e2y \u1ea3nh h\u01b0\u1edfng \u0111\u1ebfn s\u1ee9c kh\u1ecfe ho\u1eb7c t\u00ednh m\u1ea1ng c\u1ee7a nh\u1eefng ng\u01b0\u1eddi \u1edf ph\u00eda d\u01b0\u1edbi.<\/p>\n<h3>3.4 T\u0103ng kh\u1ea3 n\u0103ng ch\u1ed1ng tr\u1ed9m khi l\u1eafp l\u01b0\u1edbi an to\u00e0n chung c\u01b0<\/h3>\n<p>L\u01b0\u1edbi an to\u00e0n chung c\u00f3 th\u1ec3 t\u00edch h\u1ee3p g\u1eafn b\u1ed9 c\u1ea3m bi\u1ebfn b\u00e1o \u0111\u1ed9ng ch\u1ed1ng tr\u1ed9m t\u1ed1t. Kh\u00f4ng cho k\u1ebb x\u1ea5u c\u00f3 m\u01b0u \u0111\u1ed3 x\u00e2m nh\u1eadp v\u00e0o nh\u00e0 b\u1ea1n, ch\u1eb7n \u0111\u1ee9ng tr\u1ed9m c\u1eafp ngay t\u1eeb khu v\u1ef1c ban c\u00f4ng.<\/p>\n<h2><strong>4. H\u00ecnh \u1ea3nh thi c\u00f4ng l\u1eafp l\u01b0\u1edbi c\u00e1p an to\u00e0n M\u00f3ng C\u00e1i<\/strong><\/h2>\n<p><img loading=\"lazy\" decoding=\"async\" class=\"wp-image-1038 size-full aligncenter\" src=\"https:\/\/i1.wp.com\/remchelangson.com.vn\/wp-content\/uploads\/2023\/09\/lap-luoi-an-toan-ban-cong-truong-hoc-mong-cai-quang-ninh-1.jpg?resize=650%2C750&#038;ssl=1\" alt=\"luoi-cap-an-toan-ban-cong-cau-thang-mong-cai\" width=\"650\" height=\"750\" title=\"\" srcset=\"https:\/\/i1.wp.com\/remchelangson.com.vn\/wp-content\/uploads\/2023\/09\/lap-luoi-an-toan-ban-cong-truong-hoc-mong-cai-quang-ninh-1.jpg?w=650&amp;ssl=1 650w, https:\/\/i1.wp.com\/remchelangson.com.vn\/wp-content\/uploads\/2023\/09\/lap-luoi-an-toan-ban-cong-truong-hoc-mong-cai-quang-ninh-1.jpg?resize=260%2C300&amp;ssl=1 260w, https:\/\/i1.wp.com\/remchelangson.com.vn\/wp-content\/uploads\/2023\/09\/lap-luoi-an-toan-ban-cong-truong-hoc-mong-cai-quang-ninh-1.jpg?resize=173%2C200&amp;ssl=1 173w, https:\/\/i1.wp.com\/remchelangson.com.vn\/wp-content\/uploads\/2023\/09\/lap-luoi-an-toan-ban-cong-truong-hoc-mong-cai-quang-ninh-1.jpg?resize=600%2C692&amp;ssl=1 600w\" sizes=\"auto, (max-width: 650px) 100vw, 650px\" data-recalc-dims=\"1\" \/><\/p>\n<p style=\"text-align: center;\">Thi c\u00f4ng l\u01b0\u1edbi c\u00e1p an to\u00e0n M\u00f3ng C\u00e1i Qu\u1ea3ng Ninh<\/p>\n<p><img loading=\"lazy\" decoding=\"async\" class=\"wp-image-1039 size-full aligncenter\" src=\"https:\/\/i1.wp.com\/remchelangson.com.vn\/wp-content\/uploads\/2023\/09\/thi-cong-lam-luoi-an-toan-ban-cong-cau-thang-mong-cai-quang-ninh.jpg?resize=650%2C630&#038;ssl=1\" alt=\"Thi c\u00f4ng l\u01b0\u1edbi c\u00e1p an to\u00e0n M\u00f3ng C\u00e1i Qu\u1ea3ng Ninh\" width=\"650\" height=\"630\" title=\"\" srcset=\"https:\/\/i1.wp.com\/remchelangson.com.vn\/wp-content\/uploads\/2023\/09\/thi-cong-lam-luoi-an-toan-ban-cong-cau-thang-mong-cai-quang-ninh.jpg?w=650&amp;ssl=1 650w, https:\/\/i1.wp.com\/remchelangson.com.vn\/wp-content\/uploads\/2023\/09\/thi-cong-lam-luoi-an-toan-ban-cong-cau-thang-mong-cai-quang-ninh.jpg?resize=300%2C291&amp;ssl=1 300w, https:\/\/i1.wp.com\/remchelangson.com.vn\/wp-content\/uploads\/2023\/09\/thi-cong-lam-luoi-an-toan-ban-cong-cau-thang-mong-cai-quang-ninh.jpg?resize=200%2C194&amp;ssl=1 200w, https:\/\/i1.wp.com\/remchelangson.com.vn\/wp-content\/uploads\/2023\/09\/thi-cong-lam-luoi-an-toan-ban-cong-cau-thang-mong-cai-quang-ninh.jpg?resize=600%2C582&amp;ssl=1 600w\" sizes=\"auto, (max-width: 650px) 100vw, 650px\" data-recalc-dims=\"1\" \/><\/p>\n<p style=\"text-align: center;\">Thi c\u00f4ng l\u01b0\u1edbi c\u00e1p an to\u00e0n M\u00f3ng C\u00e1i Qu\u1ea3ng Ninh<\/p>\n<p><span style=\"font-size: 18pt;\"><strong>C\u1ea3m \u01a1n qu\u00fd kh\u00e1ch \u0111\u00e3 tham kh\u1ea3o s\u1ea3n ph\u1ea9m c\u1ee7a ch\u00fang t\u00f4i.<\/strong><\/span><\/p>\n<p><span style=\"font-size: 18pt;\"><strong>M\u1ecdi chi ti\u1ebft c\u1ea7n l\u1eafp \u0111\u1eb7t hay t\u01b0 v\u1ea5n l\u1eafp \u0111\u1eb7t xin vui l\u00f2ng li\u00ean h\u1ec7: 0962.212.060<\/strong><\/span><\/p>\n<p><span style=\"font-size: 14pt;\">Https:www.remchelangson.com.vn<\/span><\/p>\n<p><span style=\"font-size: 14pt;\">Qu\u00fd kh\u00e1ch tham kh\u1ea3o th\u00eam:<\/span><\/p>\n<ul>\n<li><span style=\"font-size: 14pt;\"><a href=\"https:\/\/remchelangson.com.vn\/?product=luoi-an-toan-ban-cong-cau-thang\">L\u01b0\u1edbi an to\u00e0n ban c\u00f4ng c\u1ea7u thang l\u00e0 g\u00ec?<\/a><\/span><\/li>\n<\/ul>\n","protected":false},"excerpt":{"rendered":"<h1><strong>L\u01af\u1edaI C\u00c1P AN TO\u00c0N M\u00d3NG C\u00c1I QU\u1ea2NG NINH<\/strong><\/h1>\n<h2 class=\"has-vivid-cyan-blue-color has-text-color wp-block-heading\"><strong>\u0110\u01a1n v\u1ecb chuy\u00ean cung c\u1ea5p thi c\u00f4ng l\u1eafp \u0111\u1eb7t t\u1ea1i Qu\u1ea3ng Ninh:<\/strong><\/h2>\n<ul>\n<li><span style=\"font-size: 14pt;\">Thi c\u00f4ng Gi\u00e0n ph\u01a1i qu\u1ea7n \u00e1o\u00a0<\/span><\/li>\n<li><span style=\"font-size: 14pt;\">L\u01b0\u1edbi an to\u00e0n ban c\u00f4ng, c\u1ea7u thang<\/span><\/li>\n<li><span style=\"font-size: 14pt;\"><a href=\"https:\/\/remchelangson.com.vn\/?product_cat=cua-luoi-chong-muoi\">C\u1eeda l\u01b0\u1edbi ch\u1ed1ng mu\u1ed7i, c\u00f4n tr\u00f9ng<\/a><\/span><\/li>\n<li><span style=\"font-size: 14pt;\">B\u1ea1t che n\u1eafng m\u01b0a t\u1ef1 cu\u1ed1n, b\u1ea1t m\u00e1i hi\u00ean, m\u00e1i x\u1ebfp, b\u1ea1t quay tay<\/span><\/li>\n<li><span style=\"font-size: 14pt;\">M\u00e0nh r\u00e8m: R\u00e8m g\u1ed7, r\u00e8m c\u1ea7u v\u1ed3ng, r\u00e8m cu\u1ed1n v\u0103n ph\u00f2ng, r\u00e8m s\u00e1o nh\u00f4m\u2026<\/span><\/li>\n<li><span style=\"font-size: 14pt;\">M\u00e0nh tre tr\u00fac<\/span><\/li>\n<li><span style=\"font-size: 14pt;\">S\u00e0n nh\u1ef1a, s\u00e0n g\u1ed7<\/span><\/li>\n<li><span style=\"font-size: 14pt;\">\u00d4 d\u00f9 che n\u1eafng m\u01b0a l\u1ec7ch t\u00e2m<\/span><\/li>\n<\/ul>\n","protected":false},"featured_media":1039,"comment_status":"open","ping_status":"closed","template":"","meta":{"spay_email":""},"product_cat":[19],"product_tag":[],"class_list":{"0":"post-1034","1":"product","2":"type-product","3":"status-publish","4":"has-post-thumbnail","6":"product_cat-luoi-an-toan","8":"first","9":"instock","10":"shipping-taxable","11":"product-type-simple"},"jetpack-related-posts":[{"id":460,"url":"https:\/\/remchelangson.com.vn\/?product=thi-cong-luoi-an-toan-tai-van-don-quang-ninh","url_meta":{"origin":1034,"position":0},"title":"THI C\u00d4NG L\u01af\u1edaI AN TO\u00c0N T\u1ea0I V\u00c2N \u0110\u1ed2N","date":"7 Th\u00e1ng m\u01b0\u1eddi m\u1ed9t, 2021","format":false,"excerpt":"R\u00c8M C\u1eecA LINH NG\u00c2N \u2013 \u0110\u01a1n v\u1ecb chuy\u00ean cung c\u1ea5p thi c\u00f4ng l\u01b0\u1edbi an to\u00e0n t\u1ea1i V\u00e2n \u0110\u1ed3n Qu\u1ea3ng Ninh. R\u00c8M C\u1eecA LINH NG\u00c2N CHUY\u00caN: Gi\u00e0n ph\u01a1i qu\u1ea7n \u00e1o th\u00f4ng minh L\u01b0\u1edbi an to\u00e0n ban c\u00f4ng, c\u1ea7u thang C\u1eeda l\u01b0\u1edbi ch\u1ed1ng mu\u1ed7i, c\u00f4n tr\u00f9ng B\u1ea1t che n\u1eafng m\u01b0a t\u1ef1 cu\u1ed1n,\u2026","rel":"","context":"Similar post","img":{"alt_text":"","src":"https:\/\/i2.wp.com\/remchelangson.com.vn\/wp-content\/uploads\/2021\/11\/lap-luoi-an-toan-ban-cong-cau-thang-tai-van-don-quang-ninh-1.jpg?fit=600%2C600&ssl=1&resize=350%2C200","width":350,"height":200},"classes":[]},{"id":741,"url":"https:\/\/remchelangson.com.vn\/?product=lap-luoi-an-toan-nha-truong-hoc-mong-cai","url_meta":{"origin":1034,"position":1},"title":"L\u1eaeP L\u01af\u1edaI AN TO\u00c0N NH\u00c0 TR\u01af\u1edcNG H\u1eccC M\u00d3NG C\u00c1I","date":"29 Th\u00e1ng 3, 2022","format":false,"excerpt":"L\u1eaeP L\u01af\u1edaI AN TO\u00c0N NH\u00c0 TR\u01af\u1edcNG H\u1eccC M\u00d3NG C\u00c1I Chuy\u00ean cung c\u1ea5p thi c\u00f4ng, l\u00e0m l\u01b0\u1edbi an to\u00e0n ban c\u00f4ng, c\u1ea7u thang uy t\u00edn, b\u1ec1n, gi\u00e1 r\u1ebb t\u1ea1i M\u00f3ng C\u00e1i Qu\u1ea3ng Ninh. R\u00e8m che Lang Son - \u0110\u01a1n v\u1ecb l\u1eafp l\u01b0\u1edbi an to\u00e0n tr\u1ebb em M\u00f3ng C\u00e1i Qu\u1ea3ng Ninh v\u00e0\u2026","rel":"","context":"Similar post","img":{"alt_text":"","src":"https:\/\/i0.wp.com\/remchelangson.com.vn\/wp-content\/uploads\/2022\/03\/luoi-an-toan-ban-cong-cau-thang-cua-so-tai-mong-cai-quang-ninh.jpg?fit=700%2C700&ssl=1&resize=350%2C200","width":350,"height":200},"classes":[]},{"id":672,"url":"https:\/\/remchelangson.com.vn\/?product=gian-phoi-quan-ao-thong-minh-o-cam-pha","url_meta":{"origin":1034,"position":2},"title":"GI\u00c0N PH\u01a0I QU\u1ea6N \u00c1O TH\u00d4NG MINH \u1ede C\u1ea8M PH\u1ea2","date":"22 Th\u00e1ng 3, 2022","format":false,"excerpt":"GI\u00c0N PH\u01a0I QU\u1ea6N \u00c1O TH\u00d4NG MINH \u1ede C\u1ea8M PH\u1ea2 R\u00e8m che Lang S\u01a1n chuy\u00ean cung c\u1ea5p thi c\u00f4ng, l\u1eafp \u0111\u1eb7t gi\u00e0n ph\u01a1i qu\u1ea7n \u00e1o th\u00f4ng minh \u1edf C\u1ea9m Ph\u1ea3 Qu\u1ea3ng Ninh. Ngo\u00e0i ra, ch\u00fang t\u00f4i c\u00f2n thi c\u00f4ng, l\u1eafp \u0111\u1eb7t c\u00e1c lo\u1ea1i s\u1ea3n ph\u1ea9m kh\u00e1c nh\u01b0:\u00a0 L\u01b0\u1edbi an to\u00e0n ban\u2026","rel":"","context":"Similar post","img":{"alt_text":"","src":"https:\/\/i1.wp.com\/remchelangson.com.vn\/wp-content\/uploads\/2022\/03\/don-vi-lap-gian-phoi-quan-ao-thong-minh-tai-cam-pha-quang-ninh.jpg?fit=700%2C800&ssl=1&resize=350%2C200","width":350,"height":200},"classes":[]},{"id":554,"url":"https:\/\/remchelangson.com.vn\/?product=bat-che-nang-mua-tu-cuon-cam-pha","url_meta":{"origin":1034,"position":3},"title":"B\u1ea0T CHE N\u1eaeNG M\u01afA T\u1ef0 CU\u1ed0N C\u1ea8M PH\u1ea2","date":"21 Th\u00e1ng 12, 2021","format":false,"excerpt":"L\u1eaeP B\u1ea0T CHE N\u1eaeNG M\u01afA T\u1ef0 CU\u1ed0N C\u1ea8M PH\u1ea2 C\u00f4ng ty TNHH Tr\u01b0\u1eddng Th\u00e0nh 68 \u2013 Chuy\u00ean cung c\u1ea5p, thi c\u00f4ng: b\u1ea1t che n\u1eafng m\u01b0a t\u1ef1 cu\u1ed1n C\u1ea9m Ph\u1ea3 v\u00e0 c\u00e1c khu v\u1ef1c l\u00e2n c\u1eadn t\u1ea1i Qu\u1ea3ng Ninh nh\u01b0 H\u1ea1 Long, V\u00e2n \u0110\u1ed3n, Ti\u00ean Y\u00ean, Ba Ch\u1ebd, U\u00f4ng B\u00ed, Qu\u1ea3ng\u2026","rel":"","context":"Similar post","img":{"alt_text":"","src":"https:\/\/i2.wp.com\/remchelangson.com.vn\/wp-content\/uploads\/2021\/12\/bat-che-tu-cuon-cam-pha-quang-ninh.jpg?fit=600%2C600&ssl=1&resize=350%2C200","width":350,"height":200},"classes":[]},{"id":652,"url":"https:\/\/remchelangson.com.vn\/?product=lap-rem-cau-vong-han-quoc-tai-ha-long","url_meta":{"origin":1034,"position":4},"title":"L\u1eaeP R\u00c8M C\u1ea6U V\u1ed2NG H\u00c0N QU\u1ed0C T\u1ea0I H\u1ea0 LONG","date":"19 Th\u00e1ng 2, 2022","format":false,"excerpt":"Chuy\u00ean thi c\u00f4ng cung c\u1ea5p l\u1eafp \u0111\u1eb7t: Gi\u00e0n ph\u01a1i qu\u1ea7n \u00e1o th\u00f4ng minh H\u00f2a Ph\u00e1t L\u01b0\u1edbi an to\u00e0n ban c\u00f4ng, c\u1ea7u thang B\u1ea1t che n\u1eafng m\u01b0a t\u1ef1 cu\u1ed1n, b\u1ea1t m\u00e1i hi\u00ean, b\u1ea1t x\u1ebfp\u2026. M\u00e0nh r\u00e8m: R\u00e8m c\u1ea7u v\u1ed3ng, r\u00e8m g\u1ed7, r\u00e8m cu\u1ed1n v\u0103n ph\u00f2ng, r\u00e8m s\u00e1o nh\u00f4m\u2026 C\u1eeda l\u01b0\u1edbi ch\u1ed1ng\u2026","rel":"","context":"Similar post","img":{"alt_text":"","src":"https:\/\/i1.wp.com\/remchelangson.com.vn\/wp-content\/uploads\/2022\/02\/cung-cap-thi-cong-rem-cau-vong-han-quoc-tai-ha-long-quang-ninh.jpg?fit=700%2C700&ssl=1&resize=350%2C200","width":350,"height":200},"classes":[]},{"id":658,"url":"https:\/\/remchelangson.com.vn\/?product=thi-cong-rem-cau-vong-tai-van-don","url_meta":{"origin":1034,"position":5},"title":"THI C\u00d4NG R\u00c8M C\u1ea6U V\u1ed2NG T\u1ea0I V\u00c2N \u0110\u1ed2N","date":"19 Th\u00e1ng 2, 2022","format":false,"excerpt":"Chuy\u00ean thi c\u00f4ng cung c\u1ea5p l\u1eafp \u0111\u1eb7t: Gi\u00e0n ph\u01a1i qu\u1ea7n \u00e1o th\u00f4ng minh H\u00f2a Ph\u00e1t L\u01b0\u1edbi an to\u00e0n ban c\u00f4ng, c\u1ea7u thang B\u1ea1t che n\u1eafng m\u01b0a t\u1ef1 cu\u1ed1n, b\u1ea1t m\u00e1i hi\u00ean, b\u1ea1t x\u1ebfp\u2026. M\u00e0nh r\u00e8m: R\u00e8m c\u1ea7u v\u1ed3ng, r\u00e8m g\u1ed7, r\u00e8m cu\u1ed1n v\u0103n ph\u00f2ng, r\u00e8m s\u00e1o nh\u00f4m\u2026 C\u1eeda l\u01b0\u1edbi ch\u1ed1ng\u2026","rel":"","context":"Similar post","img":{"alt_text":"","src":"https:\/\/i2.wp.com\/remchelangson.com.vn\/wp-content\/uploads\/2022\/02\/em-cau-vong-van-don-quang-ninh.jpg?fit=700%2C700&ssl=1&resize=350%2C200","width":350,"height":200},"classes":[]}],"_links":{"self":[{"href":"https:\/\/remchelangson.com.vn\/index.php?rest_route=\/wp\/v2\/product\/1034","targetHints":{"allow":["GET"]}}],"collection":[{"href":"https:\/\/remchelangson.com.vn\/index.php?rest_route=\/wp\/v2\/product"}],"about":[{"href":"https:\/\/remchelangson.com.vn\/index.php?rest_route=\/wp\/v2\/types\/product"}],"replies":[{"embeddable":true,"href":"https:\/\/remchelangson.com.vn\/index.php?rest_route=%2Fwp%2Fv2%2Fcomments&post=1034"}],"version-history":[{"count":3,"href":"https:\/\/remchelangson.com.vn\/index.php?rest_route=\/wp\/v2\/product\/1034\/revisions"}],"predecessor-version":[{"id":1042,"href":"https:\/\/remchelangson.com.vn\/index.php?rest_route=\/wp\/v2\/product\/1034\/revisions\/1042"}],"wp:featuredmedia":[{"embeddable":true,"href":"https:\/\/remchelangson.com.vn\/index.php?rest_route=\/wp\/v2\/media\/1039"}],"wp:attachment":[{"href":"https:\/\/remchelangson.com.vn\/index.php?rest_route=%2Fwp%2Fv2%2Fmedia&parent=1034"}],"wp:term":[{"taxonomy":"product_cat","embeddable":true,"href":"https:\/\/remchelangson.com.vn\/index.php?rest_route=%2Fwp%2Fv2%2Fproduct_cat&post=1034"},{"taxonomy":"product_tag","embeddable":true,"href":"https:\/\/remchelangson.com.vn\/index.php?rest_route=%2Fwp%2Fv2%2Fproduct_tag&post=1034"}],"curies":[{"name":"wp","href":"https:\/\/api.w.org\/{rel}","templated":true}]}}