{"id":117,"date":"2021-10-11T14:33:39","date_gmt":"2021-10-11T14:33:39","guid":{"rendered":"https:\/\/remchelangson.com.vn\/?post_type=product&#038;p=117"},"modified":"2026-04-24T20:47:30","modified_gmt":"2026-04-24T20:47:30","slug":"gian-phoi-quan-ao-hoa-phat-h005","status":"publish","type":"product","link":"https:\/\/remchelangson.com.vn\/?product=gian-phoi-quan-ao-hoa-phat-h005","title":{"rendered":"6. GI\u00c0N PH\u01a0I QU\u1ea6N \u00c1O H\u00d2A PH\u00c1T H005"},"content":{"rendered":"<div id=\"ez-toc-container\" class=\"ez-toc-v2_0_62 counter-hierarchy ez-toc-counter ez-toc-grey ez-toc-container-direction\">\n<div class=\"ez-toc-title-container\"><p class=\"ez-toc-title\">N\u1ed9i dung b&agrave;i vi\u1ebft<\/p>\n<\/div><nav><ul class='ez-toc-list ez-toc-list-level-1 ' ><li class='ez-toc-page-1 ez-toc-heading-level-1'><a class=\"ez-toc-link ez-toc-heading-1\" href=\"https:\/\/remchelangson.com.vn\/?product=gian-phoi-quan-ao-hoa-phat-h005\/#6_GIAN_PHOI_QUAN_AO_HOA_PHAT_H005\" title=\"6. GI\u00c0N PH\u01a0I QU\u1ea6N \u00c1O H\u00d2A PH\u00c1T H005\">6. GI\u00c0N PH\u01a0I QU\u1ea6N \u00c1O H\u00d2A PH\u00c1T H005<\/a><ul class='ez-toc-list-level-2' ><li class='ez-toc-heading-level-2'><a class=\"ez-toc-link ez-toc-heading-2\" href=\"https:\/\/remchelangson.com.vn\/?product=gian-phoi-quan-ao-hoa-phat-h005\/#1_Thong_tin_san_pham_gian_phoi_quan_ao_Hoa_Phat_H005\" title=\"1. Th\u00f4ng tin s\u1ea3n ph\u1ea9m gi\u00e0n ph\u01a1i qu\u1ea7n \u00e1o H\u00f2a Ph\u00e1t H005\">1. Th\u00f4ng tin s\u1ea3n ph\u1ea9m gi\u00e0n ph\u01a1i qu\u1ea7n \u00e1o H\u00f2a Ph\u00e1t H005<\/a><\/li><li class='ez-toc-page-1 ez-toc-heading-level-2'><a class=\"ez-toc-link ez-toc-heading-3\" href=\"https:\/\/remchelangson.com.vn\/?product=gian-phoi-quan-ao-hoa-phat-h005\/#2_Cau_tao_gian_phoi_quan_ao_Hoa_Phat_H005\" title=\"2. C\u1ea5u t\u1ea1o gi\u00e0n ph\u01a1i qu\u1ea7n \u00e1o H\u00f2a Ph\u00e1t H005\">2. C\u1ea5u t\u1ea1o gi\u00e0n ph\u01a1i qu\u1ea7n \u00e1o H\u00f2a Ph\u00e1t H005<\/a><\/li><li class='ez-toc-page-1 ez-toc-heading-level-2'><a class=\"ez-toc-link ez-toc-heading-4\" href=\"https:\/\/remchelangson.com.vn\/?product=gian-phoi-quan-ao-hoa-phat-h005\/#3_DAC_DIEM_GIAN_PHOI_QUAN_AO_HOA_PHAT_H005\" title=\"3. \u0110\u1eb6C \u0110I\u1ec2M GI\u00c0N PH\u01a0I QU\u1ea6N \u00c1O H\u00d2A PH\u00c1T H005\">3. \u0110\u1eb6C \u0110I\u1ec2M GI\u00c0N PH\u01a0I QU\u1ea6N \u00c1O H\u00d2A PH\u00c1T H005<\/a><\/li><li class='ez-toc-page-1 ez-toc-heading-level-2'><a class=\"ez-toc-link ez-toc-heading-5\" href=\"https:\/\/remchelangson.com.vn\/?product=gian-phoi-quan-ao-hoa-phat-h005\/#4_CHE_DO_BAO_HANH_GIAN_PHOI_HOA_PHAT_H005\" title=\"4. CH\u1ebe \u0110\u1ed8 B\u1ea2O H\u00c0NH GI\u00c0N PH\u01a0I H\u00d2A PH\u00c1T H005\">4. CH\u1ebe \u0110\u1ed8 B\u1ea2O H\u00c0NH GI\u00c0N PH\u01a0I H\u00d2A PH\u00c1T H005<\/a><\/li><\/ul><\/li><\/ul><\/nav><\/div>\n<h1><span class=\"ez-toc-section\" id=\"6_GIAN_PHOI_QUAN_AO_HOA_PHAT_H005\"><\/span><span style=\"color: #000080; font-family: arial, helvetica, sans-serif;\">6. GI\u00c0N PH\u01a0I QU\u1ea6N \u00c1O H\u00d2A PH\u00c1T H005<\/span><span class=\"ez-toc-section-end\"><\/span><\/h1>\n<h2><span class=\"ez-toc-section\" id=\"1_Thong_tin_san_pham_gian_phoi_quan_ao_Hoa_Phat_H005\"><\/span><span style=\"color: #0000ff; font-family: arial, helvetica, sans-serif;\">1. Th\u00f4ng tin s\u1ea3n ph\u1ea9m gi\u00e0n ph\u01a1i qu\u1ea7n \u00e1o H\u00f2a Ph\u00e1t H005<\/span><span class=\"ez-toc-section-end\"><\/span><\/h2>\n<p><span style=\"font-family: arial, helvetica, sans-serif;\"><strong>\u2013 M\u00e3 s\u1ea3n ph\u1ea9m:<\/strong>\u00a0H005<\/span><br \/>\n<span style=\"font-family: arial, helvetica, sans-serif;\"><strong>\u2013 H\u00e3ng s\u1ea3n xu\u1ea5t:<\/strong>\u00a0H\u00f2a Ph\u00e1t<\/span><br \/>\n<span style=\"font-family: arial, helvetica, sans-serif;\"><strong>\u2013 Xu\u1ea5t x\u1ee9:<\/strong>\u00a0Vi\u1ec7t Nam<\/span><br \/>\n<span style=\"font-family: arial, helvetica, sans-serif;\"><strong>\u2013 N\u0103m s\u1ea3n xu\u1ea5t:<\/strong>\u00a02021<\/span><br \/>\n<span style=\"font-family: arial, helvetica, sans-serif;\"><strong>\u2013 M\u00e0u s\u1eafc:<\/strong>\u00a0R\u00eau C\u1ed5<\/span><br \/>\n<span style=\"font-family: arial, helvetica, sans-serif;\"><strong>\u2013 Tr\u1ecdng t\u1ea3i:<\/strong>\u00a070kg<\/span><br \/>\n<span style=\"font-family: arial, helvetica, sans-serif;\"><strong>\u2013 Ti\u1ec7n t\u00edch:<\/strong>\u00a0N\u00e2ng l\u00ean h\u1ea1 xu\u1ed1ng r\u1ec5 d\u00e0ng, ti\u1ebft ki\u1ec7m kh\u00f4ng gian, ph\u01a1i \u0111\u01b0\u1ee3c ch\u0103n ga g\u1ed1i \u0111\u1ec7m,ti\u1ec7n cho c\u1ea3 ng\u01b0\u1eddi gi\u00e0 v\u00e0 tr\u1ebb em<\/span><br \/>\n<span style=\"font-family: arial, helvetica, sans-serif;\"><strong>\u2013 V\u1ecb tr\u00ed l\u1eafp \u0111\u1eb7t:<\/strong>\u00a0Tr\u1ea7n b\u00ea t\u00f4ng, th\u1ea1ch cao, m\u00e1i nh\u1ef1a, m\u00e1i k\u00ednh, m\u00e1i t\u00f4n<\/span><br \/>\n<span style=\"font-family: arial, helvetica, sans-serif;\"><strong>\u2013 B\u1ea3o h\u00e0nh:<\/strong>\u00a0B\u1ea3o h\u00e0nh ch\u00ednh h\u00e3ng<\/span><\/p>\n<h2><span class=\"ez-toc-section\" id=\"2_Cau_tao_gian_phoi_quan_ao_Hoa_Phat_H005\"><\/span><span style=\"color: #0000ff; font-family: arial, helvetica, sans-serif;\">2. C\u1ea5u t\u1ea1o <a href=\"http:\/\/www.tienichthongminh.com.vn\/gian-phoi-dien-dieu-khien-tu-xa-gtl-8018_n125.html\" rel=\"noopener\">gi\u00e0n ph\u01a1i qu\u1ea7n \u00e1o H\u00f2a Ph\u00e1t H005<\/a><\/span><span class=\"ez-toc-section-end\"><\/span><\/h2>\n<p><span style=\"font-family: arial, helvetica, sans-serif;\">V\u1ecf b\u1ed9 t\u1eddi h\u00ecnh tr\u1ee5 k\u1ebft h\u1ee3p v\u1edbi \u0111\u1ebf b\u00e1m khoan b\u1eaft v\u00edt v\u00e0o t\u01b0\u1eddng c\u1ed1 \u0111\u1ecbnh. M\u1eb7t tr\u01b0\u1edbc v\u1ecf b\u1ed9 t\u1eddi \u0111\u01b0\u1ee3c thi\u1ebft k\u1ebf c\u00e1c hoa v\u0103n tinh t\u1ebf t\u1ea1o n\u00ean v\u1ebb \u0111\u1eb9p c\u1ed5 k\u00ednh v\u00e0 sang tr\u1ecdng. Tay quay d\u00e0i v\u00e0 ch\u1eafc ch\u1eafn gi\u00fap quay d\u1ec5 d\u00e0ng h\u01a1n. B\u00ean trong h\u1ed9p t\u1eddi l\u00e0 c\u00e1c tr\u1ee5c quay v\u00e0 b\u1ed9 h\u00e3m. S\u1ea3n ph\u1ea9m c\u00f3 2 ch\u1ebf \u0111\u1ed9 \u0111\u1ec3 \u0111i\u1ec1u khi\u1ec3n 2 thanh quay l\u00ean v\u00e0 h\u1ea1 xu\u1ed1ng \u0111\u1ed9c l\u1eadp.<\/span><\/p>\n<p><span style=\"font-family: arial, helvetica, sans-serif;\"><strong>Gi\u00e0n ph\u01a1i \u0111\u1ed3 th\u00f4ng minh H005<\/strong>\u00a0\u0111\u01b0\u1ee3c c\u1ea5u t\u1ea1o g\u1ed3m 5 b\u1ed9 ph\u1eadn ch\u00ednh:<\/span><\/p>\n<ul>\n<li><span style=\"font-family: arial, helvetica, sans-serif;\"><strong>B\u1ed9 t\u1eddi:\u00a0<\/strong>D\u00f9ng \u0111\u1ec3 \u0111i\u1ec1u khi\u1ec3n Thanh ph\u01a1i n\u00e2ng l\u00ean h\u1ea1 xu\u1ed1ng theo \u00fd mu\u1ed1n c\u1ee7a ng\u01b0\u1eddi s\u1eed d\u1ee5ng. gi\u00fap qu\u1ea7n \u00e1o c\u00f3 th\u1ec3 \u0111\u00f3n n\u1eafng gi\u00f3 \u1edf m\u1ecdi \u0111\u1ed9 cao v\u00e0 lu\u00f4n th\u01a1m m\u00e1t.<\/span><\/li>\n<\/ul>\n<p><span style=\"font-family: arial, helvetica, sans-serif;\"><img loading=\"lazy\" decoding=\"async\" class=\"wp-image-247 size-full aligncenter\" src=\"https:\/\/i2.wp.com\/remchelangson.com.vn\/wp-content\/uploads\/2021\/10\/gian-phoi-hoa-phat-star-h005-tai-quang-ninh.jpg?resize=600%2C600&#038;ssl=1\" alt=\"\" width=\"600\" height=\"600\" title=\"\" srcset=\"https:\/\/i2.wp.com\/remchelangson.com.vn\/wp-content\/uploads\/2021\/10\/gian-phoi-hoa-phat-star-h005-tai-quang-ninh.jpg?w=600&amp;ssl=1 600w, https:\/\/i2.wp.com\/remchelangson.com.vn\/wp-content\/uploads\/2021\/10\/gian-phoi-hoa-phat-star-h005-tai-quang-ninh.jpg?resize=300%2C300&amp;ssl=1 300w, https:\/\/i2.wp.com\/remchelangson.com.vn\/wp-content\/uploads\/2021\/10\/gian-phoi-hoa-phat-star-h005-tai-quang-ninh.jpg?resize=150%2C150&amp;ssl=1 150w, https:\/\/i2.wp.com\/remchelangson.com.vn\/wp-content\/uploads\/2021\/10\/gian-phoi-hoa-phat-star-h005-tai-quang-ninh.jpg?resize=200%2C200&amp;ssl=1 200w, https:\/\/i2.wp.com\/remchelangson.com.vn\/wp-content\/uploads\/2021\/10\/gian-phoi-hoa-phat-star-h005-tai-quang-ninh.jpg?resize=100%2C100&amp;ssl=1 100w\" sizes=\"auto, (max-width: 600px) 100vw, 600px\" data-recalc-dims=\"1\" \/><\/span><\/p>\n<p style=\"text-align: center;\"><span style=\"font-family: arial, helvetica, sans-serif;\">B\u1ed9 t\u1eddi gi\u00e0n ph\u01a1i th\u00f4ng minh H\u00f2a Ph\u00e1t H005<\/span><\/p>\n<ul>\n<li><span style=\"font-family: arial, helvetica, sans-serif;\"><strong>Thanh Ph\u01a1i: <\/strong>\u0110\u01b0\u1ee3c l\u00e0m t\u1eeb h\u1ee3p kim nh\u00f4m ch\u1ed1ng g\u1ec9 s\u00e9t \u0111\u01b0\u1ee3c CNC s\u1eb5n\u00a0l\u1ed7 treo m\u00f3c. Thanh d\u00e0i 2.2m b\u00ean ngo\u00e0i s\u01a1n ph\u1ee7 t\u0129nh \u0111i\u1ec7n cao c\u1ea5p. Thi\u1ebft k\u1ebf c\u1ea5u tr\u00fac h\u00ecnh tr\u1ee5 gi\u00fap ch\u1eafc kh\u1ecfe h\u01a1n. Ph\u1ee5 ki\u1ec7n\u00a0\u0111i k\u00e8m c\u1ee7a thanh c\u00f2n c\u00f3 c\u00e1c \u0111ai treo thanh v\u00e0 b\u1ecbt \u0111\u1ea7u thanh b\u1eb1ng nh\u1ef1a.<\/span><\/li>\n<\/ul>\n<p><span style=\"font-family: arial, helvetica, sans-serif;\"><img loading=\"lazy\" decoding=\"async\" class=\"wp-image-246 size-full aligncenter\" src=\"https:\/\/i2.wp.com\/remchelangson.com.vn\/wp-content\/uploads\/2021\/10\/gian-phoi-thong-minh-hoa-phat-h005.jpg?resize=600%2C599&#038;ssl=1\" alt=\"\" width=\"600\" height=\"599\" title=\"\" srcset=\"https:\/\/i2.wp.com\/remchelangson.com.vn\/wp-content\/uploads\/2021\/10\/gian-phoi-thong-minh-hoa-phat-h005.jpg?w=600&amp;ssl=1 600w, https:\/\/i2.wp.com\/remchelangson.com.vn\/wp-content\/uploads\/2021\/10\/gian-phoi-thong-minh-hoa-phat-h005.jpg?resize=300%2C300&amp;ssl=1 300w, https:\/\/i2.wp.com\/remchelangson.com.vn\/wp-content\/uploads\/2021\/10\/gian-phoi-thong-minh-hoa-phat-h005.jpg?resize=150%2C150&amp;ssl=1 150w, https:\/\/i2.wp.com\/remchelangson.com.vn\/wp-content\/uploads\/2021\/10\/gian-phoi-thong-minh-hoa-phat-h005.jpg?resize=200%2C200&amp;ssl=1 200w, https:\/\/i2.wp.com\/remchelangson.com.vn\/wp-content\/uploads\/2021\/10\/gian-phoi-thong-minh-hoa-phat-h005.jpg?resize=100%2C100&amp;ssl=1 100w\" sizes=\"auto, (max-width: 600px) 100vw, 600px\" data-recalc-dims=\"1\" \/><\/span><\/p>\n<p style=\"text-align: center;\"><span style=\"font-family: arial, helvetica, sans-serif;\"><em>Chuy\u00ean thi c\u00f4ng l\u1eafp \u0111\u1eb7t gi\u00e0n ph\u01a1i th\u00f4ng minh L\u1ea1ng S\u01a1n<\/em><\/span><\/p>\n<ul>\n<li><span style=\"font-family: arial, helvetica, sans-serif;\"><strong>D\u00e2y c\u00e1p:\u00a0<\/strong>C\u00e1p l\u1ee5a inox 304 kh\u00f4ng co d\u00e3n kh\u00f4ng r\u1ec9 kh\u00f4ng b\u00e0o m\u00f2n.<\/span><\/li>\n<li><span style=\"font-family: arial, helvetica, sans-serif;\"><strong>Puli chuy\u1ec3n\u00a0\u0111\u1ed9ng:\u00a0<\/strong>D\u1eabn h\u01b0\u1edbng\u00a0d\u00e2y c\u00e1p t\u1eeb b\u1ed9 t\u1eddi t\u1edbi thanh ph\u01a1i. C\u00e1c puly \u0111\u01b0\u1ee3c g\u1eafn tr\u00ean tr\u1ea7n gi\u00fap cho gi\u00e0n ph\u01a1i ho\u1ea1t \u0111\u1ed9ng nh\u1eb9 nh\u00e0ng v\u00e0 gi\u1ea3m s\u1ee9c n\u00e2ng.\u00a0Nguy\u00ean li\u1ec7u ch\u00ednh t\u1ea1o n\u00ean Puly l\u00e0 c\u00e1c v\u00f2ng bi b\u1eb1ng \u0111\u1ed3ng\u00a0v\u00e0 h\u1ee3p kim ch\u1ed1ng g\u1ec9 s\u00e9t.<\/span><\/li>\n<li><span style=\"font-family: arial, helvetica, sans-serif;\"><strong>B\u00e1t che linh ki\u1ec7n:\u00a0<\/strong>C\u1ea5u tr\u00fac h\u00ecnh tr\u00f2n, xung quanh c\u00f3 hoa v\u0103n tuy\u1ec7t \u0111\u1eb9p. B\u00e1t d\u00f9ng \u0111\u1ec3 che ph\u1ea7n Puly ph\u00eda tr\u00ean v\u00e0 mang \u0111\u1ebfn s\u1ef1 sang tr\u1ecdng v\u00e0 th\u1ea9m m\u1ef9 cao cho kh\u00f4ng gian l\u1eafp \u0111\u1eb7t.<\/span><\/li>\n<\/ul>\n<h2><span class=\"ez-toc-section\" id=\"3_DAC_DIEM_GIAN_PHOI_QUAN_AO_HOA_PHAT_H005\"><\/span><span style=\"color: #0000ff; font-family: arial, helvetica, sans-serif;\">3. <strong>\u0110\u1eb6C \u0110I\u1ec2M GI\u00c0N PH\u01a0I QU\u1ea6N \u00c1O H\u00d2A PH\u00c1T H005<\/strong><\/span><span class=\"ez-toc-section-end\"><\/span><\/h2>\n<ul>\n<li><span style=\"font-family: arial, helvetica, sans-serif;\">Thi\u1ebft k\u1ebf ki\u1ec3u d\u00e1ng \u0111\u1eb9p, si\u00eau b\u1ec1n, si\u00eau t\u1ea3i tr\u1ecdng, mang \u0111\u1ebfn v\u1ebb \u0111\u1eb9p v\u00e0 s\u1ef1 ti\u1ec7n \u00edch r\u1ea5t l\u1edbn cho ng\u00f4i nh\u00e0.<\/span><\/li>\n<li><span style=\"font-family: arial, helvetica, sans-serif;\">D\u1ec5 d\u00e0ng s\u1eed d\u1ee5ng &amp; an to\u00e0n \u0111\u1ed1i v\u1edbi c\u1ea3 ng\u01b0\u1eddi gi\u00e0 v\u00e0 tr\u1ebb nh\u1ecf.<\/span><\/li>\n<li><span style=\"font-family: arial, helvetica, sans-serif;\">Thi\u1ebft k\u1ebf linh ho\u1ea1t c\u00f3 th\u1ec3 \u0111i\u1ec1u khi\u1ec3n t\u1eebng thanh ph\u01a1i n\u00e2ng l\u00ean, h\u1ea1 xu\u1ed1ng \u0111\u1ed9c l\u1eadp gi\u00fap \u0111\u00f3n n\u1eafng hi\u1ec7u qu\u1ea3.<\/span><\/li>\n<li><span style=\"font-family: arial, helvetica, sans-serif;\">Thanh ph\u01a1i b\u1eb1ng nh\u00f4m t\u0129nh \u0111i\u1ec7n kh\u00f4ng b\u1ecb oxy h\u00f3a v\u00e0 \u0111\u01b0\u1ee3c t\u00edch h\u1ee3p c\u00e1c l\u1ed7 treo m\u00f3c c\u1ed1 \u0111\u1ecbnh gi\u00fap qu\u1ea7n \u00e1o kh\u00f4 \u0111\u1ec1u v\u00e0 kh\u00f4ng b\u1ecb gi\u00f3 cu\u1ed1n bay.<\/span><\/li>\n<li><span style=\"font-family: arial, helvetica, sans-serif;\">D\u00e2y c\u00e1p l\u1ee5a inox 316 ch\u1eafc ch\u1eafn, kh\u00f4ng g\u1ec9 s\u00e9t, ch\u1ecbu \u0111\u01b0\u1ee3c t\u1ea3i tr\u1ecdng cao.<\/span><\/li>\n<li><span style=\"font-family: arial, helvetica, sans-serif;\">C\u00f3 th\u1ec3 d\u1ec5 d\u00e0ng ph\u01a1i \u0111\u01b0\u1ee3c c\u1ea3 ch\u0103n ga v\u00e0 g\u1ed1i \u0111\u1ec7m.<\/span><\/li>\n<li><span style=\"font-family: arial, helvetica, sans-serif;\">\u0110\u1eb7c bi\u1ec7t t\u1ea3i tr\u1ecdng l\u1edbn l\u00ean t\u1edbi 70kg b\u1ea1n c\u00f3 th\u1ec3 ph\u01a1i ngay c\u1ea3 trong nh\u1eefng ng\u00e0y m\u01b0a m\u00e0 kh\u00f4ng s\u1ee3 t\u1ea3i tr\u1ecdng.<\/span><\/li>\n<\/ul>\n<p><span style=\"font-family: arial, helvetica, sans-serif;\"><img loading=\"lazy\" decoding=\"async\" class=\"wp-image-248 size-full aligncenter\" src=\"https:\/\/i1.wp.com\/remchelangson.com.vn\/wp-content\/uploads\/2021\/10\/gian-phoi-hoa-phat-star-h005-02.jpg?resize=600%2C600&#038;ssl=1\" alt=\"\" width=\"600\" height=\"600\" title=\"\" srcset=\"https:\/\/i1.wp.com\/remchelangson.com.vn\/wp-content\/uploads\/2021\/10\/gian-phoi-hoa-phat-star-h005-02.jpg?w=600&amp;ssl=1 600w, https:\/\/i1.wp.com\/remchelangson.com.vn\/wp-content\/uploads\/2021\/10\/gian-phoi-hoa-phat-star-h005-02.jpg?resize=300%2C300&amp;ssl=1 300w, https:\/\/i1.wp.com\/remchelangson.com.vn\/wp-content\/uploads\/2021\/10\/gian-phoi-hoa-phat-star-h005-02.jpg?resize=150%2C150&amp;ssl=1 150w, https:\/\/i1.wp.com\/remchelangson.com.vn\/wp-content\/uploads\/2021\/10\/gian-phoi-hoa-phat-star-h005-02.jpg?resize=200%2C200&amp;ssl=1 200w, https:\/\/i1.wp.com\/remchelangson.com.vn\/wp-content\/uploads\/2021\/10\/gian-phoi-hoa-phat-star-h005-02.jpg?resize=100%2C100&amp;ssl=1 100w\" sizes=\"auto, (max-width: 600px) 100vw, 600px\" data-recalc-dims=\"1\" \/><\/span><\/p>\n<p style=\"text-align: center;\"><span style=\"font-family: arial, helvetica, sans-serif;\"><em>C\u01a1 s\u1edf l\u1eafp gi\u00e0n ph\u01a1i qu\u1ea7n \u00e1o th\u00f4ng minh H005<\/em><\/span><\/p>\n<p><span style=\"font-family: arial, helvetica, sans-serif;\"><img loading=\"lazy\" decoding=\"async\" class=\"wp-image-249 size-full aligncenter\" src=\"https:\/\/i0.wp.com\/remchelangson.com.vn\/wp-content\/uploads\/2021\/10\/gian-phoi-hoa-phat-star-h005-tai-lang-son.jpg?resize=600%2C600&#038;ssl=1\" alt=\"\" width=\"600\" height=\"600\" title=\"\" srcset=\"https:\/\/i0.wp.com\/remchelangson.com.vn\/wp-content\/uploads\/2021\/10\/gian-phoi-hoa-phat-star-h005-tai-lang-son.jpg?w=600&amp;ssl=1 600w, https:\/\/i0.wp.com\/remchelangson.com.vn\/wp-content\/uploads\/2021\/10\/gian-phoi-hoa-phat-star-h005-tai-lang-son.jpg?resize=300%2C300&amp;ssl=1 300w, https:\/\/i0.wp.com\/remchelangson.com.vn\/wp-content\/uploads\/2021\/10\/gian-phoi-hoa-phat-star-h005-tai-lang-son.jpg?resize=150%2C150&amp;ssl=1 150w, https:\/\/i0.wp.com\/remchelangson.com.vn\/wp-content\/uploads\/2021\/10\/gian-phoi-hoa-phat-star-h005-tai-lang-son.jpg?resize=200%2C200&amp;ssl=1 200w, https:\/\/i0.wp.com\/remchelangson.com.vn\/wp-content\/uploads\/2021\/10\/gian-phoi-hoa-phat-star-h005-tai-lang-son.jpg?resize=100%2C100&amp;ssl=1 100w\" sizes=\"auto, (max-width: 600px) 100vw, 600px\" data-recalc-dims=\"1\" \/><\/span><\/p>\n<h2><span class=\"ez-toc-section\" id=\"4_CHE_DO_BAO_HANH_GIAN_PHOI_HOA_PHAT_H005\"><\/span><span style=\"color: #0000ff; font-family: arial, helvetica, sans-serif;\"><strong>4. CH\u1ebe \u0110\u1ed8 B\u1ea2O H\u00c0NH GI\u00c0N PH\u01a0I H\u00d2A PH\u00c1T H005<\/strong><\/span><span class=\"ez-toc-section-end\"><\/span><\/h2>\n<ul>\n<li><span style=\"font-family: arial, helvetica, sans-serif;\">Mi\u1ec5n ph\u00ed v\u1eadn chuy\u1ec3n cho m\u1ecdi kh\u00e1ch h\u00e0ng khi \u0111\u1eb7t h\u00e0ng qua website ho\u1eb7c hotline 0705.809.111.<\/span><\/li>\n<li><span style=\"font-family: arial, helvetica, sans-serif;\">S\u1ea3n ph\u1ea9m s\u1ebd \u0111\u01b0\u1ee3c \u0111\u1ed5i khi c\u00f3 l\u1ed7i ph\u00e1t sinh t\u1eeb nh\u00e0 s\u1ea3n xu\u1ea5t ho\u1eb7c \u0111\u01b0\u1ee3c ho\u00e0n ti\u1ec1n.<\/span><\/li>\n<li><span style=\"font-family: arial, helvetica, sans-serif;\">B\u1ea3o h\u00e0nh 02 n\u0103m.<\/span><\/li>\n<\/ul>\n<p><span style=\"color: #ff0000; font-size: 14pt; font-family: arial, helvetica, sans-serif;\"><strong>Xin c\u1ea3m \u01a1n qu\u00fd kh\u00e1ch \u0111\u00e3 tham kh\u1ea3o s\u1ea3n ph\u1ea9m c\u1ee7a ch\u00fang t\u00f4i.<\/strong><\/span><\/p>\n<p><span style=\"color: #ff0000; font-size: 14pt; font-family: arial, helvetica, sans-serif;\"><strong>M\u1ecdi chi ti\u1ebft vui l\u00f2ng li\u00ean h\u1ec7: 0962.212.060<\/strong><\/span><\/p>\n<p><span style=\"font-family: arial, helvetica, sans-serif;\">Tham kh\u1ea3o th\u00eam: <a href=\"https:\/\/remchelangson.com.vn\/?product=gian-phoi-quan-ao-hoa-phat-ks950\">Gi\u00e0n ph\u01a1i th\u00f4ng minh KS950<\/a><\/span><\/p>\n","protected":false},"excerpt":{"rendered":"<h1><span style=\"color: #000080;\">GI\u00c0N PH\u01a0I H\u00d2A PH\u00c1T H005<\/span><\/h1>\n<p>Chuy\u00ean cung c\u1ea5p thi c\u00f4ng gi\u00e0n ph\u01a1i qu\u1ea7n \u00e1o th\u00f4ng minh uy t\u00edn, gi\u00e1 r\u1ebb t\u1ea1i Th\u00e0nh ph\u1ed1 L\u1ea1ng S\u01a1n v\u00e0 c\u00e1c khu v\u1ef1c l\u00e2n c\u1eadn nh\u01b0 Chi L\u0103ng, \u0110\u00ecnh L\u1eadp, B\u1eb1ng M\u1ea1c, B\u1eafc S\u01a1n, B\u00ecnh Gia, Cao L\u1ed9c, \u0110i\u1ec1m He, L\u1ed9c B\u00ecnh, \u00d4n Ch\u00e2u, Tho\u00e1t L\u00e3ng, Tr\u00e0ng \u0110\u1ecbnh, V\u0103n Uy\u00ean&#8230;<\/p>\n","protected":false},"featured_media":246,"comment_status":"open","ping_status":"closed","template":"","meta":{"spay_email":""},"product_cat":[29],"product_tag":[],"class_list":{"0":"post-117","1":"product","2":"type-product","3":"status-publish","4":"has-post-thumbnail","6":"product_cat-gian-phoi-thong-minh","8":"first","9":"instock","10":"shipping-taxable","11":"purchasable","12":"product-type-simple"},"jetpack-related-posts":[{"id":145,"url":"https:\/\/remchelangson.com.vn\/?product=gian-phoi-quan-ao-thong-minh-s03","url_meta":{"origin":117,"position":0},"title":"4. GI\u00c0N PH\u01a0I QU\u1ea6N \u00c1O TH\u00d4NG MINH S03","date":"12 Th\u00e1ng 10, 2021","format":false,"excerpt":"GI\u00c0N PH\u01a0I QU\u1ea6N \u00c1O TH\u00d4NG MINH S03 + T\u00ean c\u1ee7a s\u1ea3n ph\u1ea9m: Gi\u00e0n ph\u01a1i th\u00f4ng minh H\u00f2a Ph\u00e1t S03 + M\u00e3 s\u1ea3n ph\u1ea9m: S03 - KS980 + T\u1ea3i tr\u1ecdng: 70kg + V\u1ec1 ch\u1ee7ng lo\u1ea1i: Gi\u00e0n ph\u01a1i tay quay li\u00ean t\u1ee5c","rel":"","context":"Similar post","img":{"alt_text":"","src":"https:\/\/i0.wp.com\/remchelangson.com.vn\/wp-content\/uploads\/2021\/10\/mau-gian-phoi-quan-ao-S03-tai-chi-lang-lang-son.jpg?fit=600%2C600&ssl=1&resize=350%2C200","width":350,"height":200},"classes":[]},{"id":157,"url":"https:\/\/remchelangson.com.vn\/?product=dai-ly-gian-phoi-tai-lang-son","url_meta":{"origin":117,"position":1},"title":"1 \u0110\u1ea0I L\u00dd GI\u00c0N PH\u01a0I T\u1ea0I L\u1ea0NG S\u01a0N","date":"14 Th\u00e1ng 10, 2021","format":false,"excerpt":"\u0110\u1ea0I L\u00dd GI\u00c0N PH\u01a0I TH\u00d4NG MINH T\u1ea0I L\u1ea0NG S\u01a0N \u0110\u01a1n v\u1ecb chuy\u00ean thi c\u00f4ng, cung c\u1ea5p gi\u00e0n ph\u01a1i qu\u1ea7n \u00e1o th\u00f4ng minh uy t\u00edn, b\u1ec1n r\u1ebb t\u1ea1i L\u1ea1ng S\u01a1n. Nh\u01b0 th\u00e0nh ph\u1ed1 L\u1ea1ng S\u01a1n, \u0110\u00ecnh L\u1eadp, \u00a0B\u1eb1ng M\u1ea1c, B\u1eafc S\u01a1n, B\u00ecnh Gia, Cao L\u1ed9c, \u0110i\u1ec1m He, L\u1ed9c B\u00ecnh, \u00d4n Ch\u00e2u,\u2026","rel":"","context":"Similar post","img":{"alt_text":"","src":"https:\/\/i0.wp.com\/remchelangson.com.vn\/wp-content\/uploads\/2021\/10\/dai-ly-gian-phoi-thong-minh-tai-lang-son-quang-ninh1.jpg?fit=600%2C600&ssl=1&resize=350%2C200","width":350,"height":200},"classes":[]},{"id":139,"url":"https:\/\/remchelangson.com.vn\/?product=gian-phoi-quan-ao-ks990","url_meta":{"origin":117,"position":2},"title":"5. GI\u00c0N PH\u01a0I QU\u1ea6N \u00c1O KS990","date":"12 Th\u00e1ng 10, 2021","format":false,"excerpt":"GI\u00c0N PH\u01a0I QU\u1ea6N \u00c1O KS990 Gi\u00e0n ph\u01a1i th\u00f4ng minh H\u00f2a Ph\u00e1t KS990 l\u00e0 d\u00f2ng s\u1ea3n ph\u1ea9m \u0111\u01b0\u1ee3c thi\u1ebft k\u1ebf \u0111\u1ea1t ti\u00eau chu\u1ea9n Ch\u00e2u \u00c2u. B\u1ed9 t\u1eddi s\u1eed d\u1ee5ng ch\u1ea5t li\u1ec7u inox cao c\u1ea5p s\u00e1ng b\u00f3ng, \u0111\u1ed9 b\u1ec1n cao, sang tr\u1ecdng v\u00e0 th\u1ea9m m\u1ef9. B\u00ean c\u1ea1nh \u0111\u00f3, c\u00f3 c\u01a1 th\u1ebf b\u1ed9\u2026","rel":"","context":"Similar post","img":{"alt_text":"","src":"https:\/\/i1.wp.com\/remchelangson.com.vn\/wp-content\/uploads\/2021\/10\/gian-phoi-thong-minh-hoa-phat-ks990.jpg?fit=600%2C600&ssl=1&resize=350%2C200","width":350,"height":200},"classes":[]},{"id":112,"url":"https:\/\/remchelangson.com.vn\/?product=gian-phoi-quan-ao-hoa-phat-ks950","url_meta":{"origin":117,"position":3},"title":"3. GI\u00c0N PH\u01a0I QU\u1ea6N \u00c1O H\u00d2A PH\u00c1T KS950","date":"11 Th\u00e1ng 10, 2021","format":false,"excerpt":"GI\u00c0N PH\u01a0I TH\u00d4NG MINH H\u00d2A PH\u00c1T KS950 \u0110\u01a1n v\u1ecb chuy\u00ean thi c\u00f4ng, l\u1eafp gi\u00e0n ph\u01a1i qu\u1ea7n \u00e1o th\u00f4ng minh uy t\u00edn, ch\u1ea5t l\u01b0\u1ee3ng t\u1ea1i L\u1ea1ng S\u01a1n, Qu\u1ea3ng Ninh.","rel":"","context":"Similar post","img":{"alt_text":"","src":"https:\/\/i0.wp.com\/remchelangson.com.vn\/wp-content\/uploads\/2021\/10\/gian-phoi-quan-ao-thong-minh-tai-lang-son-1.jpg?fit=600%2C600&ssl=1&resize=350%2C200","width":350,"height":200},"classes":[]},{"id":150,"url":"https:\/\/remchelangson.com.vn\/?product=gian-phoi-thong-minh-h006","url_meta":{"origin":117,"position":4},"title":"7. GI\u00c0N PH\u01a0I QU\u1ea6N \u00c1O TH\u00d4NG MINH H006","date":"13 Th\u00e1ng 10, 2021","format":false,"excerpt":"GI\u00c0N PH\u01a0I TH\u00d4NG MINH H006 Chuy\u00ean cung c\u1ea5p thi c\u00f4ng gi\u00e0n ph\u01a1i qu\u1ea7n \u00e1o th\u00f4ng minh t\u1ea1i L\u1ea1ng S\u01a1n nh\u01b0: Th\u00e0nh ph\u1ed1 L\u1ea1ng S\u01a1n. B\u00ecnh L\u1ed9c, \u0110\u00ecnh L\u1eadp, Chi L\u0103ng, ...","rel":"","context":"Similar post","img":{"alt_text":"","src":"https:\/\/i2.wp.com\/remchelangson.com.vn\/wp-content\/uploads\/2021\/10\/chuyen-lap-gian-phoi-thong-H006-tai-lang-son.jpg?fit=600%2C600&ssl=1&resize=350%2C200","width":350,"height":200},"classes":[]},{"id":774,"url":"https:\/\/remchelangson.com.vn\/?product=lap-gian-phoi-quan-ao-thong-minh-tai-lang-son","url_meta":{"origin":117,"position":5},"title":"L\u1eaeP GI\u00c0N PH\u01a0I QU\u1ea6N \u00c1O TH\u00d4NG MINH T\u1ea0I L\u1ea0NG S\u01a0N","date":"14 Th\u00e1ng 4, 2022","format":false,"excerpt":"L\u1eaeP GI\u00c0N PH\u01a0I QU\u1ea6N \u00c1O TH\u00d4NG MINH T\u1ea0I L\u1ea0NG S\u01a0N Chuy\u00ean cung c\u1ea5p thi c\u00f4ng, l\u1eafp gi\u00e0n ph\u01a1i qu\u1ea7n \u00e1o th\u00f4ng minh t\u1ea1i L\u1ea1ng S\u01a1n nh\u01b0: Th\u00e0nh ph\u1ed1 L\u1ea1ng S\u01a1n, Cao L\u1ed9c, Chi L\u0103ng, B\u00ecnh L\u1ed9c, V\u0103n L\u00e3ng, Tr\u00e0ng \u0110\u1ecbnh, H\u1eefu L\u0169ng, B\u1eafc S\u01a1n.","rel":"","context":"Similar post","img":{"alt_text":"","src":"https:\/\/i2.wp.com\/remchelangson.com.vn\/wp-content\/uploads\/2022\/04\/lap-gian-phoi-quan-ao-thong-minh-tai-lang-son.jpg?fit=700%2C700&ssl=1&resize=350%2C200","width":350,"height":200},"classes":[]}],"_links":{"self":[{"href":"https:\/\/remchelangson.com.vn\/index.php?rest_route=\/wp\/v2\/product\/117","targetHints":{"allow":["GET"]}}],"collection":[{"href":"https:\/\/remchelangson.com.vn\/index.php?rest_route=\/wp\/v2\/product"}],"about":[{"href":"https:\/\/remchelangson.com.vn\/index.php?rest_route=\/wp\/v2\/types\/product"}],"replies":[{"embeddable":true,"href":"https:\/\/remchelangson.com.vn\/index.php?rest_route=%2Fwp%2Fv2%2Fcomments&post=117"}],"version-history":[{"count":6,"href":"https:\/\/remchelangson.com.vn\/index.php?rest_route=\/wp\/v2\/product\/117\/revisions"}],"predecessor-version":[{"id":697,"href":"https:\/\/remchelangson.com.vn\/index.php?rest_route=\/wp\/v2\/product\/117\/revisions\/697"}],"wp:featuredmedia":[{"embeddable":true,"href":"https:\/\/remchelangson.com.vn\/index.php?rest_route=\/wp\/v2\/media\/246"}],"wp:attachment":[{"href":"https:\/\/remchelangson.com.vn\/index.php?rest_route=%2Fwp%2Fv2%2Fmedia&parent=117"}],"wp:term":[{"taxonomy":"product_cat","embeddable":true,"href":"https:\/\/remchelangson.com.vn\/index.php?rest_route=%2Fwp%2Fv2%2Fproduct_cat&post=117"},{"taxonomy":"product_tag","embeddable":true,"href":"https:\/\/remchelangson.com.vn\/index.php?rest_route=%2Fwp%2Fv2%2Fproduct_tag&post=117"}],"curies":[{"name":"wp","href":"https:\/\/api.w.org\/{rel}","templated":true}]}}