{"id":422,"date":"2021-11-07T02:46:48","date_gmt":"2021-11-07T02:46:48","guid":{"rendered":"https:\/\/remchelangson.com.vn\/?post_type=product&#038;p=422"},"modified":"2022-03-28T08:13:48","modified_gmt":"2022-03-28T08:13:48","slug":"lap-bat-mai-hien-di-dong-tai-ha-long-quang-ninh","status":"publish","type":"product","link":"https:\/\/remchelangson.com.vn\/?product=lap-bat-mai-hien-di-dong-tai-ha-long-quang-ninh","title":{"rendered":"L\u1eaeP B\u1ea0T M\u00c1I HI\u00caN DI \u0110\u1ed8NG T\u1ea0I H\u1ea0 LONG QU\u1ea2NG NINH"},"content":{"rendered":"<div id=\"ez-toc-container\" class=\"ez-toc-v2_0_62 counter-hierarchy ez-toc-counter ez-toc-grey ez-toc-container-direction\">\n<div class=\"ez-toc-title-container\"><p class=\"ez-toc-title\">N\u1ed9i dung b&agrave;i vi\u1ebft<\/p>\n<\/div><nav><ul class='ez-toc-list ez-toc-list-level-1 ' ><li class='ez-toc-page-1 ez-toc-heading-level-1'><a class=\"ez-toc-link ez-toc-heading-1\" href=\"https:\/\/remchelangson.com.vn\/?product=lap-bat-mai-hien-di-dong-tai-ha-long-quang-ninh\/#LAP_BAT_MAI_HIEN_DI_DONG_TAI_HA_LONG_QUANG_NINH\" title=\"L\u1eaeP B\u1ea0T M\u00c1I HI\u00caN DI \u0110\u1ed8NG T\u1ea0I H\u1ea0 LONG QU\u1ea2NG NINH\">L\u1eaeP B\u1ea0T M\u00c1I HI\u00caN DI \u0110\u1ed8NG T\u1ea0I H\u1ea0 LONG QU\u1ea2NG NINH<\/a><ul class='ez-toc-list-level-2' ><li class='ez-toc-heading-level-2'><a class=\"ez-toc-link ez-toc-heading-2\" href=\"https:\/\/remchelangson.com.vn\/?product=lap-bat-mai-hien-di-dong-tai-ha-long-quang-ninh\/#1_Nen_chon_bat_nao_tot_ben_dep_%E2%80%93_Lap_bat_mai_hien_di_dong_tai_Ha_Long_Quang_Ninh\" title=\"1. N\u00ean ch\u1ecdn b\u1ea1t n\u00e0o t\u1ed1t, b\u1ec1n \u0111\u1eb9p &#8211; L\u1eafp b\u1ea1t m\u00e1i hi\u00ean di \u0111\u1ed9ng t\u1ea1i H\u1ea1 Long Qu\u1ea3ng Ninh\">1. N\u00ean ch\u1ecdn b\u1ea1t n\u00e0o t\u1ed1t, b\u1ec1n \u0111\u1eb9p &#8211; L\u1eafp b\u1ea1t m\u00e1i hi\u00ean di \u0111\u1ed9ng t\u1ea1i H\u1ea1 Long Qu\u1ea3ng Ninh<\/a><ul class='ez-toc-list-level-3' ><li class='ez-toc-heading-level-3'><a class=\"ez-toc-link ez-toc-heading-3\" href=\"https:\/\/remchelangson.com.vn\/?product=lap-bat-mai-hien-di-dong-tai-ha-long-quang-ninh\/#%E2%80%93_Loai_thu_nhat_la_Vai_du\" title=\"\u2013 Lo\u1ea1i th\u1ee9 nh\u1ea5t l\u00e0 V\u1ea3i d\u00f9: \">\u2013 Lo\u1ea1i th\u1ee9 nh\u1ea5t l\u00e0 V\u1ea3i d\u00f9: <\/a><\/li><li class='ez-toc-page-1 ez-toc-heading-level-3'><a class=\"ez-toc-link ez-toc-heading-4\" href=\"https:\/\/remchelangson.com.vn\/?product=lap-bat-mai-hien-di-dong-tai-ha-long-quang-ninh\/#%E2%80%93_Loai_thu_hai_la_cac_loai_Vai_bat_che_nang\" title=\"\u2013 Lo\u1ea1i th\u1ee9 hai l\u00e0 c\u00e1c lo\u1ea1i V\u1ea3i b\u1ea1t che n\u1eafng: \">\u2013 Lo\u1ea1i th\u1ee9 hai l\u00e0 c\u00e1c lo\u1ea1i V\u1ea3i b\u1ea1t che n\u1eafng: <\/a><\/li><\/ul><\/li><li class='ez-toc-page-1 ez-toc-heading-level-2'><a class=\"ez-toc-link ez-toc-heading-5\" href=\"https:\/\/remchelangson.com.vn\/?product=lap-bat-mai-hien-di-dong-tai-ha-long-quang-ninh\/#2_Nhung_uu_diem_khi_su_dung_mai_hien_di_dong\" title=\"2. Nh\u1eefng \u01b0u \u0111i\u1ec3m khi s\u1eed d\u1ee5ng m\u00e1i hi\u00ean di \u0111\u1ed9ng.\">2. Nh\u1eefng \u01b0u \u0111i\u1ec3m khi s\u1eed d\u1ee5ng m\u00e1i hi\u00ean di \u0111\u1ed9ng.<\/a><\/li><li class='ez-toc-page-1 ez-toc-heading-level-2'><a class=\"ez-toc-link ez-toc-heading-6\" href=\"https:\/\/remchelangson.com.vn\/?product=lap-bat-mai-hien-di-dong-tai-ha-long-quang-ninh\/#3_Hinh_anh_thi_cong_lap_mai_hien_di_dong_tai_Ha_Long_Quang_Ninh\" title=\"3. H\u00ecnh \u1ea3nh thi c\u00f4ng l\u1eafp m\u00e1i hi\u00ean di \u0111\u1ed9ng t\u1ea1i H\u1ea1 Long Qu\u1ea3ng Ninh\">3. H\u00ecnh \u1ea3nh thi c\u00f4ng l\u1eafp m\u00e1i hi\u00ean di \u0111\u1ed9ng t\u1ea1i H\u1ea1 Long Qu\u1ea3ng Ninh<\/a><\/li><\/ul><\/li><\/ul><\/nav><\/div>\n<h1><span class=\"ez-toc-section\" id=\"LAP_BAT_MAI_HIEN_DI_DONG_TAI_HA_LONG_QUANG_NINH\"><\/span><span style=\"color: #003366; font-family: arial, helvetica, sans-serif;\">L\u1eaeP B\u1ea0T M\u00c1I HI\u00caN DI \u0110\u1ed8NG T\u1ea0I H\u1ea0 LONG QU\u1ea2NG NINH<\/span><span class=\"ez-toc-section-end\"><\/span><\/h1>\n<p><span style=\"font-size: 14pt; font-family: arial, helvetica, sans-serif;\">C\u00f4ng ty TNHH Tr\u01b0\u1eddng Th\u00e0nh 68 chuy\u00ean cung c\u1ea5p thi c\u00f4ng b\u1ea1t che m\u00e1i hi\u00ean, m\u00e1i hi\u00ean di \u0111\u1ed9ng, b\u1ea1t t\u1ef1 cu\u1ed1n, b\u1ea1t m\u00e1i x\u1ebfp. <a href=\"https:\/\/remchelangson.com.vn\/?product_cat=bat-che\">Chuy\u00ean l\u1eafp b\u1ea1t m\u00e1i hi\u00ean di \u0111\u1ed9ng t\u1ea1i H\u1ea1 Long Qu\u1ea3ng Ninh<\/a> v\u00e0 c\u00e1c khu v\u1ef1c l\u00e2n c\u1eadn nh\u01b0: C\u1ea9m Ph\u1ea3, V\u00e2n \u0110\u1ed3n, U\u00f4ng B\u00ed, Qu\u1ea3ng Y\u00ean&#8230;<\/span><\/p>\n<p>&nbsp;<\/p>\n<h2><span class=\"ez-toc-section\" id=\"1_Nen_chon_bat_nao_tot_ben_dep_%E2%80%93_Lap_bat_mai_hien_di_dong_tai_Ha_Long_Quang_Ninh\"><\/span><span style=\"color: #008080; font-family: arial, helvetica, sans-serif;\">1.<a href=\"https:\/\/remcuaquangninh.com.vn\/san-pham\/mau-bat-che-nang-mua-tai-quang-ninh\/\" rel=\"noopener\"> N\u00ean ch\u1ecdn b\u1ea1t n\u00e0o t\u1ed1t, b\u1ec1n \u0111\u1eb9p &#8211; L\u1eafp b\u1ea1t m\u00e1i hi\u00ean di \u0111\u1ed9ng t\u1ea1i H\u1ea1 Long Qu\u1ea3ng Ninh<\/a><\/span><span class=\"ez-toc-section-end\"><\/span><\/h2>\n<p><span style=\"font-size: 14pt; font-family: arial, helvetica, sans-serif;\">M\u00e1i hi\u00ean di \u0111\u1ed9ng gi\u00e1 bao nhi\u00eau ch\u00fang c\u00f2n ph\u1ee5 thu\u1ed9c r\u1ea5t nhi\u1ec1u v\u00e0o ch\u1ea5t li\u1ec7u v\u1ea3i b\u1ea1t m\u00e1i hi\u00ean. N\u1ebfu nh\u01b0 qu\u00fd v\u1ecb ch\u1ecdn lo\u1ea1i b\u1ea1t c\u00f3 ch\u1ea5t li\u1ec7u t\u1ed1t, \u0111\u1ed9 b\u1ec1n cao. Th\u00ec gi\u00e1 c\u1ee7a ch\u00fang s\u1ebd cao h\u01a1n m\u1ed9t ch\u00fat so v\u1edbi v\u1ea3i b\u1ea1t m\u00e1i hi\u00ean lo\u1ea1i th\u01b0\u1eddng. Qu\u00fd kh\u00e1ch c\u00f3 th\u1ec3 tham kh\u1ea3o th\u00eam 1 s\u1ed1 lo\u1ea1i b\u1ea1t tr\u01b0\u1edbc khi \u0111\u01b0a ra quy\u1ebft \u0111\u1ecbnh cho m\u00ecnh:<\/span><\/p>\n<h3><span class=\"ez-toc-section\" id=\"%E2%80%93_Loai_thu_nhat_la_Vai_du\"><\/span><span style=\"font-size: 14pt; font-family: arial, helvetica, sans-serif;\">\u2013 Lo\u1ea1i th\u1ee9 nh\u1ea5t l\u00e0 V\u1ea3i d\u00f9: <\/span><span class=\"ez-toc-section-end\"><\/span><\/h3>\n<p><span style=\"font-size: 14pt; font-family: arial, helvetica, sans-serif;\">\u0110\u00e2y c\u00f2n g\u1ecdi l\u00e0 v\u1ea3i Polyester hay v\u1ea3i tr\u00e1ng ni l\u00f4ng ch\u1ea5t li\u1ec7u ch\u1ed1ng th\u1ea5m t\u1ed1t. Th\u00f4ng th\u01b0\u1eddng th\u00ec ch\u00fang s\u1ebd \u0111\u01b0\u1ee3c tr\u00e1ng nh\u1ef1a hai m\u1eb7t, \u0111a d\u1ea1ng v\u1ec1 m\u00e0u s\u1eafc.<\/span><\/p>\n<h3><span class=\"ez-toc-section\" id=\"%E2%80%93_Loai_thu_hai_la_cac_loai_Vai_bat_che_nang\"><\/span><span style=\"font-size: 14pt; font-family: arial, helvetica, sans-serif;\">\u2013 Lo\u1ea1i th\u1ee9 hai l\u00e0 c\u00e1c lo\u1ea1i V\u1ea3i b\u1ea1t che n\u1eafng: <\/span><span class=\"ez-toc-section-end\"><\/span><\/h3>\n<p><span style=\"font-size: 14pt; font-family: arial, helvetica, sans-serif;\">Lo\u1ea1i n\u00e0y c\u00f3 \u0111i\u1ec3m chung v\u1edbi lo\u1ea1i b\u1ea1t v\u1ea3i d\u00f9 l\u00e0 ch\u00fang \u0111\u01b0\u1ee3c s\u1ea3n xu\u1ea5t t\u1eeb nh\u1eefng v\u1eadt li\u1ec7u c\u00f3 t\u00e1c d\u1ee5ng ch\u1ed1ng th\u1ea5m r\u1ea5t t\u1ed1t. Lo\u1ea1i v\u1ea3i b\u1ea1t che n\u1eafng m\u01b0a n\u00e0y th\u01b0\u1eddng \u0111\u01b0\u1ee3c tr\u00e1ng m\u1ee7 v\u00e0 nh\u1ef1a d\u00e0y h\u01a1n so v\u1edbi lo\u1ea1i kia. C\u0169ng ch\u00ednh nh\u01b0 v\u1eady m\u00e0 ch\u00fang c\u00f3 tr\u1ecdng l\u01b0\u1ee3ng n\u1eb7ng v\u00e0 c\u0169ng c\u1ea7n ch\u1ea5t li\u1ec7u ph\u1ee5 ki\u1ec7n ch\u1ecbu l\u1ef1c \u0111i k\u00e8m. V\u00e0 nh\u1eefng d\u00f2ng v\u1ea3i b\u1ea1t che n\u1eafng n\u00e0y c\u00f3 nhi\u1ec1u lo\u1ea1i kh\u00e1c nhau nh\u01b0:<\/span><\/p>\n<p><span style=\"font-size: 14pt; font-family: arial, helvetica, sans-serif;\">+ B\u1ea1t che n\u1eafng di \u0111\u1ed9ng PVC: Lo\u1ea1i b\u1ea1t n\u00e0y c\u00f3 k\u00f3 kh\u1ea3 n\u0103ng ch\u1ed1ng n\u01b0\u1edbc c\u1ef1c k\u1ef3 t\u1ed1t lu\u00f4n, 1 m\u1eb7t b\u00f3ng nh\u1eb5n n\u00ean kh\u00f4ng gi\u1eef n\u01b0\u1edbc v\u00e0 h\u1ea1n ch\u1ebf b\u00e1m b\u1ee5i.<\/span><\/p>\n<p><span style=\"font-size: 14pt; font-family: arial, helvetica, sans-serif;\">+ B\u1ea1t di \u0111\u1ed9ng PE: \u0110\u01b0\u1ee3c ph\u1ee7 m\u1ed9t l\u1edbp ch\u1ed1ng tia UV l\u00ean c\u1ea3 hai m\u1eb7t. C\u00f3 \u0111\u1ecbnh l\u01b0\u1ee3ng t\u1eeb 130 \u0111\u1ebfn 180 gam, v\u00ec th\u1ebf d\u00f2ng b\u1ea1t di \u0111\u1ed9ng PE th\u01b0\u1eddng \u0111\u01b0\u1ee3c d\u00f9ng \u0111\u1ec3 l\u00e0m m\u00e1i hi\u00ean gi\u00e1 r\u1ebb cho c\u00e1c qu\u00e1n \u0103n, nh\u00e0 h\u00e0ng, qu\u00e1n nh\u1eadu, qu\u00e1n cafe, s\u00e2n th\u01b0\u1ee3ng, hi\u00ean nh\u00e0,\u2026..\u00a0<\/span><\/p>\n<p>&nbsp;<\/p>\n<h2><span class=\"ez-toc-section\" id=\"2_Nhung_uu_diem_khi_su_dung_mai_hien_di_dong\"><\/span><span style=\"color: #008080; font-family: arial, helvetica, sans-serif;\">2. Nh\u1eefng \u01b0u \u0111i\u1ec3m khi s\u1eed d\u1ee5ng m\u00e1i hi\u00ean di \u0111\u1ed9ng.<\/span><span class=\"ez-toc-section-end\"><\/span><\/h2>\n<ul>\n<li><span style=\"font-size: 14pt; font-family: arial, helvetica, sans-serif;\">D\u1ec5 d\u00e0ng cu\u1ed1n v\u00e0o hay th\u1ea3 ra \u0111\u1ec3 che n\u1eafng, che m\u01b0a,\u2026<\/span><\/li>\n<li><span style=\"font-size: 14pt; font-family: arial, helvetica, sans-serif;\">Ch\u1ea5t li\u1ec7u b\u1ea1t c\u00f3 kh\u1ea3 n\u0103ng che n\u1eafng t\u1edbi 95% gi\u00fap cho ban c\u00f4ng nh\u00e0, qu\u00e1n cafe,\u2026lu\u00f4n r\u00e2m m\u00e1t<\/span><\/li>\n<li><span style=\"font-size: 14pt; font-family: arial, helvetica, sans-serif;\">B\u1ea1n c\u00f3 th\u1ec3 cu\u1ed1n g\u1ecdn v\u00e0o l\u00fac chi\u1ec1u t\u1ed1i hay nh\u1eefng l\u00fac c\u1ea7n \u00e1nh n\u1eafng m\u00e0 kh\u00f4ng l\u00e0m \u1ea3nh h\u01b0\u1edfng t\u1edbi th\u1ea9m m\u1ef9.<\/span><\/li>\n<li><span style=\"font-size: 14pt; font-family: arial, helvetica, sans-serif;\">Ti\u1ec7n d\u1ee5ng v\u00e0 r\u1ea5t d\u1ec5 s\u1eed d\u1ee5ng cho c\u1ea3 ng\u01b0\u1eddi l\u1edbn v\u00e0 tr\u1ebb con hay t\u1ea5t c\u1ea3 m\u1ecdi l\u1ee9a tu\u1ed5i.<\/span><\/li>\n<li><span style=\"font-size: 14pt; font-family: arial, helvetica, sans-serif;\">Ch\u00fang t\u00f4i l\u00e0 \u0111\u01a1n v\u1ecb chuy\u00ean cung c\u1ea5p, thi\u1ebft k\u1ebf v\u00e0 l\u00e0m m\u00e1i hi\u00ean, m\u00e1i hi\u00ean di \u0111\u1ed9ng t\u1ea1i Qu\u1ea3ng Ninh. V\u1edbi r\u1ea5t nhi\u1ec1u ch\u1ee7ng lo\u1ea1i m\u00e1i hi\u00ean \u0111\u1ec3 kh\u00e1ch h\u00e0ng c\u00f3 th\u1ec3 l\u1ef1a ch\u1ecdn. V\u1edbi ch\u1ea5t l\u01b0\u1ee3ng t\u1ed1t nh\u1ea5t v\u00e0 gi\u00e1 th\u00e0nh h\u1ee3p l\u00fd.<\/span><\/li>\n<\/ul>\n<p><span style=\"font-size: 14pt; font-family: arial, helvetica, sans-serif;\">\u00a0 \u00a0 Ngo\u00e0i ra ch\u00fang t\u00f4i c\u00f2n nh\u1eadn thay th\u1ebf linh ki\u1ec7n, thay b\u1ea1t m\u1edbi cho d\u00f2ng s\u1ea3n ph\u1ea9m m\u00e1i che, m\u00e1i x\u1ebfp, m\u00e1i v\u00f2m. Cho qu\u00fd kh\u00e1ch h\u00e0ng c\u00f3 nhu c\u1ea7u s\u1eeda ch\u1eefa n\u00e2ng c\u1ea5p m\u00e1i hi\u00ean t\u1ea1i nh\u00e0.<\/span><\/p>\n<p>&nbsp;<\/p>\n<p style=\"text-align: center;\"><span style=\"font-family: arial, helvetica, sans-serif;\"><img loading=\"lazy\" decoding=\"async\" class=\"aligncenter wp-image-423 size-full\" title=\"lap-bat-mai-hien-tai-ha-long-quang-ninh\" src=\"https:\/\/i0.wp.com\/remchelangson.com.vn\/wp-content\/uploads\/2021\/11\/thi-cong-bat-mai-hien-mai-hien-di-dong-tai-ha-long-quang-ninh.jpg?resize=600%2C600&#038;ssl=1\" alt=\"lap-bat-mai-hien-tai-ha-long-quang-ninh\" width=\"600\" height=\"600\" srcset=\"https:\/\/i0.wp.com\/remchelangson.com.vn\/wp-content\/uploads\/2021\/11\/thi-cong-bat-mai-hien-mai-hien-di-dong-tai-ha-long-quang-ninh.jpg?w=600&amp;ssl=1 600w, https:\/\/i0.wp.com\/remchelangson.com.vn\/wp-content\/uploads\/2021\/11\/thi-cong-bat-mai-hien-mai-hien-di-dong-tai-ha-long-quang-ninh.jpg?resize=300%2C300&amp;ssl=1 300w, https:\/\/i0.wp.com\/remchelangson.com.vn\/wp-content\/uploads\/2021\/11\/thi-cong-bat-mai-hien-mai-hien-di-dong-tai-ha-long-quang-ninh.jpg?resize=150%2C150&amp;ssl=1 150w, https:\/\/i0.wp.com\/remchelangson.com.vn\/wp-content\/uploads\/2021\/11\/thi-cong-bat-mai-hien-mai-hien-di-dong-tai-ha-long-quang-ninh.jpg?resize=200%2C200&amp;ssl=1 200w, https:\/\/i0.wp.com\/remchelangson.com.vn\/wp-content\/uploads\/2021\/11\/thi-cong-bat-mai-hien-mai-hien-di-dong-tai-ha-long-quang-ninh.jpg?resize=100%2C100&amp;ssl=1 100w\" sizes=\"auto, (max-width: 600px) 100vw, 600px\" data-recalc-dims=\"1\" \/><\/span><br \/>\n<span style=\"font-family: arial, helvetica, sans-serif;\">L\u1eafp m\u00e1i hi\u00ean di \u0111\u1ed9ng t\u1ea1i H\u1ea1 Long Qu\u1ea3ng Ninh<\/span><\/p>\n<h2><span class=\"ez-toc-section\" id=\"3_Hinh_anh_thi_cong_lap_mai_hien_di_dong_tai_Ha_Long_Quang_Ninh\"><\/span><span style=\"color: #008080; font-family: arial, helvetica, sans-serif;\">3. H\u00ecnh \u1ea3nh thi c\u00f4ng l\u1eafp m\u00e1i hi\u00ean di \u0111\u1ed9ng t\u1ea1i H\u1ea1 Long Qu\u1ea3ng Ninh<\/span><span class=\"ez-toc-section-end\"><\/span><\/h2>\n<p><span style=\"font-family: arial, helvetica, sans-serif;\"><img loading=\"lazy\" decoding=\"async\" class=\"wp-image-424 aligncenter\" title=\"lap-bat-che-mai-hien-mai-hien-di-dong-re-ben-dep-tai-ha-long-quang-ninh\" src=\"https:\/\/i1.wp.com\/remchelangson.com.vn\/wp-content\/uploads\/2021\/11\/don-vi-lam-bat-uy-tin-gia-re-tai-ha-long-quang-ninh.jpg?resize=604%2C349&#038;ssl=1\" alt=\"lap-bat-che-mai-hien-mai-hien-di-dong-re-ben-dep-tai-ha-long-quang-ninh\" width=\"604\" height=\"349\" srcset=\"https:\/\/i1.wp.com\/remchelangson.com.vn\/wp-content\/uploads\/2021\/11\/don-vi-lam-bat-uy-tin-gia-re-tai-ha-long-quang-ninh.jpg?w=720&amp;ssl=1 720w, https:\/\/i1.wp.com\/remchelangson.com.vn\/wp-content\/uploads\/2021\/11\/don-vi-lam-bat-uy-tin-gia-re-tai-ha-long-quang-ninh.jpg?resize=300%2C173&amp;ssl=1 300w, https:\/\/i1.wp.com\/remchelangson.com.vn\/wp-content\/uploads\/2021\/11\/don-vi-lam-bat-uy-tin-gia-re-tai-ha-long-quang-ninh.jpg?resize=200%2C116&amp;ssl=1 200w, https:\/\/i1.wp.com\/remchelangson.com.vn\/wp-content\/uploads\/2021\/11\/don-vi-lam-bat-uy-tin-gia-re-tai-ha-long-quang-ninh.jpg?resize=600%2C347&amp;ssl=1 600w\" sizes=\"auto, (max-width: 604px) 100vw, 604px\" data-recalc-dims=\"1\" \/><\/span><\/p>\n<p style=\"text-align: center;\"><span style=\"font-family: arial, helvetica, sans-serif;\">L\u1eafp m\u00e1i hi\u00ean di \u0111\u1ed9ng t\u1ea1i H\u1ea1 Long Qu\u1ea3ng Ninh<\/span><\/p>\n<p><span style=\"font-family: arial, helvetica, sans-serif;\"><img loading=\"lazy\" decoding=\"async\" class=\"aligncenter wp-image-425 size-full\" title=\"lap-bat-mai-hien-tai-ha-long-quang-ninh\" src=\"https:\/\/i0.wp.com\/remchelangson.com.vn\/wp-content\/uploads\/2021\/11\/lap-bat-mai-hien-mai-hien-di-dong-tai-ha-long-quang-ninh.jpg?resize=600%2C550&#038;ssl=1\" alt=\"lap-bat-mai-hien-tai-ha-long-quang-ninh\" width=\"600\" height=\"550\" srcset=\"https:\/\/i0.wp.com\/remchelangson.com.vn\/wp-content\/uploads\/2021\/11\/lap-bat-mai-hien-mai-hien-di-dong-tai-ha-long-quang-ninh.jpg?w=600&amp;ssl=1 600w, https:\/\/i0.wp.com\/remchelangson.com.vn\/wp-content\/uploads\/2021\/11\/lap-bat-mai-hien-mai-hien-di-dong-tai-ha-long-quang-ninh.jpg?resize=300%2C275&amp;ssl=1 300w, https:\/\/i0.wp.com\/remchelangson.com.vn\/wp-content\/uploads\/2021\/11\/lap-bat-mai-hien-mai-hien-di-dong-tai-ha-long-quang-ninh.jpg?resize=200%2C183&amp;ssl=1 200w\" sizes=\"auto, (max-width: 600px) 100vw, 600px\" data-recalc-dims=\"1\" \/><\/span><\/p>\n<p style=\"text-align: center;\"><span style=\"font-family: arial, helvetica, sans-serif;\">Thi c\u00f4ng, cung c\u1ea5p b\u1ea1t che di \u0111\u1ed9ng, m\u00e1i hi\u00ean di \u0111\u1ed9ng r\u1ebb b\u1ec1n \u0111\u1eb9p t\u1ea1i H\u1ea1 Long Qu\u1ea3ng Ninh<\/span><\/p>\n<p><span style=\"font-size: 18pt; color: #ff6600; font-family: arial, helvetica, sans-serif;\"><b>C\u1ea3m \u01a1n qu\u00fd kh\u00e1ch \u0111\u00e3 tham kh\u1ea3o s\u1ea3n ph\u1ea9m c\u1ee7a ch\u00fang t\u00f4i.<\/b><\/span><\/p>\n<p><span style=\"font-size: 18pt; color: #ff6600; font-family: arial, helvetica, sans-serif;\"><b>M\u1ecdi chi ti\u1ebft c\u1ea7n l\u1eafp \u0111\u1eb7t hay t\u01b0 v\u1ea5n l\u1eafp \u0111\u1eb7t xin vui l\u00f2ng li\u00ean h\u1ec7: 0962.212.060<\/b><\/span><\/p>\n<p><span style=\"font-size: 14pt; font-family: arial, helvetica, sans-serif;\">Ch\u00fang t\u00f4i c\u00f3 \u0111\u1ed9i ng\u0169 t\u01b0 v\u1ea5n kh\u1ea3o s\u00e1t chuy\u00ean nghi\u1ec7p mi\u1ec5n ph\u00ed t\u1ea1i nh\u00e0.<\/span><\/p>\n<p>&nbsp;<\/p>\n","protected":false},"excerpt":{"rendered":"<p>L\u1eaeP B\u1ea0T M\u00c1I HI\u00caN DI \u0110\u1ed8NG T\u1ea0I H\u1ea0 LONG QU\u1ea2NG NINH C\u00f4ng ty TNHH Tr\u01b0\u1eddng Th\u00e0nh 68 chuy\u00ean cung c\u1ea5p thi c\u00f4ng b\u1ea1t che m\u00e1i hi\u00ean, m\u00e1i hi\u00ean di \u0111\u1ed9ng, b\u1ea1t t\u1ef1 cu\u1ed1n, b\u1ea1t m\u00e1i x\u1ebfp. Chuy\u00ean l\u1eafp b\u1ea1t m\u00e1i hi\u00ean di \u0111\u1ed9ng t\u1ea1i H\u1ea1 Long Qu\u1ea3ng Ninh v\u00e0 c\u00e1c khu v\u1ef1c l\u00e2n c\u1eadn nh\u01b0: &hellip; <\/p>\n<p class=\"link-more\"><a href=\"https:\/\/remchelangson.com.vn\/?product=lap-bat-mai-hien-di-dong-tai-ha-long-quang-ninh\" class=\"more-link\">Continue reading<span class=\"screen-reader-text\"> &#8220;L\u1eaeP B\u1ea0T M\u00c1I HI\u00caN DI \u0110\u1ed8NG T\u1ea0I H\u1ea0 LONG QU\u1ea2NG NINH&#8221;<\/span><\/a><\/p>\n","protected":false},"featured_media":423,"comment_status":"open","ping_status":"closed","template":"","meta":{"spay_email":""},"product_cat":[18],"product_tag":[],"class_list":{"0":"post-422","1":"product","2":"type-product","3":"status-publish","4":"has-post-thumbnail","6":"product_cat-bat-che","8":"first","9":"instock","10":"shipping-taxable","11":"product-type-simple"},"jetpack-related-posts":[{"id":777,"url":"https:\/\/remchelangson.com.vn\/?product=bat-di-dong-chu-a-tai-quang-ninh","url_meta":{"origin":422,"position":0},"title":"B\u1ea0T DI \u0110\u1ed8NG CH\u1eee A T\u1ea0I QU\u1ea2NG NINH","date":"28 Th\u00e1ng 4, 2022","format":false,"excerpt":"B\u1ea0T DI \u0110\u1ed8NG CH\u1eee A T\u1ea0I QU\u1ea2NG NINH Chuy\u00ean cung c\u1ea5p, thi c\u00f4ng b\u1ea1t di \u0111\u1ed9ng ch\u1eef A t\u1ea1i Qu\u1ea3ng Ninh. L\u1eafp b\u1ea1t m\u00e1i hi\u00ean di \u0111\u1ed9ng ch\u1eef A t\u1ea1i H\u1ea1 Long, Qu\u1ea3ng Y\u00ean,U\u00f4ng B\u00ed, C\u1ea9m Ph\u1ea3 V\u00e2n \u0110\u1ed3n, M\u00f3ng C\u00e1i, \u0110\u00f4ng Tri\u1ec1u....","rel":"","context":"Similar post","img":{"alt_text":"","src":"https:\/\/i2.wp.com\/remchelangson.com.vn\/wp-content\/uploads\/2022\/04\/z3339675773557_188ed4337b9a2c7039b3146d49b4fead.jpg?fit=960%2C720&ssl=1&resize=350%2C200","width":350,"height":200},"classes":[]},{"id":598,"url":"https:\/\/remchelangson.com.vn\/?product=bat-mai-hien-di-dong-cam-pha","url_meta":{"origin":422,"position":1},"title":"B\u1ea0T M\u00c1I HI\u00caN DI \u0110\u1ed8NG C\u1ea8M PH\u1ea2","date":"11 Th\u00e1ng 2, 2022","format":false,"excerpt":"B\u1ea0T M\u00c1I HI\u00caN DI \u0110\u1ed8NG C\u1ea8M PH\u1ea2 QU\u1ea2NG NINH L\u1eafp b\u1ea1t m\u00e1i hi\u00ean di \u0111\u1ed9ng C\u1ea9m Ph\u1ea3 Qu\u1ea3ng Ninh. Chuy\u00ean cung c\u1ea5p thi c\u00f4ng, l\u1eafp \u0111\u1eb7t m\u00e1i hi\u00ean di \u0111\u1ed9ng, b\u1ea1t che m\u00e1i hi\u00ean, b\u1ea1t quay tay, b\u1ea1t m\u00e1i x\u1ebfp.... t\u1ea1i C\u1ea9m Ph\u1ea3 Qu\u1ea3ng Ninh v\u00e0 c\u00e1c khu v\u1ef1c l\u00e2n\u2026","rel":"","context":"Similar post","img":{"alt_text":"","src":"https:\/\/i2.wp.com\/remchelangson.com.vn\/wp-content\/uploads\/2022\/02\/chuyen-thi-cong-mai-hien-di-dong-tai-cam-pha.jpg?fit=700%2C700&ssl=1&resize=350%2C200","width":350,"height":200},"classes":[]},{"id":1094,"url":"https:\/\/remchelangson.com.vn\/?product=bat-che-mai-hien-tien-yen-quang-ninh","url_meta":{"origin":422,"position":2},"title":"B\u1ea0T CHE M\u00c1I HI\u00caN TI\u00caN Y\u00caN QU\u1ea2NG NINH","date":"7 Th\u00e1ng 10, 2025","format":false,"excerpt":"B\u1ea0T CHE M\u00c1I HI\u00caN TI\u00caN Y\u00caN QU\u1ea2NG NINH C\u00f3 b\u1ed9 khung s\u1eaft ch\u1ea5t li\u1ec7u t\u1ed1t v\u00e0 k\u1ebft c\u01a1 c\u1ee9ng c\u00e1p \u0111\u1ea3m b\u1ea3o an to\u00e0n v\u00e0 b\u1ec1n l\u00e2u. Th\u1eddi gian l\u00e2u d\u00e0i kho\u1ea3ng h\u01a1n 10 n\u0103m. \u00cdt h\u01b0 h\u1ea1i ho\u1eb7c c\u1ea7n ph\u1ea3i s\u1eeda ch\u1eefa, d\u1ec5 s\u1eed d\u1ee5ng \u0111\u1ed1i v\u1edbi c\u1ea3 tr\u1ebb\u2026","rel":"","context":"Similar post","img":{"alt_text":"","src":"https:\/\/i0.wp.com\/remchelangson.com.vn\/wp-content\/uploads\/2025\/10\/bat-mai-xep-tien-yen-quang-ninh.jpg?fit=750%2C700&ssl=1&resize=350%2C200","width":350,"height":200},"classes":[]},{"id":541,"url":"https:\/\/remchelangson.com.vn\/?product=bat-che-quay-tay-cam-pha","url_meta":{"origin":422,"position":3},"title":"B\u1ea0T CHE QUAY TAY C\u1ea8M PH\u1ea2","date":"9 Th\u00e1ng 12, 2021","format":false,"excerpt":"B\u1ea0T CHE N\u1eaeNG M\u01afA QUAY TAY C\u1ea8M PH\u1ea2 QU\u1ea2NG NINH Chuy\u00ean thi c\u00f4ng b\u1ea1t che n\u1eafng m\u01b0a quay tay, b\u1ea1t m\u00e1i r\u1ee7 t\u1ea1i C\u1ea9m Ph\u1ea3 Qu\u1ea3ng Ninh. \u0110\u01a1n v\u1ecb thi c\u00f4ng b\u1ea1t m\u00e1i hi\u00ean, m\u00e1i x\u1ebfp, b\u1ea1t che t\u1ef1 cu\u1ed1n t\u1ea1i C\u1ea9m Ph\u1ea3 Qu\u1ea3ng Ninh.","rel":"","context":"Similar post","img":{"alt_text":"","src":"https:\/\/i1.wp.com\/remchelangson.com.vn\/wp-content\/uploads\/2021\/12\/bat-che-ban-cong-hien-nha-quay-tay-tai-cam-pha-quang-ninh.jpg?fit=600%2C600&ssl=1&resize=350%2C200","width":350,"height":200},"classes":[]},{"id":38,"url":"https:\/\/remchelangson.com.vn\/?product=bat-mai-hien-mai-hien-di-dong","url_meta":{"origin":422,"position":4},"title":"2. B\u1ea0T M\u00c1I HI\u00caN M\u00c1I HI\u00caN DI \u0110\u1ed8NG","date":"19 Th\u00e1ng 9, 2021","format":false,"excerpt":"B\u1ea0T CHE M\u00c1I HI\u00caN DI \u0110\u1ed8NG 1. D\u1ec5 d\u00e0ng cu\u1ed1n v\u00e0o hay th\u1ea3 ra \u0111\u1ec3 che n\u1eafng, che m\u01b0a,\u2026 2. Ch\u1ea5t li\u1ec7u b\u1ea1t c\u00f3 kh\u1ea3 n\u0103ng che n\u1eafng t\u1edbi 95% gi\u00fap cho ban c\u00f4ng nh\u00e0, qu\u00e1n cafe,\u2026lu\u00f4n r\u00e2m m\u00e1t 3. B\u1ea1n c\u00f3 th\u1ec3 cu\u1ed1n g\u1ecdn v\u00e0o l\u00fac chi\u1ec1u t\u1ed1i hay\u2026","rel":"","context":"Similar post","img":{"alt_text":"","src":"https:\/\/i0.wp.com\/remchelangson.com.vn\/wp-content\/uploads\/2021\/09\/bat-che-mai-hien-tai-lang-son.jpg?fit=600%2C480&ssl=1&resize=350%2C200","width":350,"height":200},"classes":[]},{"id":527,"url":"https:\/\/remchelangson.com.vn\/?product=bat-mai-xep-di-dong-tai-cam-pha","url_meta":{"origin":422,"position":5},"title":"L\u1eaeP B\u1ea0T M\u00c1I X\u1ebeP DI \u0110\u1ed8NG T\u1ea0I C\u1ea8M PH\u1ea2 QU\u1ea2NG NINH","date":"21 Th\u00e1ng m\u01b0\u1eddi m\u1ed9t, 2021","format":false,"excerpt":"L\u1eaeP B\u1ea0T M\u00c1I X\u1ebeP DI \u0110\u1ed8NG T\u1ea0I C\u1ea8M PH\u1ea2 C\u00f4ng ty TNHH Tr\u01b0\u1eddng Th\u00e0nh 68 - Chuy\u00ean cung c\u1ea5p, thi c\u00f4ng: b\u1ea1t m\u00e1i x\u1ebfp di \u0111\u1ed9ng t\u1ea1i C\u1ea9m Ph\u1ea3 v\u00e0 c\u00e1c khu v\u1ef1c l\u00e2n c\u1eadn t\u1ea1i Qu\u1ea3ng Ninh nh\u01b0 H\u1ea1 Long, V\u00e2n \u0110\u1ed3n, Ti\u00ean Y\u00ean, Ba Ch\u1ebd, U\u00f4ng B\u00ed, Qu\u1ea3ng\u2026","rel":"","context":"Similar post","img":{"alt_text":"","src":"https:\/\/i2.wp.com\/remchelangson.com.vn\/wp-content\/uploads\/2021\/11\/don-vi-cung-cap-bat-che-tai-cam-pha-quang-ninh.jpg?fit=600%2C600&ssl=1&resize=350%2C200","width":350,"height":200},"classes":[]}],"_links":{"self":[{"href":"https:\/\/remchelangson.com.vn\/index.php?rest_route=\/wp\/v2\/product\/422","targetHints":{"allow":["GET"]}}],"collection":[{"href":"https:\/\/remchelangson.com.vn\/index.php?rest_route=\/wp\/v2\/product"}],"about":[{"href":"https:\/\/remchelangson.com.vn\/index.php?rest_route=\/wp\/v2\/types\/product"}],"replies":[{"embeddable":true,"href":"https:\/\/remchelangson.com.vn\/index.php?rest_route=%2Fwp%2Fv2%2Fcomments&post=422"}],"version-history":[{"count":5,"href":"https:\/\/remchelangson.com.vn\/index.php?rest_route=\/wp\/v2\/product\/422\/revisions"}],"predecessor-version":[{"id":734,"href":"https:\/\/remchelangson.com.vn\/index.php?rest_route=\/wp\/v2\/product\/422\/revisions\/734"}],"wp:featuredmedia":[{"embeddable":true,"href":"https:\/\/remchelangson.com.vn\/index.php?rest_route=\/wp\/v2\/media\/423"}],"wp:attachment":[{"href":"https:\/\/remchelangson.com.vn\/index.php?rest_route=%2Fwp%2Fv2%2Fmedia&parent=422"}],"wp:term":[{"taxonomy":"product_cat","embeddable":true,"href":"https:\/\/remchelangson.com.vn\/index.php?rest_route=%2Fwp%2Fv2%2Fproduct_cat&post=422"},{"taxonomy":"product_tag","embeddable":true,"href":"https:\/\/remchelangson.com.vn\/index.php?rest_route=%2Fwp%2Fv2%2Fproduct_tag&post=422"}],"curies":[{"name":"wp","href":"https:\/\/api.w.org\/{rel}","templated":true}]}}