{"id":430,"date":"2021-11-07T09:01:58","date_gmt":"2021-11-07T09:01:58","guid":{"rendered":"https:\/\/remchelangson.com.vn\/?post_type=product&#038;p=430"},"modified":"2026-04-27T05:23:59","modified_gmt":"2026-04-27T05:23:59","slug":"luoi-an-toan-ban-cong-cau-thang","status":"publish","type":"product","link":"https:\/\/remchelangson.com.vn\/?product=luoi-an-toan-ban-cong-cau-thang","title":{"rendered":"1. L\u01af\u1edaI AN TO\u00c0N BAN C\u00d4NG C\u1ea6U THANG"},"content":{"rendered":"<div id=\"ez-toc-container\" class=\"ez-toc-v2_0_62 counter-hierarchy ez-toc-counter ez-toc-grey ez-toc-container-direction\">\n<div class=\"ez-toc-title-container\"><p class=\"ez-toc-title\">N\u1ed9i dung b&agrave;i vi\u1ebft<\/p>\n<\/div><nav><ul class='ez-toc-list ez-toc-list-level-1 ' ><li class='ez-toc-page-1 ez-toc-heading-level-1'><a class=\"ez-toc-link ez-toc-heading-1\" href=\"https:\/\/remchelangson.com.vn\/?product=luoi-an-toan-ban-cong-cau-thang\/#1_LUOI_AN_TOAN_BAN_CONG_CAU_THANG\" title=\"1 L\u01af\u1edaI AN TO\u00c0N BAN C\u00d4NG C\u1ea6U THANG\">1 L\u01af\u1edaI AN TO\u00c0N BAN C\u00d4NG C\u1ea6U THANG<\/a><ul class='ez-toc-list-level-2' ><li class='ez-toc-heading-level-2'><a class=\"ez-toc-link ez-toc-heading-2\" href=\"https:\/\/remchelangson.com.vn\/?product=luoi-an-toan-ban-cong-cau-thang\/#1_Luoi_an_toan_ban_cong_cau_thang_la_gi\" title=\"1. L\u01b0\u1edbi an to\u00e0n ban c\u00f4ng c\u1ea7u thang l\u00e0 g\u00ec?\">1. L\u01b0\u1edbi an to\u00e0n ban c\u00f4ng c\u1ea7u thang l\u00e0 g\u00ec?<\/a><\/li><li class='ez-toc-page-1 ez-toc-heading-level-2'><a class=\"ez-toc-link ez-toc-heading-3\" href=\"https:\/\/remchelangson.com.vn\/?product=luoi-an-toan-ban-cong-cau-thang\/#2_Cau_tao_luoi_an_toan_ban_cong_cau_thang\" title=\"2. C\u1ea7u t\u1ea1o l\u01b0\u1edbi an to\u00e0n ban c\u00f4ng c\u1ea7u thang\">2. C\u1ea7u t\u1ea1o l\u01b0\u1edbi an to\u00e0n ban c\u00f4ng c\u1ea7u thang<\/a><\/li><li class='ez-toc-page-1 ez-toc-heading-level-2'><a class=\"ez-toc-link ez-toc-heading-4\" href=\"https:\/\/remchelangson.com.vn\/?product=luoi-an-toan-ban-cong-cau-thang\/#3_Cach_lap_dat_luoi_an_toan_ban_cong_cau_thang\" title=\"3. C\u00e1ch l\u1eafp \u0111\u1eb7t l\u01b0\u1edbi an to\u00e0n ban c\u00f4ng c\u1ea7u thang\">3. C\u00e1ch l\u1eafp \u0111\u1eb7t l\u01b0\u1edbi an to\u00e0n ban c\u00f4ng c\u1ea7u thang<\/a><\/li><\/ul><\/li><\/ul><\/nav><\/div>\n<h1><span class=\"ez-toc-section\" id=\"1_LUOI_AN_TOAN_BAN_CONG_CAU_THANG\"><\/span><span style=\"font-family: arial, helvetica, sans-serif;\">1 L\u01af\u1edaI AN TO\u00c0N BAN C\u00d4NG C\u1ea6U THANG<\/span><span class=\"ez-toc-section-end\"><\/span><\/h1>\n<h2><span class=\"ez-toc-section\" id=\"1_Luoi_an_toan_ban_cong_cau_thang_la_gi\"><\/span><span style=\"font-family: arial, helvetica, sans-serif;\">1. L\u01b0\u1edbi an to\u00e0n ban c\u00f4ng c\u1ea7u thang l\u00e0 g\u00ec?<\/span><span class=\"ez-toc-section-end\"><\/span><\/h2>\n<p><span style=\"font-size: 14pt; font-family: arial, helvetica, sans-serif;\">L\u00e0 m\u1ed9t s\u1ea3n ph\u1ea9m\u00a0<strong>an to\u00e0n<\/strong>\u00a0c\u00f3 \u1ee9ng d\u1ee5ng v\u00e0o th\u1ef1c t\u1ebf kh\u00f4ng v\u01b0\u1edbng v\u00edu ho\u1eb7c che ch\u1eafn t\u1ea7m nh\u00ecn. Kho\u1ea3ng c\u00e1ch l\u01b0\u1edbi l\u00e0 5cm an\u00a0to\u00e0n v\u1edbi tr\u1ebb em ng\u01b0\u1eddi l\u1edbn ng\u01b0\u1eddi l\u00e0m vi\u1ec7c g\u1ea7n ban c\u00f4ng c\u1eeda s\u1ed5.\u00a0<strong>L\u01b0\u1edbi an to\u00e0n<\/strong>\u00a0mang t\u00ednh th\u1ea9m m\u1ef9 cao th\u00edch h\u1ee3p l\u1eafp tr\u00ean\u00a0m\u1ecdi \u0111\u1ecba h\u00ecnh nh\u01b0 c\u1ea7u thang, lan can ban c\u00f4ng,chung c\u01b0 tr\u01b0\u1eddng h\u1ecdc &#8230;&#8230;. C\u00f4ng d\u1ee5ng c\u1ee7a\u00a0<strong>l\u01b0\u1edbi an to\u00e0n <\/strong>l\u00e0 b\u1ea3o v\u1ec7 s\u1ef1 an to\u00e0n cho c\u00e1c th\u00e0nh vi\u00ean\u00a0trong gia \u0111\u00ecnh. Ch\u1ed1ng r\u01a1i \u0111\u1ed3 v\u1eadt ch\u1ed1ng nh\u1eefng tai n\u1ea1n, ng\u0103n ng\u1eeba nh\u1eefng m\u1ea7m m\u1ed1ng nguy\u00a0hi\u1ec3m c\u00f3 th\u1ec3 ph\u00e1t sinh.<\/span><\/p>\n<h2><span class=\"ez-toc-section\" id=\"2_Cau_tao_luoi_an_toan_ban_cong_cau_thang\"><\/span><span style=\"font-family: arial, helvetica, sans-serif;\">2. C\u1ea7u t\u1ea1o l\u01b0\u1edbi an to\u00e0n ban c\u00f4ng c\u1ea7u thang<\/span><span class=\"ez-toc-section-end\"><\/span><\/h2>\n<p style=\"margin-top: 0cm; text-align: justify; background: white;\"><span style=\"font-size: 14pt; font-family: arial, helvetica, sans-serif;\"><a href=\"http:\/\/www.tienichthongminh.com.vn\/luoi-an-toan-cau-thang_n2.html\" rel=\"noopener\"><strong><span style=\"color: black;\">L\u01b0\u1edbi an to\u00e0n ban c\u00f4ng c\u1ea7u thang <\/span><\/strong><\/a><span style=\"color: black;\">\u00a0g\u1ed3m c\u00f3 2 ph\u1ea7n ch\u00ednh \u0111\u00f3 l\u00e0 d\u00e2y c\u00e1p v\u00e0 thanh nh\u00f4m \u0111\u1ecbnh h\u00ecnh.\u00a0<\/span><\/span><\/p>\n<p style=\"margin-top: 0cm; text-align: justify; background: white;\"><span style=\"font-size: 14pt; font-family: arial, helvetica, sans-serif;\"><strong><span style=\"color: black;\">D\u00e2y c\u00e1p<\/span><\/strong><span style=\"color: black;\">\u00a0c\u00f3 c\u1ea5u t\u1ea1o l\u00e0 c\u00e1c s\u1ee3i\u00a0<strong style=\"box-sizing: inherit;\">Inox 304<\/strong>\u00a0xo\u1eafn l\u1ea1i b\u00ean ngo\u00e0i b\u1ecdc nh\u1ef1a\u00a0<\/span><span style=\"box-sizing: inherit;\"><strong style=\"box-sizing: inherit;\"><span style=\"color: red;\">Polyetylen<\/span>.<\/strong><span style=\"color: black;\"> \u0110\u1ec3 b\u1ea3o v\u1ec7 ch\u1ed1ng ch\u1ea1m v\u00e0o c\u01a1 th\u1ec3 g\u00e2y\u00a0th\u01b0\u01a1ng t\u00edch n\u00ean, vi\u1ec7c\u00a0<strong style=\"box-sizing: inherit;\">c\u00e1p\u00a0 b\u1ecdc nh\u1ef1a<\/strong>\u00a0tr\u01b0\u1edbc l\u00e0 \u0111\u1ec3 an to\u00e0n cho ng\u01b0\u1eddi s\u1eed d\u1ee5ng sau l\u00e0 \u0111\u1ec3 b\u1ea3o v\u1ec7 kh\u1ecfi th\u1eddi ti\u1ebft\u00a0<\/span>ngo\u00e0i tr\u1eddi\u00a0v\u00e0 c\u00e1c y\u1ebfu kh\u00e1c t\u00e1c \u0111\u1ed9ng n\u00ean. Th\u00f4ng th\u01b0\u1eddng c\u00e1p an to\u00e0n c\u00f3 2 k\u00edch c\u1ee1 l<span style=\"font-size: 14pt;\">\u00e0 c\u00e1p 2.5mm v\u00e0 3mm.<\/span><\/span><\/span><\/p>\n<p>&nbsp;<\/p>\n<p><span style=\"font-family: arial, helvetica, sans-serif;\"><img loading=\"lazy\" decoding=\"async\" class=\"wp-image-432 size-full aligncenter\" src=\"https:\/\/i2.wp.com\/remchelangson.com.vn\/wp-content\/uploads\/2021\/11\/content_luoi-an-toan-chung-cu-bao-ve-ban-cong-uu-dai-55-_-1.jpg?resize=600%2C493&#038;ssl=1\" alt=\"\" width=\"600\" height=\"493\" title=\"\" srcset=\"https:\/\/i2.wp.com\/remchelangson.com.vn\/wp-content\/uploads\/2021\/11\/content_luoi-an-toan-chung-cu-bao-ve-ban-cong-uu-dai-55-_-1.jpg?w=600&amp;ssl=1 600w, https:\/\/i2.wp.com\/remchelangson.com.vn\/wp-content\/uploads\/2021\/11\/content_luoi-an-toan-chung-cu-bao-ve-ban-cong-uu-dai-55-_-1.jpg?resize=300%2C247&amp;ssl=1 300w, https:\/\/i2.wp.com\/remchelangson.com.vn\/wp-content\/uploads\/2021\/11\/content_luoi-an-toan-chung-cu-bao-ve-ban-cong-uu-dai-55-_-1.jpg?resize=200%2C164&amp;ssl=1 200w\" sizes=\"auto, (max-width: 600px) 100vw, 600px\" data-recalc-dims=\"1\" \/><\/span><\/p>\n<p style=\"text-align: center;\"><span style=\"font-size: 14pt; font-family: arial, helvetica, sans-serif;\">C\u1ea5u t\u1ea1o l\u01b0\u1edbi an to\u00e0n ban c\u00f4ng c\u1ea7u thang t\u1ea1i H\u1ea1 Long Qu\u1ea3ng Ninh<\/span><\/p>\n<p>&nbsp;<\/p>\n<p style=\"margin-top: 0cm; text-align: justify; background: white;\"><span style=\"font-size: 14pt; font-family: arial, helvetica, sans-serif;\"><span style=\"color: black;\">Thanh nh\u00f4m c\u00f3 c\u1ea5u t\u1ea1o h\u00ecnh ch\u1eef L m\u1ed9t m\u1eb7t khoan l\u1ed7 \u0111\u1ec3 b\u1eaft v\u00edt n\u1edf s\u1eaft. Khi thi c\u00f4ng m\u1ed9t m\u1eb7t \u0111\u01b0\u1ee3c d\u1eadp v\u00edt n\u1edf s\u1eaft c\u00f3 v\u00f2ng nh\u1ef1a\u00a0\u0111en. Khi l\u1eafp \u0111\u1eb7t l\u01b0\u1edbi an to\u00e0n h\u1ec7 th\u1ed1ng d\u00e2y c\u00e1p s\u1ebd lu\u1ed3n theo c\u00e1c \u1ed1c v\u00edt n\u00e0y\u00a0<\/span><span style=\"box-sizing: inherit;\">kho\u1ea3ng c\u00e1ch v\u00edt n\u00e0y qua v\u00edt kia l\u00e0 5cm. Kho\u1ea3ng c\u00e1ch 5cm l\u00e0 kho\u1ea3ng c\u00e1ch \u0111\u01b0\u1ee3c t\u00ednh to\u00e1n mang l\u1ea1i s\u1ef1 an to\u00e0n t\u1ed1i \u01b0u nh\u1ea5t<\/span>.<\/span><\/p>\n<p><span style=\"font-family: arial, helvetica, sans-serif;\"><img loading=\"lazy\" decoding=\"async\" class=\"wp-image-433 size-full aligncenter\" src=\"https:\/\/i0.wp.com\/remchelangson.com.vn\/wp-content\/uploads\/2021\/11\/content_thanh-nhom-dinh-hinh-luoi-an-toan.jpg?resize=700%2C214&#038;ssl=1\" alt=\"\" width=\"700\" height=\"214\" title=\"\" srcset=\"https:\/\/i0.wp.com\/remchelangson.com.vn\/wp-content\/uploads\/2021\/11\/content_thanh-nhom-dinh-hinh-luoi-an-toan.jpg?w=700&amp;ssl=1 700w, https:\/\/i0.wp.com\/remchelangson.com.vn\/wp-content\/uploads\/2021\/11\/content_thanh-nhom-dinh-hinh-luoi-an-toan.jpg?resize=300%2C92&amp;ssl=1 300w, https:\/\/i0.wp.com\/remchelangson.com.vn\/wp-content\/uploads\/2021\/11\/content_thanh-nhom-dinh-hinh-luoi-an-toan.jpg?resize=200%2C61&amp;ssl=1 200w, https:\/\/i0.wp.com\/remchelangson.com.vn\/wp-content\/uploads\/2021\/11\/content_thanh-nhom-dinh-hinh-luoi-an-toan.jpg?resize=600%2C183&amp;ssl=1 600w\" sizes=\"auto, (max-width: 700px) 100vw, 700px\" data-recalc-dims=\"1\" \/><\/span><\/p>\n<p style=\"text-align: center;\"><span style=\"font-family: arial, helvetica, sans-serif;\">Thi cong l\u01b0\u1edbi an to\u00e0n ban c\u00f4ng c\u1ea7u thang t\u1ea1i H\u1ea1 Long Qu\u1ea3ng Ninh<\/span><\/p>\n<h2><span class=\"ez-toc-section\" id=\"3_Cach_lap_dat_luoi_an_toan_ban_cong_cau_thang\"><\/span><span style=\"font-family: arial, helvetica, sans-serif;\">3. C\u00e1ch l\u1eafp \u0111\u1eb7t l\u01b0\u1edbi an to\u00e0n ban c\u00f4ng c\u1ea7u thang<\/span><span class=\"ez-toc-section-end\"><\/span><\/h2>\n<p><span style=\"font-family: arial, helvetica, sans-serif;\"><span style=\"font-size: 14pt;\">Ch\u00fang<\/span><span style=\"font-size: 14pt;\"> t\u00f4i nay t\u00f4i xin gi\u1edbi thi\u1ec7u l\u1ea1i c\u00e1ch th\u1ee9c l\u1eafp \u0111\u1eb7t 1 b\u1ed9\u00a0<strong>l\u01b0\u1edbi an to\u00e0n ban c\u00f4ng, c\u1ea7u thang<\/strong>\u00a0ho\u1eb7c c\u1eeda s\u1ed5 \u0111\u01b0\u1ee3c ti\u1ebfn h\u00e0nh nh\u01b0 sau:<\/span><\/span><\/p>\n<p><span style=\"font-size: 14pt; font-family: arial, helvetica, sans-serif;\">B\u01b0\u1edbc 1: Chu\u1ea9n b\u1ecb d\u1ee5ng c\u1ee5 thi\u1ebft b\u1ecb v\u00e0 v\u1eadt t\u01b0 nh\u01b0: m\u00e1y khoan b\u00ea t\u00f4ng,m\u00e1y b\u1eafn v\u00edt, m\u00e1y c\u1eaft tay, thang nh\u00f4m, d\u00e2y \u0111ai an to\u00e0n, th\u01b0\u1edbc d\u00e2y. \u0110\u1eb7c bi\u1ec7t kh\u00f4ng th\u1ec3 thi\u1ebfu c\u00e1p inox 304 H\u00f2a Ph\u00e1t star v\u00e0\u00a0<strong>thanh nh\u00f4m \u0111\u1ecbnh h\u00ecnh<\/strong>\u00a0nh\u00f4m ch\u1ed1ng r\u1ec9.<\/span><\/p>\n<p><span style=\"font-size: 14pt; font-family: arial, helvetica, sans-serif;\">B\u01b0\u1edbc 2: Sau khi \u0111\u00e3 chu\u1ea9n b\u1ecb v\u1eadt t\u01b0 v\u00e0 d\u1ee5ng c\u1ee5 xong. Ch\u00fang ta b\u1eaft \u0111\u1ea7u ti\u1ebfn h\u00e0nh \u0111o k\u00edch th\u01b0\u1edbc ban c\u00f4ng v\u00e0 ti\u1ebfn h\u00e0nh c\u1eaft thanh nh\u00f4m \u0111\u1ecbnh h\u00ecnh. Theo k\u00edch th\u01b0\u1edbc ban c\u00f4ng,ho\u1eb7c c\u1eeda s\u1ed5, \u0111\u1ec3 ti\u1ebfn h\u00e0nh khoan b\u00ea t\u00f4ng v\u00e0 gia c\u1ed1 thanh nh\u00f4m b\u1eb1ng v\u00edt n\u1edf s\u1eaft lo\u1ea1i 6mm.<\/span><\/p>\n<p><span style=\"font-size: 14pt; font-family: arial, helvetica, sans-serif;\">B\u01b0\u1edbc 3: Nguy\u00ean t\u1eafc c\u1eaft thanh nh\u00f4m \u0111\u1ecbnh h\u00ecnh theo nguy\u00ean t\u1eafc ng\u01b0\u1ee3c nhau v\u1ec1 m\u1eaft. N\u1ebfu \u0111\u1ec3 m\u1eaft l\u1ebb b\u00ean tr\u00ean th\u00ec b\u00ean d\u01b0\u1edbi 2 m\u1eaft li\u1ec1n nhau ph\u1ea3i l\u00e0 ch\u1eb5n v\u00e0 ng\u01b0\u1ee3c l\u1ea1i. N\u1ebfu b\u00ean tr\u00ean l\u00e0 m\u1eaft \u0111\u00f4i th\u00ec b\u00ean d\u01b0\u1edbi l\u00e0 m\u1eaft \u0111\u01a1n ch\u00fang t\u00f4i ph\u1ea3i l\u01b0u \u00fd ch\u1ed7 n\u00e0y. R\u1ea5t nhi\u1ec1u ng\u01b0\u1eddi b\u1ecb v\u01b0\u1edbng \u1edf ch\u1ed7 n\u00e0y n\u00ean ch\u00fang t\u00f4i ph\u1ea3i h\u01b0\u1edbng d\u1eabn k\u1ef9 l\u01b0\u1ee1ng \u1edf \u0111i\u1ec3m n\u00e0y.<\/span><\/p>\n<p><span style=\"font-size: 14pt; font-family: arial, helvetica, sans-serif;\">B\u01b0\u1edbc 4: Khi \u0111\u00e3 c\u1ed1 \u0111\u1ecbnh \u0111\u01b0\u1ee3c\u00a0<strong>thanh nh\u00f4m \u0111\u1ecbnh h\u00ecnh<\/strong>\u00a0ch\u00fang ta s\u1ebd chuy\u1ec3n b\u01b0\u1edbc ti\u1ebfp theo. \u0110\u00f3 l\u00e0 c\u0103ng k\u00e9o d\u00e2y sao cho c\u0103ng \u0111\u1ec1u \u0111\u1ec3 \u0111\u1ea3m b\u1ea3o \u0111\u1ed9 an to\u00e0n c\u1ea7n thi\u1ebft cho ban c\u00f4ng. C\u00e1ch c\u0103ng\u00a0<strong>l\u01b0\u1edbi ban c\u00f4ng<\/strong>\u00a0nh\u01b0 sau: c\u1ed1 \u0111\u1ecbnh 2 \u0111\u1ea7u d\u00e2y \u0111\u1ea7u v\u00e0 cu\u1ed1i,k\u00e9o d\u1ed3n d\u00e2y \u0111\u1ea7u \u0111\u1ebfn d\u00e2y cu\u1ed1i c\u1ed1 \u0111\u1ecbnh t\u1ea1m th\u1eddi d\u00e2y cu\u1ed1i v\u00e0 l\u1eb7p \u0111i l\u1eafp l\u1ea1i \u0111\u1ebfn khi d\u00e2y c\u0103ng v\u1eeba \u0111\u1ee7 th\u00ec ti\u1ebfn h\u00e0nh c\u1ed9t ch\u1eb7t l\u1ea1i\u00a0<\/span><\/p>\n<p><span style=\"font-size: 14pt; font-family: arial, helvetica, sans-serif;\">B\u01b0\u1edbc 5: L\u1eafp \u1ed1p n\u1eb9p v\u00e0 ho\u00e0n thi\u1ec7n c\u00e1c c\u00f4ng \u0111o\u1ea1n c\u00f2n l\u1ea1i. Trong \u0111\u00f3 c\u00f3 k\u1eb9o ch\u00ec ch\u1eef th\u1eadp \u0111\u1ec3 ch\u1ed1ng v\u1ea1ch l\u00e0 kh\u00e2u v\u00f4 c\u00f9ng quan tr\u1ecdng. V\u00ec n\u00f3 l\u00e0 c\u00e1ch b\u1ea3o v\u1ec7 ban c\u00f4ng cu\u1ed1i c\u00f9ng \u0111\u1ec3 ng\u0103n ng\u1eeba nh\u1eefng tai n\u1ea1n.<\/span><\/p>\n<p><span style=\"font-family: arial, helvetica, sans-serif;\"><img loading=\"lazy\" decoding=\"async\" class=\"aligncenter wp-image-434 size-full\" src=\"https:\/\/i0.wp.com\/remchelangson.com.vn\/wp-content\/uploads\/2021\/11\/luoi-an-toan-ban-cong-cau-thang-uy-tin-gia-re-ha-long.jpg?resize=600%2C600&#038;ssl=1\" alt=\"luoi-an-toan-ban-cong-cau-thang-ben-re\" width=\"600\" height=\"600\" title=\"\" srcset=\"https:\/\/i0.wp.com\/remchelangson.com.vn\/wp-content\/uploads\/2021\/11\/luoi-an-toan-ban-cong-cau-thang-uy-tin-gia-re-ha-long.jpg?w=600&amp;ssl=1 600w, https:\/\/i0.wp.com\/remchelangson.com.vn\/wp-content\/uploads\/2021\/11\/luoi-an-toan-ban-cong-cau-thang-uy-tin-gia-re-ha-long.jpg?resize=300%2C300&amp;ssl=1 300w, https:\/\/i0.wp.com\/remchelangson.com.vn\/wp-content\/uploads\/2021\/11\/luoi-an-toan-ban-cong-cau-thang-uy-tin-gia-re-ha-long.jpg?resize=150%2C150&amp;ssl=1 150w, https:\/\/i0.wp.com\/remchelangson.com.vn\/wp-content\/uploads\/2021\/11\/luoi-an-toan-ban-cong-cau-thang-uy-tin-gia-re-ha-long.jpg?resize=200%2C200&amp;ssl=1 200w, https:\/\/i0.wp.com\/remchelangson.com.vn\/wp-content\/uploads\/2021\/11\/luoi-an-toan-ban-cong-cau-thang-uy-tin-gia-re-ha-long.jpg?resize=100%2C100&amp;ssl=1 100w\" sizes=\"auto, (max-width: 600px) 100vw, 600px\" data-recalc-dims=\"1\" \/><\/span><\/p>\n<p style=\"text-align: center;\"><span style=\"font-family: arial, helvetica, sans-serif;\">Thi c\u00f4ng l\u1eafp l\u01b0\u1edbi an to\u00e0n ban c\u00f4ng c\u1ea7u thang<\/span><\/p>\n<p><span style=\"font-family: arial, helvetica, sans-serif;\"><img loading=\"lazy\" decoding=\"async\" class=\"aligncenter wp-image-431 size-full\" src=\"https:\/\/i0.wp.com\/remchelangson.com.vn\/wp-content\/uploads\/2021\/11\/luoi-an-toan-ban-cong-ha-long-quang-ninh.jpg?resize=600%2C600&#038;ssl=1\" alt=\"luoi-an-toan-ban-cong-cau-thang-ben-re\" width=\"600\" height=\"600\" title=\"\" srcset=\"https:\/\/i0.wp.com\/remchelangson.com.vn\/wp-content\/uploads\/2021\/11\/luoi-an-toan-ban-cong-ha-long-quang-ninh.jpg?w=600&amp;ssl=1 600w, https:\/\/i0.wp.com\/remchelangson.com.vn\/wp-content\/uploads\/2021\/11\/luoi-an-toan-ban-cong-ha-long-quang-ninh.jpg?resize=300%2C300&amp;ssl=1 300w, https:\/\/i0.wp.com\/remchelangson.com.vn\/wp-content\/uploads\/2021\/11\/luoi-an-toan-ban-cong-ha-long-quang-ninh.jpg?resize=150%2C150&amp;ssl=1 150w, https:\/\/i0.wp.com\/remchelangson.com.vn\/wp-content\/uploads\/2021\/11\/luoi-an-toan-ban-cong-ha-long-quang-ninh.jpg?resize=200%2C200&amp;ssl=1 200w, https:\/\/i0.wp.com\/remchelangson.com.vn\/wp-content\/uploads\/2021\/11\/luoi-an-toan-ban-cong-ha-long-quang-ninh.jpg?resize=100%2C100&amp;ssl=1 100w\" sizes=\"auto, (max-width: 600px) 100vw, 600px\" data-recalc-dims=\"1\" \/><\/span><\/p>\n<p style=\"text-align: center;\"><span style=\"font-family: arial, helvetica, sans-serif;\">Chuy\u00ean l\u1eafp l\u01b0\u1edbi an to\u00e0n ban c\u00f4ng uy t\u00edn, gi\u00e1 r\u1ebb<\/span><\/p>\n<p><span style=\"font-size: 18pt; color: #ff0000; font-family: arial, helvetica, sans-serif;\"><strong>C\u1ea3m \u01a1n qu\u00fd kh\u00e1ch \u0111\u00e3 tham kh\u1ea3o s\u1ea3n ph\u1ea9m c\u1ee7a ch\u00fang t\u00f4i.<\/strong><\/span><\/p>\n<p><span style=\"font-size: 18pt; color: #ff0000; font-family: arial, helvetica, sans-serif;\"><strong>M\u1ecdi chi ti\u1ebft c\u1ea7n l\u1eafp \u0111\u1eb7t hay t\u01b0 v\u1ea5n l\u1eafp \u0111\u1eb7t xin vui l\u00f2ng li\u00ean h\u1ec7: 0962.212.060<\/strong><\/span><\/p>\n<p><span style=\"font-family: arial, helvetica, sans-serif;\">Https:www.remchelangson.com.vn<\/span><\/p>\n<p><span style=\"font-family: arial, helvetica, sans-serif;\">Qu\u00fd kh\u00e1ch tham kh\u1ea3o th\u00eam:<\/span><\/p>\n<ul>\n<li><span style=\"font-family: arial, helvetica, sans-serif;\"><a href=\"https:\/\/remchelangson.com.vn\/?product=bat-che-nang-mua-tu-cuon\">B\u1ea1t che ban c\u00f4ng t\u1ef1 cu\u1ed1n<\/a><\/span><\/li>\n<\/ul>\n","protected":false},"excerpt":{"rendered":"<h1><span style=\"font-family: 'times new roman', times, serif;\">L\u01af\u1edaI AN TO\u00c0N BAN C\u00d4NG C\u1ea6U THANG<\/span><\/h1>\n<p>Chuy\u00ean thi c\u00f4ng l\u01b0\u1edbi an to\u00e0n ban c\u00f4ng, c\u1ea7u thang uy t\u00edn b\u1ec1n \u0111\u1eb9p gi\u00e1 r\u1ebb t\u1ea1i Qu\u1ea3ng Ninh, L\u1ea1ng S\u01a1n. \u0110\u01a1n v\u1ecb l\u00e0m l\u01b0\u1edbi an to\u00e0n uy t\u00edn t\u1ea1i Qu\u1ea3ng Ninh, L\u1ea1ng S\u01a1n.<\/p>\n","protected":false},"featured_media":431,"comment_status":"open","ping_status":"closed","template":"","meta":{"spay_email":""},"product_cat":[19],"product_tag":[],"class_list":{"0":"post-430","1":"product","2":"type-product","3":"status-publish","4":"has-post-thumbnail","6":"product_cat-luoi-an-toan","8":"first","9":"instock","10":"shipping-taxable","11":"product-type-simple"},"jetpack-related-posts":[{"id":741,"url":"https:\/\/remchelangson.com.vn\/?product=lap-luoi-an-toan-nha-truong-hoc-mong-cai","url_meta":{"origin":430,"position":0},"title":"L\u1eaeP L\u01af\u1edaI AN TO\u00c0N NH\u00c0 TR\u01af\u1edcNG H\u1eccC M\u00d3NG C\u00c1I","date":"29 Th\u00e1ng 3, 2022","format":false,"excerpt":"L\u1eaeP L\u01af\u1edaI AN TO\u00c0N NH\u00c0 TR\u01af\u1edcNG H\u1eccC M\u00d3NG C\u00c1I Chuy\u00ean cung c\u1ea5p thi c\u00f4ng, l\u00e0m l\u01b0\u1edbi an to\u00e0n ban c\u00f4ng, c\u1ea7u thang uy t\u00edn, b\u1ec1n, gi\u00e1 r\u1ebb t\u1ea1i M\u00f3ng C\u00e1i Qu\u1ea3ng Ninh. R\u00e8m che Lang Son - \u0110\u01a1n v\u1ecb l\u1eafp l\u01b0\u1edbi an to\u00e0n tr\u1ebb em M\u00f3ng C\u00e1i Qu\u1ea3ng Ninh v\u00e0\u2026","rel":"","context":"Similar post","img":{"alt_text":"","src":"https:\/\/i0.wp.com\/remchelangson.com.vn\/wp-content\/uploads\/2022\/03\/luoi-an-toan-ban-cong-cau-thang-cua-so-tai-mong-cai-quang-ninh.jpg?fit=700%2C700&ssl=1&resize=350%2C200","width":350,"height":200},"classes":[]},{"id":460,"url":"https:\/\/remchelangson.com.vn\/?product=thi-cong-luoi-an-toan-tai-van-don-quang-ninh","url_meta":{"origin":430,"position":1},"title":"THI C\u00d4NG L\u01af\u1edaI AN TO\u00c0N T\u1ea0I V\u00c2N \u0110\u1ed2N","date":"7 Th\u00e1ng m\u01b0\u1eddi m\u1ed9t, 2021","format":false,"excerpt":"R\u00c8M C\u1eecA LINH NG\u00c2N \u2013 \u0110\u01a1n v\u1ecb chuy\u00ean cung c\u1ea5p thi c\u00f4ng l\u01b0\u1edbi an to\u00e0n t\u1ea1i V\u00e2n \u0110\u1ed3n Qu\u1ea3ng Ninh. R\u00c8M C\u1eecA LINH NG\u00c2N CHUY\u00caN: Gi\u00e0n ph\u01a1i qu\u1ea7n \u00e1o th\u00f4ng minh L\u01b0\u1edbi an to\u00e0n ban c\u00f4ng, c\u1ea7u thang C\u1eeda l\u01b0\u1edbi ch\u1ed1ng mu\u1ed7i, c\u00f4n tr\u00f9ng B\u1ea1t che n\u1eafng m\u01b0a t\u1ef1 cu\u1ed1n,\u2026","rel":"","context":"Similar post","img":{"alt_text":"","src":"https:\/\/i2.wp.com\/remchelangson.com.vn\/wp-content\/uploads\/2021\/11\/lap-luoi-an-toan-ban-cong-cau-thang-tai-van-don-quang-ninh-1.jpg?fit=600%2C600&ssl=1&resize=350%2C200","width":350,"height":200},"classes":[]},{"id":451,"url":"https:\/\/remchelangson.com.vn\/?product=lap-luoi-an-toan-ban-cong-tai-uong-bi","url_meta":{"origin":430,"position":2},"title":"L\u1eaeP L\u01af\u1edaI AN TO\u00c0N BAN C\u00d4NG T\u1ea0I U\u00d4NG B\u00cd","date":"7 Th\u00e1ng m\u01b0\u1eddi m\u1ed9t, 2021","format":false,"excerpt":"L\u1eaeP L\u01af\u1edaI AN TO\u00c0N BAN C\u00d4NG T\u1ea0I U\u00d4NG B\u00cd C\u00f4ng ty TNHH Tr\u01b0\u1eddng Th\u00e0nh 68 - \u0110\u01a1n v\u1ecb l\u1eafp l\u01b0\u1edbi an to\u00e0n ban c\u00f4ng c\u1ea7u thang t\u1ea1i U\u00f4ng B\u00ed v\u00e0 c\u00e1c khu v\u1ef1c l\u00e2n c\u1eadn nh\u01b0 H\u1ea1 Long, \u0110\u00f4ng Tri\u1ec1u, Qu\u1ea3ng Y\u00ean, M\u1ea1o Kh\u00ea, C\u1ea9m Ph\u1ea3....","rel":"","context":"Similar post","img":{"alt_text":"","src":"https:\/\/i1.wp.com\/remchelangson.com.vn\/wp-content\/uploads\/2021\/11\/don-vi-thi-cong-lap-luoi-an-toan-ban-cong-cau-thang-tai-uong-bi-quang-ninh.jpg?fit=600%2C600&ssl=1&resize=350%2C200","width":350,"height":200},"classes":[]},{"id":766,"url":"https:\/\/remchelangson.com.vn\/?product=lap-luoi-an-toan-tai-lang-son","url_meta":{"origin":430,"position":3},"title":"L\u1eaeP L\u01af\u1edaI AN TO\u00c0N T\u1ea0I L\u1ea0NG S\u01a0N","date":"13 Th\u00e1ng 4, 2022","format":false,"excerpt":"L\u1eaeP L\u01af\u1edaI AN TO\u00c0N T\u1ea0I L\u1ea0NG S\u01a0N R\u00e8m che Lang S\u01a1n - Chuy\u00ean cung c\u1ea5p, l\u1eafp l\u01b0\u1edbi an to\u00e0n t\u1ea1i L\u1ea1ng S\u01a1n uy t\u00edn, b\u1ec1n \u0111\u1eb9p. \u0110\u01a1n v\u1ecb l\u1eafp l\u01b0\u1edbi an to\u00e0n ban c\u00f4ng c\u1ea7u thang, c\u1eeda s\u1ed5 uy t\u00edn b\u1ec1n \u0111\u1eb9p t\u1ea1i Th\u00e0nh ph\u1ed1 L\u1ea1ng S\u01a1n v\u00e0 c\u00e1c khu\u2026","rel":"","context":"Similar post","img":{"alt_text":"","src":"https:\/\/i2.wp.com\/remchelangson.com.vn\/wp-content\/uploads\/2022\/04\/chuyen-cung-cap-thi-cong-lam-luoi-an-toan-nha-tre-truong-hoc-tai-lang-son-1.jpg?fit=700%2C700&ssl=1&resize=350%2C200","width":350,"height":200},"classes":[]},{"id":445,"url":"https:\/\/remchelangson.com.vn\/?product=thi-cong-luoi-an-toan-tai-cam-pha","url_meta":{"origin":430,"position":4},"title":"3 THI C\u00d4NG L\u01af\u1edaI AN TO\u00c0N T\u1ea0I C\u1ea8M PH\u1ea2","date":"7 Th\u00e1ng m\u01b0\u1eddi m\u1ed9t, 2021","format":false,"excerpt":"3 THI C\u00d4NG L\u01af\u1edaI AN TO\u00c0N T\u1ea0I C\u1ea8M PH\u1ea2 1. L\u01b0\u1edbi an to\u00e0n ban c\u00f4ng c\u1ea7u thang l\u00e0 g\u00ec? L\u00e0 m\u1ed9t s\u1ea3n ph\u1ea9m\u00a0an to\u00e0n\u00a0c\u00f3 \u1ee9ng d\u1ee5ng v\u00e0o th\u1ef1c t\u1ebf kh\u00f4ng v\u01b0\u1edbng v\u00edu ho\u1eb7c che ch\u1eafn t\u1ea7m nh\u00ecn. Kho\u1ea3ng c\u00e1ch l\u01b0\u1edbi l\u00e0 5cm an\u00a0to\u00e0n v\u1edbi tr\u1ebb em ng\u01b0\u1eddi l\u1edbn ng\u01b0\u1eddi l\u00e0m\u2026","rel":"","context":"Similar post","img":{"alt_text":"","src":"https:\/\/i1.wp.com\/remchelangson.com.vn\/wp-content\/uploads\/2021\/11\/conten-luoi-an-toan-ban-cong-cua-so-tai-cam-pha-quang-ninh.jpg?fit=600%2C600&ssl=1&resize=350%2C200","width":350,"height":200},"classes":[]},{"id":436,"url":"https:\/\/remchelangson.com.vn\/?product=lap-luoi-an-toan-ban-cong-tai-ha-long","url_meta":{"origin":430,"position":5},"title":"2 L\u1eaeP L\u01af\u1edaI AN TO\u00c0N BAN C\u00d4NG T\u1ea0I H\u1ea0 LONG","date":"7 Th\u00e1ng m\u01b0\u1eddi m\u1ed9t, 2021","format":false,"excerpt":"2 L\u1eaeP L\u01af\u1edaI AN TO\u00c0N BAN C\u00d4NG T\u1ea0I H\u1ea0 LONG 1. V\u00ec sao c\u1ea7n l\u1eafp l\u01b0\u1edbi an to\u00e0n chung c\u01b0 b\u1ea3o v\u1ec7 ban c\u00f4ng? 1.1 L\u01b0\u1edbi an to\u00e0n ban c\u00f4ng\u00a0s\u1ebd b\u1ea3o v\u1ec7 an to\u00e0n cho gia \u0111\u00ecnh v\u00e0 tr\u1ebb nh\u1ecf. D\u00e2n s\u1ed1 ng\u00e0y c\u00e0ng t\u0103ng m\u00e0 di\u1ec7n t\u00edch \u0111\u1ea5t ng\u00e0y\u2026","rel":"","context":"Similar post","img":{"alt_text":"","src":"https:\/\/i1.wp.com\/remchelangson.com.vn\/wp-content\/uploads\/2021\/11\/luoi-an-toan-ban-cong-ben-dep-tai-ha-long-quang-ninh35.jpg?fit=600%2C600&ssl=1&resize=350%2C200","width":350,"height":200},"classes":[]}],"_links":{"self":[{"href":"https:\/\/remchelangson.com.vn\/index.php?rest_route=\/wp\/v2\/product\/430","targetHints":{"allow":["GET"]}}],"collection":[{"href":"https:\/\/remchelangson.com.vn\/index.php?rest_route=\/wp\/v2\/product"}],"about":[{"href":"https:\/\/remchelangson.com.vn\/index.php?rest_route=\/wp\/v2\/types\/product"}],"replies":[{"embeddable":true,"href":"https:\/\/remchelangson.com.vn\/index.php?rest_route=%2Fwp%2Fv2%2Fcomments&post=430"}],"version-history":[{"count":4,"href":"https:\/\/remchelangson.com.vn\/index.php?rest_route=\/wp\/v2\/product\/430\/revisions"}],"predecessor-version":[{"id":739,"href":"https:\/\/remchelangson.com.vn\/index.php?rest_route=\/wp\/v2\/product\/430\/revisions\/739"}],"wp:featuredmedia":[{"embeddable":true,"href":"https:\/\/remchelangson.com.vn\/index.php?rest_route=\/wp\/v2\/media\/431"}],"wp:attachment":[{"href":"https:\/\/remchelangson.com.vn\/index.php?rest_route=%2Fwp%2Fv2%2Fmedia&parent=430"}],"wp:term":[{"taxonomy":"product_cat","embeddable":true,"href":"https:\/\/remchelangson.com.vn\/index.php?rest_route=%2Fwp%2Fv2%2Fproduct_cat&post=430"},{"taxonomy":"product_tag","embeddable":true,"href":"https:\/\/remchelangson.com.vn\/index.php?rest_route=%2Fwp%2Fv2%2Fproduct_tag&post=430"}],"curies":[{"name":"wp","href":"https:\/\/api.w.org\/{rel}","templated":true}]}}