{"id":789,"date":"2022-05-08T08:39:08","date_gmt":"2022-05-08T08:39:08","guid":{"rendered":"https:\/\/remchelangson.com.vn\/?post_type=product&#038;p=789"},"modified":"2022-05-08T08:39:09","modified_gmt":"2022-05-08T08:39:09","slug":"o-lech-tam-ha-long-quang-ninh","status":"publish","type":"product","link":"https:\/\/remchelangson.com.vn\/?product=o-lech-tam-ha-long-quang-ninh","title":{"rendered":"\u00d4 L\u1ec6CH T\u00c2M H\u1ea0 LONG QU\u1ea2NG NINH"},"content":{"rendered":"<div id=\"ez-toc-container\" class=\"ez-toc-v2_0_62 counter-hierarchy ez-toc-counter ez-toc-grey ez-toc-container-direction\">\n<div class=\"ez-toc-title-container\"><p class=\"ez-toc-title\">N\u1ed9i dung b&agrave;i vi\u1ebft<\/p>\n<\/div><nav><ul class='ez-toc-list ez-toc-list-level-1 ' ><li class='ez-toc-page-1 ez-toc-heading-level-1'><a class=\"ez-toc-link ez-toc-heading-1\" href=\"https:\/\/remchelangson.com.vn\/?product=o-lech-tam-ha-long-quang-ninh\/#O_LECH_TAM_HA_LONG_QUANG_NINH\" title=\"\u00d4 L\u1ec6CH T\u00c2M H\u1ea0 LONG QU\u1ea2NG NINH\">\u00d4 L\u1ec6CH T\u00c2M H\u1ea0 LONG QU\u1ea2NG NINH<\/a><ul class='ez-toc-list-level-2' ><li class='ez-toc-heading-level-2'><a class=\"ez-toc-link ez-toc-heading-2\" href=\"https:\/\/remchelangson.com.vn\/?product=o-lech-tam-ha-long-quang-ninh\/#1_CAU_TAO_O_LECH_TAM_VUONG_HA_LONG_QUANG_NINH\" title=\"1. C\u1ea4U T\u1ea0O \u00d4 L\u1ec6CH T\u00c2M VU\u00d4NG H\u1ea0 LONG QU\u1ea2NG NINH\">1. C\u1ea4U T\u1ea0O \u00d4 L\u1ec6CH T\u00c2M VU\u00d4NG H\u1ea0 LONG QU\u1ea2NG NINH<\/a><\/li><li class='ez-toc-page-1 ez-toc-heading-level-2'><a class=\"ez-toc-link ez-toc-heading-3\" href=\"https:\/\/remchelangson.com.vn\/?product=o-lech-tam-ha-long-quang-ninh\/#2_UNG_DUNG_O_LECH_TAM_HA_LONG_QUANG_NINH\" title=\"2. \u1ee8NG D\u1ee4NG \u00d4 L\u1ec6CH T\u00c2M H\u1ea0 LONG QU\u1ea2NG NINH \n\">2. \u1ee8NG D\u1ee4NG \u00d4 L\u1ec6CH T\u00c2M H\u1ea0 LONG QU\u1ea2NG NINH \n<\/a><\/li><li class='ez-toc-page-1 ez-toc-heading-level-2'><a class=\"ez-toc-link ez-toc-heading-4\" href=\"https:\/\/remchelangson.com.vn\/?product=o-lech-tam-ha-long-quang-ninh\/#3_UU_DIEM_O_LECH_TAM\" title=\"3. \u01afU \u0110I\u1ec2M \u00d4 L\u1ec6CH T\u00c2M\u00a0\">3. \u01afU \u0110I\u1ec2M \u00d4 L\u1ec6CH T\u00c2M\u00a0<\/a><ul class='ez-toc-list-level-3' ><li class='ez-toc-heading-level-3'><a class=\"ez-toc-link ez-toc-heading-5\" href=\"https:\/\/remchelangson.com.vn\/?product=o-lech-tam-ha-long-quang-ninh\/#31_Lam_tu_chat_lieu_cao_cap\" title=\"3.1 L\u00e0m t\u1eeb ch\u1ea5t li\u1ec7u cao c\u1ea5p\">3.1 L\u00e0m t\u1eeb ch\u1ea5t li\u1ec7u cao c\u1ea5p<\/a><\/li><li class='ez-toc-page-1 ez-toc-heading-level-3'><a class=\"ez-toc-link ez-toc-heading-6\" href=\"https:\/\/remchelangson.com.vn\/?product=o-lech-tam-ha-long-quang-ninh\/#32_Kieu_dang_da_nang_tien_loi\" title=\"3.2 Ki\u1ec3u d\u00e1ng \u0111a n\u0103ng, ti\u1ec7n l\u1ee3i\">3.2 Ki\u1ec3u d\u00e1ng \u0111a n\u0103ng, ti\u1ec7n l\u1ee3i<\/a><\/li><li class='ez-toc-page-1 ez-toc-heading-level-3'><a class=\"ez-toc-link ez-toc-heading-7\" href=\"https:\/\/remchelangson.com.vn\/?product=o-lech-tam-ha-long-quang-ninh\/#33_Tiet_kiem_khong_gian\" title=\"3.3 Ti\u1ebft ki\u00eam kh\u00f4ng gian\">3.3 Ti\u1ebft ki\u00eam kh\u00f4ng gian<\/a><\/li><\/ul><\/li><li class='ez-toc-page-1 ez-toc-heading-level-2'><a class=\"ez-toc-link ez-toc-heading-8\" href=\"https:\/\/remchelangson.com.vn\/?product=o-lech-tam-ha-long-quang-ninh\/#4_XU_LY_LOI_KHI_SU_DUNG_O_LECH_TAM\" title=\"4. X\u1eec L\u00dd L\u1ed6I KHI S\u1eec D\u1ee4NG \u00d4 L\u1ec6CH T\u00c2M\">4. X\u1eec L\u00dd L\u1ed6I KHI S\u1eec D\u1ee4NG \u00d4 L\u1ec6CH T\u00c2M<\/a><\/li><li class='ez-toc-page-1 ez-toc-heading-level-2'><a class=\"ez-toc-link ez-toc-heading-9\" href=\"https:\/\/remchelangson.com.vn\/?product=o-lech-tam-ha-long-quang-ninh\/#5_MUA_O_LECH_TAM_O_HA_LONG\" title=\"5. MUA \u00d4 L\u1ec6CH T\u00c2M \u1ede H\u1ea0 LONG?\">5. MUA \u00d4 L\u1ec6CH T\u00c2M \u1ede H\u1ea0 LONG?<\/a><\/li><li class='ez-toc-page-1 ez-toc-heading-level-2'><a class=\"ez-toc-link ez-toc-heading-10\" href=\"https:\/\/remchelangson.com.vn\/?product=o-lech-tam-ha-long-quang-ninh\/#Cong_ty_TNHH_Truong_Thanh_68_%E2%80%93_Don_vi_chuyen_cung_cap_thi_cong_lap_dat\" title=\"C\u00f4ng ty TNHH Tr\u01b0\u1eddng Th\u00e0nh 68 \u2013 \u0110\u01a1n v\u1ecb chuy\u00ean cung c\u1ea5p thi c\u00f4ng l\u1eafp \u0111\u1eb7t:\">C\u00f4ng ty TNHH Tr\u01b0\u1eddng Th\u00e0nh 68 \u2013 \u0110\u01a1n v\u1ecb chuy\u00ean cung c\u1ea5p thi c\u00f4ng l\u1eafp \u0111\u1eb7t:<\/a><\/li><\/ul><\/li><\/ul><\/nav><\/div>\n<h1><span class=\"ez-toc-section\" id=\"O_LECH_TAM_HA_LONG_QUANG_NINH\"><\/span>\u00d4 L\u1ec6CH T\u00c2M H\u1ea0 LONG QU\u1ea2NG NINH<span class=\"ez-toc-section-end\"><\/span><\/h1>\n<p>Chuy\u00ean cung c\u1ea5p, b\u00e1n \u00f4 l\u1ec7ch t\u00e2m H\u1ea1 Long Qu\u1ea3ng Ninh. B\u00e1n \u00f4 l\u1ec7ch t\u00e2m che n\u1eafng m\u01b0a d\u00e0nh cho nh\u00e0 h\u00e0ng, qu\u00e1n \u0103n, kh\u00e1ch s\u1ea1n t\u1ea1i H\u1ea1 Long v\u00e0 c\u00e1c khu v\u1ef1c l\u00e2n c\u1eadn nh\u01b0: U\u00f4ng B\u00ed, Qu\u1ea3ng Y\u00ean, Ho\u00e0nh B\u1ed3, C\u1ea9m Ph\u1ea3&#8230;<\/p>\n<h2><span class=\"ez-toc-section\" id=\"1_CAU_TAO_O_LECH_TAM_VUONG_HA_LONG_QUANG_NINH\"><\/span><strong><span style=\"color: #003366;\">1. C\u1ea4U T\u1ea0O \u00d4 L\u1ec6CH T\u00c2M VU\u00d4NG H\u1ea0 LONG QU\u1ea2NG NINH<\/span><\/strong><span class=\"ez-toc-section-end\"><\/span><\/h2>\n<p><strong>C\u1ea5u t\u1ea1o \u00f4 l\u1ec7ch t\u00e2m vu\u00f4ng<\/strong><\/p>\n<p>\u00d4 l\u1ec7ch t\u00e2m vu\u00f4ng \u0111\u01b0\u1ee3c c\u1ea5u t\u1ea1o g\u1ed3m 3 b\u1ed9 ph\u1eadn ch\u00ednh l\u00e0:<\/p>\n<p>&#8211; T\u00e1n d\u00f9: \u0110\u01b0\u1ee3c l\u00e0m b\u1eb1ng ch\u1ea5t li\u1ec7u v\u1ea3i polyester cao c\u1ea5p v\u1edbi kh\u1ea3 n\u0103ng ch\u1ed1ng th\u1ea5m, ch\u1ed1ng ch\u00e1y c\u1ef1c k\u1ef3 hi\u1ec7u qu\u1ea3, th\u00edch h\u1ee3p s\u1eed d\u1ee5ng \u1edf b\u00ean ngo\u00e0i tr\u1eddi. \u0110\u1eb7c bi\u1ec7t, t\u00e1n d\u00f9 c\u0169ng c\u00f3 nhi\u1ec1u m\u00e0u s\u1eafc v\u00e0 ki\u1ec3u d\u00e1ng kh\u00e1c nhau, ng\u01b0\u1eddi d\u00f9ng kh\u00f4ng kh\u00f3 \u0111\u01b0a ra l\u1ef1a ch\u1ecdn ph\u00f9 h\u1ee3p v\u1edbi nhu c\u1ea7u c\u1ee7a m\u00ecnh.<\/p>\n<p>&#8211; Th\u00e2n d\u00f9: \u0110\u01b0\u1ee3c c\u1ea5u t\u1ea1o g\u1ed3m tr\u1ee5c v\u00e0 nan d\u00f9. Ph\u1ea7n l\u1edbn chi ti\u1ebft n\u00e0y \u0111\u01b0\u1ee3c l\u00e0m b\u1eb1ng ch\u1ea5t li\u1ec7u kim lo\u1ea1i nh\u01b0 s\u1eaft, nh\u00f4m v\u00e0 \u0111\u01b0\u1ee3c ph\u1ee7 b\u00ean ngo\u00e0i ch\u1ea5t li\u1ec7u s\u01a1n t\u0129nh \u0111i\u1ec7n.<\/p>\n<p>&#8211; \u0110\u1ebf d\u00f9: \u0111\u01b0\u1ee3c c\u1ea5u t\u1ea1o ch\u1ee7 y\u1ebfu l\u00e0 \u0111\u00e1 nguy\u00ean kh\u1ed1i gi\u00fap c\u1ed1 \u0111\u1ecbnh ph\u1ea7n \u00f4 d\u00f9 \u1edf ph\u00eda tr\u00ean kh\u00f4ng b\u1ecb x\u00f4 ng\u00e3 khi g\u1eb7p \u0111i\u1ec1u ki\u1ec7n tr\u1eddi m\u01b0a gi\u00f3 kh\u1eafc nghi\u1ec7t.<\/p>\n<h2><span class=\"ez-toc-section\" id=\"2_UNG_DUNG_O_LECH_TAM_HA_LONG_QUANG_NINH\"><\/span><strong><span style=\"color: #003366;\">2. <\/span><span style=\"color: #003366;\">\u1ee8NG D\u1ee4NG \u00d4 L\u1ec6CH T\u00c2M H\u1ea0 LONG QU\u1ea2NG NINH<\/span><br \/>\n<\/strong><span class=\"ez-toc-section-end\"><\/span><\/h2>\n<p>Hi\u1ec7n nay \u00f4 l\u1ec7ch t\u00e2m vu\u00f4ng \u0111\u01b0\u1ee3c \u1ee9ng d\u1ee5ng trong nhi\u1ec1u l\u0129nh v\u1ef1c v\u00e0 kh\u00f4ng gian kh\u00e1c nhau. C\u00f3 th\u1ec3 k\u1ec3 \u0111\u1ebfn nh\u01b0 sau:<\/p>\n<p>&#8211; \u00d4 l\u1ec7ch t\u00e2m vu\u00f4ng th\u00edch h\u1ee3p s\u1eed d\u1ee5ng \u0111\u1ec3 che m\u01b0a, che n\u1eafng cho c\u00e1c kh\u00f4ng gian qu\u00e1n c\u00e0 ph\u00ea, kh\u00e1ch s\u1ea1n, khu resort,\u2026<\/p>\n<p>&#8211; Th\u00edch h\u1ee3p s\u1eed d\u1ee5ng \u0111\u1ec3 che n\u1eafng cho g\u00f3c s\u00e2n v\u01b0\u1eddn bi\u1ec7t th\u1ef1.<\/p>\n<p>&#8211; \u0110\u01b0\u1ee3c \u1ee9ng d\u1ee5ng r\u1ed9ng r\u00e3i trong c\u00e1c s\u1ef1 ki\u1ec7n, h\u1ed9i ch\u1ee3, nh\u00e0 s\u00e1ch,\u2026<\/p>\n<p>&#8211; N\u00f3 d\u00f9ng \u0111\u1ec3 b\u1ea3o v\u1ec7 b\u00e0n gh\u1ebf \u1edf b\u00ean ngo\u00e0i tr\u1eddi tr\u00e1nh b\u1ecb h\u01b0 h\u1ecfng.<\/p>\n<p>&#8211; V\u1edbi k\u00edch th\u01b0\u1edbc r\u1ed9ng l\u1edbn v\u00e0 kh\u1ea3 n\u0103ng t\u1ea1o \u0111i\u1ec3m nh\u1ea5n, thu h\u00fat \u00e1nh nh\u00ecn m\u1ea1nh m\u1ebd, v\u1eady n\u00ean d\u00f9 l\u1ec7ch t\u00e2m vu\u00f4ng \u0111\u01b0\u1ee3c s\u1eed d\u1ee5ng nh\u01b0 l\u00e0 m\u1ed9t ph\u01b0\u01a1ng ti\u1ec7n tuy\u1ec7t v\u1eddi \u0111\u1ec3 truy\u1ec1n th\u00f4ng. Ch\u1ec9 c\u1ea7n in logo, h\u00ecnh \u1ea3nh s\u1ea3n ph\u1ea9m, d\u1ecbch v\u1ee5, th\u00f4ng tin c\u1ee7a th\u01b0\u01a1ng hi\u1ec7u l\u00ean tr\u00ean t\u00e1n d\u00f9 l\u00e0 m\u1ecdi vi\u1ec7c \u0111\u1ec1u \u0111\u01b0\u1ee3c gi\u1ea3i quy\u1ebft nhanh g\u1ecdn.<\/p>\n<p><img loading=\"lazy\" decoding=\"async\" class=\"wp-image-791 \" src=\"https:\/\/i2.wp.com\/remchelangson.com.vn\/wp-content\/uploads\/2022\/05\/o-che-nang-mua-nha-hang-quan-an-tai-quang-ninh.jpg?resize=700%2C933&#038;ssl=1\" alt=\"\" width=\"700\" height=\"933\" title=\"\" srcset=\"https:\/\/i2.wp.com\/remchelangson.com.vn\/wp-content\/uploads\/2022\/05\/o-che-nang-mua-nha-hang-quan-an-tai-quang-ninh.jpg?w=960&amp;ssl=1 960w, https:\/\/i2.wp.com\/remchelangson.com.vn\/wp-content\/uploads\/2022\/05\/o-che-nang-mua-nha-hang-quan-an-tai-quang-ninh.jpg?resize=225%2C300&amp;ssl=1 225w, https:\/\/i2.wp.com\/remchelangson.com.vn\/wp-content\/uploads\/2022\/05\/o-che-nang-mua-nha-hang-quan-an-tai-quang-ninh.jpg?resize=768%2C1024&amp;ssl=1 768w, https:\/\/i2.wp.com\/remchelangson.com.vn\/wp-content\/uploads\/2022\/05\/o-che-nang-mua-nha-hang-quan-an-tai-quang-ninh.jpg?resize=150%2C200&amp;ssl=1 150w, https:\/\/i2.wp.com\/remchelangson.com.vn\/wp-content\/uploads\/2022\/05\/o-che-nang-mua-nha-hang-quan-an-tai-quang-ninh.jpg?resize=600%2C800&amp;ssl=1 600w\" sizes=\"auto, (max-width: 700px) 100vw, 700px\" data-recalc-dims=\"1\" \/><\/p>\n<p style=\"text-align: center;\">\u00d4 l\u1ec7ch t\u00e2m nh\u00e0 h\u00e0ng qu\u00e1n \u0103n, kh\u00e1ch s\u1ea1n t\u1ea1i H\u1ea1 Long Qu\u1ea3ng Ninh<\/p>\n<p style=\"text-align: center;\">\u00d4 l\u1ec7ch t\u00e2m H\u1ea1 Long Qu\u1ea3ng Ninh<\/p>\n<h2><span class=\"ez-toc-section\" id=\"3_UU_DIEM_O_LECH_TAM\"><\/span><strong><span style=\"color: #003366;\">3. \u01afU \u0110I\u1ec2M \u00d4 L\u1ec6CH T\u00c2M\u00a0<\/span><\/strong><span class=\"ez-toc-section-end\"><\/span><\/h2>\n<h3><span class=\"ez-toc-section\" id=\"31_Lam_tu_chat_lieu_cao_cap\"><\/span>3.1 L\u00e0m t\u1eeb ch\u1ea5t li\u1ec7u cao c\u1ea5p<span class=\"ez-toc-section-end\"><\/span><\/h3>\n<p>\u00d4 l\u1ec7ch t\u00e2m vu\u00f4ng v\u1edbi ph\u1ea7n khung \u0111\u01b0\u1ee3c l\u00e0m b\u1eb1ng h\u1ee3p kim, kim lo\u1ea1i ch\u1ed1ng g\u1ec9 n\u00ean c\u00f3 \u0111\u1ed9 b\u1ec1n cao, t\u0103ng s\u1ef1 v\u1eefng ch\u00e3i v\u00e0 ch\u1eafc ch\u1eafn cho s\u1ea3n ph\u1ea9m. Ch\u01b0a h\u1ebft, b\u1ed9 ph\u1eadn v\u1ea3i polyester \u0111\u01b0\u1ee3c s\u1eed d\u1ee5ng l\u00e0m t\u00e1n d\u00f9 c\u00f3 kh\u1ea3 n\u0103ng ch\u1ed1ng th\u1ea5m n\u01b0\u1edbc, c\u00e1ch nhi\u1ec7t cao, ch\u1ed1ng b\u1ee5i b\u1ea9n, ch\u1ed1ng ch\u00e1y, b\u1ec1n b\u1ec9 theo th\u1eddi gian.<\/p>\n<h3><span class=\"ez-toc-section\" id=\"32_Kieu_dang_da_nang_tien_loi\"><\/span>3.2 Ki\u1ec3u d\u00e1ng \u0111a n\u0103ng, ti\u1ec7n l\u1ee3i<span class=\"ez-toc-section-end\"><\/span><\/h3>\n<p>D\u00f9 l\u1ec7ch t\u00e2m vu\u00f4ng c\u00f3 thi\u1ebft k\u1ebf 1 t\u1ea7ng ho\u1eb7c 2 t\u1ea7ng, cho ph\u00e9p xoay chuy\u1ec3n v\u00e0 \u0111i\u1ec1u ch\u1ec9nh c\u00e1c h\u01b0\u1edbng d\u1ec5 d\u00e0ng. Qua \u0111\u00f3 gi\u00fap ng\u01b0\u1eddi d\u00f9ng c\u00f3 th\u1ec3 d\u1ec5 d\u00e0ng d\u1ecbch v\u1ee5 chuy\u1ec3n s\u1ea3n ph\u1ea9m t\u1eeb n\u01a1i n\u00e0y \u0111\u1ebfn n\u01a1i kh\u00e1ch m\u00e0 kh\u00f4ng t\u1ed1n nhi\u1ec1u th\u1eddi gian.<\/p>\n<h3><span class=\"ez-toc-section\" id=\"33_Tiet_kiem_khong_gian\"><\/span>3.3 Ti\u1ebft ki\u00eam kh\u00f4ng gian<span class=\"ez-toc-section-end\"><\/span><\/h3>\n<p>Kh\u00e1c v\u1edbi \u00f4 d\u00f9 ch\u00ednh t\u00e2m v\u00ec ph\u1ea7n th\u00e2n n\u1eb1m \u1edf gi\u1eefa n\u00ean kh\u00f3 kh\u0103n trong vi\u1ec7c b\u00e0i tr\u00ed b\u00e0n gh\u1ebf s\u00e2n v\u01b0\u1eddn, kh\u00f4ng gian b\u00ean d\u01b0\u1edbi b\u1ecb thu h\u1eb9p \u0111\u00e1ng k\u1ec3. Trong khi \u0111\u00f3, d\u00f9 l\u1ec7ch t\u00e2m vu\u00f4ng v\u1edbi thi\u1ebft k\u1ebf l\u1ec7ch sang m\u1ed9t b\u00ean gi\u00fap kh\u1eafc ph\u1ee5c \u0111\u01b0\u1ee3c v\u1ea5n \u0111\u1ec1 n\u00e0y m\u1ed9t c\u00e1ch hi\u1ec7u qu\u1ea3. V\u1edbi s\u1ea3n ph\u1ea9m n\u00e0y b\u1ea1n c\u00f3 th\u1ec3 tho\u1ea3i m\u00e1i b\u00e0i tr\u00ed b\u1ea5t k\u1ef3 m\u00f3n \u0111\u1ed3 trang tr\u00ed n\u00e0o \u1edf b\u00ean d\u01b0\u1edbi nh\u01b0 b\u00e0n gh\u1ebf, x\u00edch \u0111u,\u2026 t\u1eeb \u0111\u00f3 \u0111em l\u1ea1i kh\u00f4ng gian ngo\u1ea1i th\u1ea5t ti\u1ec7n nghi v\u00e0 hi\u1ec7n \u0111\u1ea1i.<\/p>\n<p><img loading=\"lazy\" decoding=\"async\" class=\"wp-image-793 \" src=\"https:\/\/i2.wp.com\/remchelangson.com.vn\/wp-content\/uploads\/2022\/05\/O-lech-tam-nha-hang-khach-san-tai-ha-long-quang-ninh.jpg?resize=703%2C937&#038;ssl=1\" alt=\"O-LECH-TAM-NHA-HANG-QUAN-AN-HA-LONG-QUANG-NINH\" width=\"703\" height=\"937\" title=\"\" srcset=\"https:\/\/i2.wp.com\/remchelangson.com.vn\/wp-content\/uploads\/2022\/05\/O-lech-tam-nha-hang-khach-san-tai-ha-long-quang-ninh.jpg?w=960&amp;ssl=1 960w, https:\/\/i2.wp.com\/remchelangson.com.vn\/wp-content\/uploads\/2022\/05\/O-lech-tam-nha-hang-khach-san-tai-ha-long-quang-ninh.jpg?resize=225%2C300&amp;ssl=1 225w, https:\/\/i2.wp.com\/remchelangson.com.vn\/wp-content\/uploads\/2022\/05\/O-lech-tam-nha-hang-khach-san-tai-ha-long-quang-ninh.jpg?resize=768%2C1024&amp;ssl=1 768w, https:\/\/i2.wp.com\/remchelangson.com.vn\/wp-content\/uploads\/2022\/05\/O-lech-tam-nha-hang-khach-san-tai-ha-long-quang-ninh.jpg?resize=150%2C200&amp;ssl=1 150w, https:\/\/i2.wp.com\/remchelangson.com.vn\/wp-content\/uploads\/2022\/05\/O-lech-tam-nha-hang-khach-san-tai-ha-long-quang-ninh.jpg?resize=600%2C800&amp;ssl=1 600w\" sizes=\"auto, (max-width: 703px) 100vw, 703px\" data-recalc-dims=\"1\" \/><\/p>\n<p style=\"text-align: center;\">\u00d4 l\u1ec7ch t\u00e2m nh\u00e0 h\u00e0ng qu\u00e1n \u0103n, kh\u00e1ch s\u1ea1n t\u1ea1i h\u1ea1 long qu\u1ea3ng ninh<\/p>\n<h2><span class=\"ez-toc-section\" id=\"4_XU_LY_LOI_KHI_SU_DUNG_O_LECH_TAM\"><\/span><span style=\"color: #003366;\"><strong>4. X\u1eec L\u00dd L\u1ed6I KHI S\u1eec D\u1ee4NG \u00d4 L\u1ec6CH T\u00c2M<\/strong><\/span><span class=\"ez-toc-section-end\"><\/span><\/h2>\n<ul>\n<li>Ph\u1ea7n v\u1ea3i d\u00f9, t\u00e1n d\u00f9 b\u1ecb r\u00e1ch, m\u1ee5c, nh\u00e0u n\u00e1t ho\u1eb7c b\u1ecb \u1ea9m, m\u1ed1c kh\u00f4ng th\u1ec3 t\u1ea9y r\u1eeda do kh\u00f4ng c\u00f3 c\u00e1ch b\u1ea3o qu\u1ea3n, v\u1ec7 sinh \u0111\u00fang. \u0110\u1ed1i v\u1edbi l\u1ed7i n\u00e0y th\u00ec b\u1ea1n c\u00f3 th\u1ec3 mua ngay ph\u1ea7n b\u1ea1t m\u00e1i thay th\u1ebf \u0111\u1ec3 thay m\u1edbi.<\/li>\n<li>Khung d\u00f9 l\u1ec7ch t\u00e2m, k\u00e8o d\u00f9 b\u1ecb g\u00e3y khi\u1ebfn vi\u1ec7c \u0111\u00f3ng\/m\u1edf d\u00f9 tr\u1edf n\u00ean kh\u00f3 kh\u0103n v\u00e0 m\u1ea5t an to\u00e0n trong qu\u00e1 tr\u00ecnh s\u1eed d\u1ee5ng th\u00ec b\u1ea1n n\u00ean ki\u1ec3m tra l\u1ea1i xem khi \u0111\u00f3ng\/m\u1edf d\u00f9 c\u00f3 thao t\u00e1c sai khi\u1ebfn khung, k\u00e8o d\u00f9 b\u1ecb l\u1ec7ch hay kh\u00f4ng. T\u1ed1t nh\u1ea5t b\u1ea1n n\u00ean \u0111\u00f3ng d\u00f9 l\u1ea1i v\u00e0 m\u1edf ra m\u1ed9t c\u00e1ch th\u1eadt c\u1ea9n th\u1eadn \u0111\u1ec3 c\u00e1c kh\u1edbp n\u1ed1i v\u1ec1 \u0111\u00fang v\u1ecb tr\u00ed c\u1ee7a n\u00f3.<\/li>\n<li>Khung d\u00f9 b\u1ecb g\u1ec9 s\u00e9t, l\u1edbp s\u01a1n b\u1ecb m\u00f2n b\u1ea1n c\u00f3 th\u1ec3 kh\u1eafc ph\u1ee5c b\u1eb1ng c\u00e1ch c\u1ea1o h\u1ebft l\u1edbp s\u01a1n c\u0169 \u0111i v\u00e0 s\u01a1n l\u1ea1i l\u1edbp s\u01a1n kh\u00e1c. B\u1ea1n c\u1ea7n l\u01b0u \u00fd c\u1ea1o h\u1ebft l\u1edbp s\u01a1n c\u0169 tr\u01b0\u1edbc khi s\u01a1n l\u1edbp m\u1edbi nh\u00e9!<\/li>\n<li>B\u00e1nh xe t\u1ea1i \u0111\u1ebf d\u00f9 l\u1ec7ch t\u00e2m b\u1ecb h\u1ecfng khi\u1ebfn vi\u1ec7c di chuy\u1ec3n chi\u1ebfc d\u00f9 n\u1eb7ng t\u1edbi 50 &#8211; 70kg tr\u1edf n\u00ean kh\u00f3 kh\u0103n th\u00ec b\u1ea1n c\u00f3 th\u1ec3 thay th\u1ebf b\u00e1nh xe m\u1edbi. N\u1ebfu \u0111\u1ebf d\u00f9 c\u0169ng b\u1ecb g\u1ec9 s\u00e9t nhi\u1ec1u th\u00ec t\u1ed1t nh\u1ea5t b\u1ea1n n\u00ean thay th\u1ebf c\u1ea3 t\u1ea5m \u0111\u1ebf d\u00f9 \u0111\u1ec3 \u0111\u1ea3m b\u1ea3o an to\u00e0n trong qu\u00e1 tr\u00ecnh s\u1eed d\u1ee5ng.<\/li>\n<li>D\u00f9 l\u1ec7ch t\u00e2m b\u1ecb h\u1ecfng d\u00e2y c\u00e1p khi\u1ebfn vi\u1ec7c \u0111\u00f3ng m\u1edf d\u00f9 kh\u00f3 kh\u0103n th\u00ec b\u1ea1n c\u00f3 th\u1ec3 ki\u1ec3m tra xem d\u00e2y c\u00e1p c\u00f3 b\u1ecb \u0111\u1ee9t hay kh\u00f4ng. N\u1ebfu c\u00f3 th\u00ec b\u1ea1n n\u00ean thay th\u1ebf d\u00e2y c\u00e1p m\u1edbi, n\u1ebfu kh\u00f4ng th\u00ec n\u00ean ki\u1ec3m tra k\u1ef9 l\u1ea1i xem d\u00e2y c\u00e1p c\u00f3 v\u01b0\u1edbng v\u00e0o \u0111\u00e2u kh\u00f4ng nh\u00e9!<\/li>\n<\/ul>\n<h2><span class=\"ez-toc-section\" id=\"5_MUA_O_LECH_TAM_O_HA_LONG\"><\/span><strong><span style=\"color: #003366;\">5. MUA \u00d4 L\u1ec6CH T\u00c2M \u1ede H\u1ea0 LONG?<\/span><\/strong><span class=\"ez-toc-section-end\"><\/span><\/h2>\n<h2 class=\"has-vivid-cyan-blue-color has-text-color\"><span class=\"ez-toc-section\" id=\"Cong_ty_TNHH_Truong_Thanh_68_%E2%80%93_Don_vi_chuyen_cung_cap_thi_cong_lap_dat\"><\/span><strong>C\u00f4ng ty TNHH Tr\u01b0\u1eddng Th\u00e0nh 68 \u2013 \u0110\u01a1n v\u1ecb chuy\u00ean cung c\u1ea5p thi c\u00f4ng l\u1eafp \u0111\u1eb7t:<\/strong><span class=\"ez-toc-section-end\"><\/span><\/h2>\n<ul>\n<li>Thi c\u00f4ng Gi\u00e0n ph\u01a1i qu\u1ea7n \u00e1o t\u1ea1i C\u1ea9m Ph\u1ea3 Qu\u1ea3ng Ninh<\/li>\n<li>L\u01b0\u1edbi an to\u00e0n ban c\u00f4ng, c\u1ea7u thang<\/li>\n<li><a href=\"https:\/\/remchelangson.com.vn\/?product_cat=cua-luoi-chong-muoi\">C\u1eeda l\u01b0\u1edbi ch\u1ed1ng mu\u1ed7i, c\u00f4n tr\u00f9ng<\/a><\/li>\n<li>B\u1ea1t che n\u1eafng m\u01b0a t\u1ef1 cu\u1ed1n, b\u1ea1t m\u00e1i hi\u00ean, m\u00e1i x\u1ebfp, b\u1ea1t quay tay<\/li>\n<li>M\u00e0nh r\u00e8m: R\u00e8m g\u1ed7, r\u00e8m c\u1ea7u v\u1ed3ng, r\u00e8m cu\u1ed1n v\u0103n ph\u00f2ng, r\u00e8m s\u00e1o nh\u00f4m\u2026<\/li>\n<li><a href=\"https:\/\/remcuaquangninh.com.vn\/san-pham\/manh-tre-truc-chong-nang-ban-cong-ha-long\/\" rel=\"noopener\">M\u00e0nh tre tr\u00fac<\/a><\/li>\n<li>\u00d4 d\u00f9 che n\u1eafng m\u01b0a l\u1ec7ch t\u00e2m<\/li>\n<\/ul>\n<p><strong><span style=\"font-size: 14pt; color: #ff0000;\">Li\u00ean h\u1ec7: 0962.212.060<\/span><\/strong><\/p>\n<p><strong><span style=\"font-size: 14pt; color: #ff0000;\">\u0110\u1ecba ch\u1ec9: 60 Tr\u1ea7n Ph\u00fa &#8211; H\u1ea1 Long &#8211; Qu\u1ea3ng Ninh (C\u1ea7u K67 &#8211; Cao Xanh)<\/span><\/strong><\/p>\n<p>&nbsp;<\/p>\n","protected":false},"excerpt":{"rendered":"<h1>\u00d4 L\u1ec6CH T\u00c2M H\u1ea0 LONG QU\u1ea2NG NINH<\/h1>\n<p>Chuy\u00ean cung c\u1ea5p, b\u00e1n \u00f4 l\u1ec7ch t\u00e2m H\u1ea1 Long Qu\u1ea3ng Ninh. B\u00e1n \u00f4 l\u1ec7ch t\u00e2m che n\u1eafng m\u01b0a d\u00e0nh cho nh\u00e0 h\u00e0ng, qu\u00e1n \u0103n, kh\u00e1ch s\u1ea1n t\u1ea1i H\u1ea1 Long v\u00e0 c\u00e1c khu v\u1ef1c l\u00e2n c\u1eadn nh\u01b0: U\u00f4ng B\u00ed, Qu\u1ea3ng Y\u00ean, Ho\u00e0nh B\u1ed3, C\u1ea9m Ph\u1ea3&#8230;<\/p>\n","protected":false},"featured_media":790,"comment_status":"open","ping_status":"closed","template":"","meta":{"spay_email":""},"product_cat":[18],"product_tag":[],"class_list":{"0":"post-789","1":"product","2":"type-product","3":"status-publish","4":"has-post-thumbnail","6":"product_cat-bat-che","8":"first","9":"instock","10":"shipping-taxable","11":"product-type-simple"},"jetpack-related-posts":[{"id":968,"url":"https:\/\/remchelangson.com.vn\/?product=o-du-che-nang-mua-cam-pha-quang-ninh","url_meta":{"origin":789,"position":0},"title":"B\u00c1N \u00d4 D\u00d9 CHE N\u1eaeNG M\u01afA C\u1ea8M PH\u1ea2","date":"22 Th\u00e1ng 2, 2023","format":false,"excerpt":"Chuy\u00ean cung c\u1ea5p, b\u00e1n \u00f4 l\u1ec7ch t\u00e2m H\u1ea1 Long Qu\u1ea3ng Ninh. B\u00e1n \u00f4 l\u1ec7ch t\u00e2m che n\u1eafng m\u01b0a d\u00e0nh cho nh\u00e0 h\u00e0ng, qu\u00e1n \u0103n, kh\u00e1ch s\u1ea1n t\u1ea1i C\u1ea9m Ph\u1ea3 v\u00e0 c\u00e1c khu v\u1ef1c l\u00e2n c\u1eadn nh\u01b0: U\u00f4ng B\u00ed, Qu\u1ea3ng Y\u00ean, Ho\u00e0nh B\u1ed3, C\u1ea9m Ph\u1ea3\u2026","rel":"","context":"Similar post","img":{"alt_text":"","src":"https:\/\/i0.wp.com\/remchelangson.com.vn\/wp-content\/uploads\/2023\/02\/ban-o-du-lech-tam-ben-dep-re-tai-cam-pha-quang-ninh.jpg?fit=700%2C750&ssl=1&resize=350%2C200","width":350,"height":200},"classes":[]},{"id":976,"url":"https:\/\/remchelangson.com.vn\/?product=o-du-trang-tri-van-don-quang-ninh","url_meta":{"origin":789,"position":1},"title":"\u00d4 D\u00d9 TRANG TR\u00cd V\u00c2N \u0110\u1ed2N","date":"24 Th\u00e1ng 2, 2023","format":false,"excerpt":"Chuy\u00ean cung c\u1ea5p \u00f4 l\u1ec7ch t\u00e2m t\u1ea1i C\u1ea9m Ph\u1ea3 v\u00e0 c\u00e1c khu v\u1ef1c l\u00e2n c\u1eadn nh\u01b0 U\u00f4ng B\u00ed, Qu\u1ea3ng Y\u00ean,Ho\u00e0nh B\u1ed3, H\u1ea1 Long, V\u00e2n \u0110\u1ed3n. \u00d4 d\u00f9 \u0111\u1eb9p cho nh\u00e0 h\u00e0ng, qu\u00e1n \u0103n, qu\u00e1n cafe t\u1ea1i V\u00e2n \u0110\u1ed3n Qu\u1ea3ng Ninh.","rel":"","context":"Similar post","img":{"alt_text":"","src":"https:\/\/i0.wp.com\/remchelangson.com.vn\/wp-content\/uploads\/2023\/02\/don-vi-ban-o-du-lech-tam-van-don-quang-ninh.jpg?fit=750%2C629&ssl=1&resize=350%2C200","width":350,"height":200},"classes":[]},{"id":672,"url":"https:\/\/remchelangson.com.vn\/?product=gian-phoi-quan-ao-thong-minh-o-cam-pha","url_meta":{"origin":789,"position":2},"title":"GI\u00c0N PH\u01a0I QU\u1ea6N \u00c1O TH\u00d4NG MINH \u1ede C\u1ea8M PH\u1ea2","date":"22 Th\u00e1ng 3, 2022","format":false,"excerpt":"GI\u00c0N PH\u01a0I QU\u1ea6N \u00c1O TH\u00d4NG MINH \u1ede C\u1ea8M PH\u1ea2 R\u00e8m che Lang S\u01a1n chuy\u00ean cung c\u1ea5p thi c\u00f4ng, l\u1eafp \u0111\u1eb7t gi\u00e0n ph\u01a1i qu\u1ea7n \u00e1o th\u00f4ng minh \u1edf C\u1ea9m Ph\u1ea3 Qu\u1ea3ng Ninh. Ngo\u00e0i ra, ch\u00fang t\u00f4i c\u00f2n thi c\u00f4ng, l\u1eafp \u0111\u1eb7t c\u00e1c lo\u1ea1i s\u1ea3n ph\u1ea9m kh\u00e1c nh\u01b0:\u00a0 L\u01b0\u1edbi an to\u00e0n ban\u2026","rel":"","context":"Similar post","img":{"alt_text":"","src":"https:\/\/i1.wp.com\/remchelangson.com.vn\/wp-content\/uploads\/2022\/03\/don-vi-lap-gian-phoi-quan-ao-thong-minh-tai-cam-pha-quang-ninh.jpg?fit=700%2C800&ssl=1&resize=350%2C200","width":350,"height":200},"classes":[]},{"id":1054,"url":"https:\/\/remchelangson.com.vn\/?product=rem-to-ong-ngan-phong-ha-long","url_meta":{"origin":789,"position":3},"title":"R\u00c8M T\u1ed4 ONG NG\u0102N PH\u00d2NG H\u1ea0 LONG QU\u1ea2NG NINH","date":"22 Th\u00e1ng m\u01b0\u1eddi m\u1ed9t, 2023","format":false,"excerpt":"R\u00e8m t\u1ed5 ong h\u1ec7 kh\u00f4ng d\u00e2y k\u00e9o \u0111\u01b0\u1ee3c \u0111\u00e1nh gi\u00e1 l\u00e0 an to\u00e0n tuy\u1ec7t \u0111\u1ed1i cho ng\u01b0\u1eddi s\u1ef1 d\u1ee5ng, \u0111\u1eb7c bi\u1ec7t \u0111\u1ed1i v\u1edbi nh\u1eefng gia \u0111\u00ecnh c\u00f3 tr\u1ebb nh\u1ecf, gi\u1ea3i ph\u00e1p n\u00e0y\u00a0 c\u00f3 th\u1ec3 tr\u00e1nh tr\u01b0\u1eddng h\u1ee3p ngo\u00e0i \u00fd mu\u1ed1n s\u1ea3y ra\u00a0nh\u01b0\u00a0tr\u1ebb nh\u1ecf v\u00f4 t\u00ecnh b\u1ecb d\u00e2y m\u1eafc v\u00e0o ng\u01b0\u1eddi.","rel":"","context":"Similar post","img":{"alt_text":"","src":"https:\/\/i1.wp.com\/remchelangson.com.vn\/wp-content\/uploads\/2023\/11\/don-vi-lam-rem-to-ong-ngan-phong-can-nhiet-tai-ha-long-quang-ninh.jpg?fit=700%2C700&ssl=1&resize=350%2C200","width":350,"height":200},"classes":[]},{"id":565,"url":"https:\/\/remchelangson.com.vn\/?product=gian-phoi-quan-ao-tai-uong-bi-quang-ninh","url_meta":{"origin":789,"position":4},"title":"GI\u00c0N PH\u01a0I QU\u1ea6N \u00c1O T\u1ea0I U\u00d4NG B\u00cd QU\u1ea2NG NINH","date":"6 Th\u00e1ng 1, 2022","format":false,"excerpt":"L\u1eaeP GI\u00c0N PH\u01a0I QU\u1ea6N \u00c1O T\u1ea0I U\u00d4NG B\u00cd QU\u1ea2NG NINH \u00a0C\u00f4ng ty TNHH Tr\u01b0\u1eddng Th\u00e0nh 68 \u2013 \u0110\u01a1n v\u1ecb chuy\u00ean cung c\u1ea5p thi c\u00f4ng l\u1eafp \u0111\u1eb7t: Thi c\u00f4ng Gi\u00e0n ph\u01a1i qu\u1ea7n \u00e1o t\u1ea1i U\u00f4ng B\u00ed - Qu\u1ea3ng Ninh L\u01b0\u1edbi an to\u00e0n ban c\u00f4ng, c\u1ea7u thang C\u1eeda l\u01b0\u1edbi ch\u1ed1ng mu\u1ed7i, c\u00f4n\u2026","rel":"","context":"Similar post","img":{"alt_text":"","src":"https:\/\/i2.wp.com\/remchelangson.com.vn\/wp-content\/uploads\/2022\/01\/gian-phoi-thong-minh-uong-bi-quang-ninh.png?fit=600%2C600&ssl=1&resize=350%2C200","width":350,"height":200},"classes":[]},{"id":741,"url":"https:\/\/remchelangson.com.vn\/?product=lap-luoi-an-toan-nha-truong-hoc-mong-cai","url_meta":{"origin":789,"position":5},"title":"L\u1eaeP L\u01af\u1edaI AN TO\u00c0N NH\u00c0 TR\u01af\u1edcNG H\u1eccC M\u00d3NG C\u00c1I","date":"29 Th\u00e1ng 3, 2022","format":false,"excerpt":"L\u1eaeP L\u01af\u1edaI AN TO\u00c0N NH\u00c0 TR\u01af\u1edcNG H\u1eccC M\u00d3NG C\u00c1I Chuy\u00ean cung c\u1ea5p thi c\u00f4ng, l\u00e0m l\u01b0\u1edbi an to\u00e0n ban c\u00f4ng, c\u1ea7u thang uy t\u00edn, b\u1ec1n, gi\u00e1 r\u1ebb t\u1ea1i M\u00f3ng C\u00e1i Qu\u1ea3ng Ninh. R\u00e8m che Lang Son - \u0110\u01a1n v\u1ecb l\u1eafp l\u01b0\u1edbi an to\u00e0n tr\u1ebb em M\u00f3ng C\u00e1i Qu\u1ea3ng Ninh v\u00e0\u2026","rel":"","context":"Similar post","img":{"alt_text":"","src":"https:\/\/i0.wp.com\/remchelangson.com.vn\/wp-content\/uploads\/2022\/03\/luoi-an-toan-ban-cong-cau-thang-cua-so-tai-mong-cai-quang-ninh.jpg?fit=700%2C700&ssl=1&resize=350%2C200","width":350,"height":200},"classes":[]}],"_links":{"self":[{"href":"https:\/\/remchelangson.com.vn\/index.php?rest_route=\/wp\/v2\/product\/789","targetHints":{"allow":["GET"]}}],"collection":[{"href":"https:\/\/remchelangson.com.vn\/index.php?rest_route=\/wp\/v2\/product"}],"about":[{"href":"https:\/\/remchelangson.com.vn\/index.php?rest_route=\/wp\/v2\/types\/product"}],"replies":[{"embeddable":true,"href":"https:\/\/remchelangson.com.vn\/index.php?rest_route=%2Fwp%2Fv2%2Fcomments&post=789"}],"version-history":[{"count":2,"href":"https:\/\/remchelangson.com.vn\/index.php?rest_route=\/wp\/v2\/product\/789\/revisions"}],"predecessor-version":[{"id":795,"href":"https:\/\/remchelangson.com.vn\/index.php?rest_route=\/wp\/v2\/product\/789\/revisions\/795"}],"wp:featuredmedia":[{"embeddable":true,"href":"https:\/\/remchelangson.com.vn\/index.php?rest_route=\/wp\/v2\/media\/790"}],"wp:attachment":[{"href":"https:\/\/remchelangson.com.vn\/index.php?rest_route=%2Fwp%2Fv2%2Fmedia&parent=789"}],"wp:term":[{"taxonomy":"product_cat","embeddable":true,"href":"https:\/\/remchelangson.com.vn\/index.php?rest_route=%2Fwp%2Fv2%2Fproduct_cat&post=789"},{"taxonomy":"product_tag","embeddable":true,"href":"https:\/\/remchelangson.com.vn\/index.php?rest_route=%2Fwp%2Fv2%2Fproduct_tag&post=789"}],"curies":[{"name":"wp","href":"https:\/\/api.w.org\/{rel}","templated":true}]}}