{"id":879,"date":"2022-07-23T13:27:38","date_gmt":"2022-07-23T13:27:38","guid":{"rendered":"https:\/\/remchelangson.com.vn\/?post_type=product&#038;p=879"},"modified":"2022-09-13T14:13:35","modified_gmt":"2022-09-13T14:13:35","slug":"rem-cuon-van-phong-tai-lang-son","status":"publish","type":"product","link":"https:\/\/remchelangson.com.vn\/?product=rem-cuon-van-phong-tai-lang-son","title":{"rendered":"R\u00c8M CU\u1ed0N V\u0102N PH\u00d2NG T\u1ea0I L\u1ea0NG S\u01a0N"},"content":{"rendered":"<div id=\"ez-toc-container\" class=\"ez-toc-v2_0_62 counter-hierarchy ez-toc-counter ez-toc-grey ez-toc-container-direction\">\n<div class=\"ez-toc-title-container\"><p class=\"ez-toc-title\">N\u1ed9i dung b&agrave;i vi\u1ebft<\/p>\n<\/div><nav><ul class='ez-toc-list ez-toc-list-level-1 ' ><li class='ez-toc-page-1 ez-toc-heading-level-1'><a class=\"ez-toc-link ez-toc-heading-1\" href=\"https:\/\/remchelangson.com.vn\/?product=rem-cuon-van-phong-tai-lang-son\/#REM_CUON_VAN_PHONG_TAI_LANG_SON\" title=\"R\u00c8M CU\u1ed0N V\u0102N PH\u00d2NG T\u1ea0I L\u1ea0NG S\u01a0N\">R\u00c8M CU\u1ed0N V\u0102N PH\u00d2NG T\u1ea0I L\u1ea0NG S\u01a0N<\/a><ul class='ez-toc-list-level-2' ><li class='ez-toc-heading-level-2'><a class=\"ez-toc-link ez-toc-heading-2\" href=\"https:\/\/remchelangson.com.vn\/?product=rem-cuon-van-phong-tai-lang-son\/#1_Rem_cuon_la_gi_%E2%80%93_Rem_cuon_van_phong_tai_Lang_Son\" title=\"1. R\u00e8m cu\u1ed1n l\u00e0 g\u00ec? &#8211; R\u00e8m cu\u1ed1n v\u0103n ph\u00f2ng t\u1ea1i L\u1ea1ng S\u01a1n\">1. R\u00e8m cu\u1ed1n l\u00e0 g\u00ec? &#8211; R\u00e8m cu\u1ed1n v\u0103n ph\u00f2ng t\u1ea1i L\u1ea1ng S\u01a1n<\/a><\/li><li class='ez-toc-page-1 ez-toc-heading-level-2'><a class=\"ez-toc-link ez-toc-heading-3\" href=\"https:\/\/remchelangson.com.vn\/?product=rem-cuon-van-phong-tai-lang-son\/#2_Ung_dung_cua_rem_cuon_van_phong\" title=\"2. \u1ee8ng d\u1ee5ng c\u1ee7a r\u00e8m cu\u1ed1n v\u0103n ph\u00f2ng\">2. \u1ee8ng d\u1ee5ng c\u1ee7a r\u00e8m cu\u1ed1n v\u0103n ph\u00f2ng<\/a><ul class='ez-toc-list-level-3' ><li class='ez-toc-heading-level-3'><a class=\"ez-toc-link ez-toc-heading-4\" href=\"https:\/\/remchelangson.com.vn\/?product=rem-cuon-van-phong-tai-lang-son\/#Uu_Diem_Cua_Rem_Cuon\" title=\"\u01afu \u0110i\u1ec3m C\u1ee7a R\u00e8m Cu\u1ed1n\">\u01afu \u0110i\u1ec3m C\u1ee7a R\u00e8m Cu\u1ed1n<\/a><\/li><\/ul><\/li><li class='ez-toc-page-1 ez-toc-heading-level-2'><a class=\"ez-toc-link ez-toc-heading-5\" href=\"https:\/\/remchelangson.com.vn\/?product=rem-cuon-van-phong-tai-lang-son\/#3_Cach_ve_sinh_rem_cuon_van_phong_tai_Lang_Son\" title=\"3. C\u00e1ch v\u1ec7 sinh r\u00e8m cu\u1ed1n v\u0103n ph\u00f2ng t\u1ea1i L\u1ea1ng S\u01a1n\">3. C\u00e1ch v\u1ec7 sinh r\u00e8m cu\u1ed1n v\u0103n ph\u00f2ng t\u1ea1i L\u1ea1ng S\u01a1n<\/a><\/li><li class='ez-toc-page-1 ez-toc-heading-level-2'><a class=\"ez-toc-link ez-toc-heading-6\" href=\"https:\/\/remchelangson.com.vn\/?product=rem-cuon-van-phong-tai-lang-son\/#4_Lap_rem_cuon_van_phong_tai_Lang_Son_o_dau\" title=\"4. L\u1eafp r\u00e8m cu\u1ed1n v\u0103n ph\u00f2ng t\u1ea1i L\u1ea1ng S\u01a1n \u1edf \u0111\u00e2u?\">4. L\u1eafp r\u00e8m cu\u1ed1n v\u0103n ph\u00f2ng t\u1ea1i L\u1ea1ng S\u01a1n \u1edf \u0111\u00e2u?<\/a><\/li><li class='ez-toc-page-1 ez-toc-heading-level-2'><a class=\"ez-toc-link ez-toc-heading-7\" href=\"https:\/\/remchelangson.com.vn\/?product=rem-cuon-van-phong-tai-lang-son\/#5_Hinh_anh_thi_cong_rem_cuon_van_phong_tai_Lang_Son\" title=\"5. H\u00ecnh \u1ea3nh thi c\u00f4ng r\u00e8m cu\u1ed1n v\u0103n ph\u00f2ng t\u1ea1i L\u1ea1ng S\u01a1n\">5. H\u00ecnh \u1ea3nh thi c\u00f4ng r\u00e8m cu\u1ed1n v\u0103n ph\u00f2ng t\u1ea1i L\u1ea1ng S\u01a1n<\/a><\/li><\/ul><\/li><\/ul><\/nav><\/div>\n<h1><span class=\"ez-toc-section\" id=\"REM_CUON_VAN_PHONG_TAI_LANG_SON\"><\/span><span style=\"font-family: arial, helvetica, sans-serif;\"><strong>R\u00c8M CU\u1ed0N V\u0102N PH\u00d2NG T\u1ea0I L\u1ea0NG S\u01a0N<\/strong><\/span><span class=\"ez-toc-section-end\"><\/span><\/h1>\n<p><span style=\"color: #800000; font-family: arial, helvetica, sans-serif;\"><em>Chuy\u00ean cung c\u1ea5p, thi c\u00f4ng, l\u1eafp R\u00e8m cu\u1ed1n v\u0103n ph\u00f2ng uy t\u00edn, b\u1ec3n \u0111\u1eb9p, gi\u00e1 r\u1ebb t\u1ea1i L\u1ea1ng S\u01a1n. v\u00e0 c\u00e1c khu v\u1ef1c l\u00e2n c\u1eadn nh\u01b0 \u0110\u00ecnh L\u1eadp, \u00a0B\u1eb1ng M\u1ea1c, B\u1eafc S\u01a1n, B\u00ecnh Gia, Cao L\u1ed9c, \u0110i\u1ec1m He, L\u1ed9c B\u00ecnh, \u00d4n Ch\u00e2u, Tho\u00e1t L\u00e3ng, Tr\u00e0ng \u0110\u1ecbnh, V\u0103n Uy\u00ean.\u00a0<\/em><\/span><\/p>\n<p><span style=\"font-family: arial, helvetica, sans-serif;\">Chuy\u00ean cung c\u1ea5p thi c\u00f4ng r\u00e8m cu\u1ed1n v\u0103n ph\u00f2ng t\u1ea1i L\u1ea1ng S\u01a1n<\/span><\/p>\n<h2><span class=\"ez-toc-section\" id=\"1_Rem_cuon_la_gi_%E2%80%93_Rem_cuon_van_phong_tai_Lang_Son\"><\/span><span style=\"color: #0000ff; font-family: arial, helvetica, sans-serif;\"><strong>1. R\u00e8m cu\u1ed1n l\u00e0 g\u00ec? &#8211; R\u00e8m cu\u1ed1n v\u0103n ph\u00f2ng t\u1ea1i L\u1ea1ng S\u01a1n<\/strong><\/span><span class=\"ez-toc-section-end\"><\/span><\/h2>\n<p><span style=\"font-family: arial, helvetica, sans-serif;\">R\u00e8m cu\u1ed1n\u00a0\u00a0l\u00e0 lo\u1ea1i r\u00e8m \u0111\u01b0\u1ee3c c\u1ea5u t\u1ea1o b\u1edfi m\u1ed9t t\u1ea5m v\u1ea3i polyeste \u0111\u01b0\u1ee3c cu\u1ed9n v\u00e0o \u1ed1ng nh\u00f4m. K\u00e9o l\u00ean h\u1ea1 xu\u1ed1ng b\u1eb1ng s\u1ee3i d\u00e2y g\u1eafn v\u00e0o r\u00f2ng r\u1ecdc tr\u00ean \u0111\u1ea7u \u1ed1ng cu\u1ed1n ho\u1eb7c \u0111i\u1ec3u khi\u1ec3n b\u1eb1ng motor t\u1ef1 \u0111\u1ed9ng. R\u00e8m cu\u1ed1n v\u0103n ph\u00f2ng \u0111ang l\u00e0 xu h\u01b0\u1edbng mang \u0111\u1ebfn s\u1ef1 quy\u1ebfn r\u0169 v\u00e0 sang tr\u1ecdng cho ng\u00f4i nh\u00e0 hay v\u0103n ph\u00f2ng c\u1ee7a b\u1ea1n. Ch\u00fang c\u0169ng c\u00f3 nhi\u1ec1u m\u00e0u s\u1eafc v\u00e0 phong c\u00e1ch kh\u00e1c nhau. V\u00ec v\u1eady b\u1ea1n c\u00f3 th\u1ec3 k\u1ebft h\u1ee3p b\u1ea5t k\u1ef3\u00a0t\u00f4ng n\u1ec1n ho\u1eb7c v\u1ecb tr\u00ed mong mu\u1ed1n.<\/span><\/p>\n<p style=\"margin-top: 0cm; text-align: justify; background: white;\"><span style=\"font-family: arial, helvetica, sans-serif;\"><a href=\"https:\/\/remchelangson.com.vn\/?product_cat=chua-phan-loai\"><strong><span style=\"font-size: 13pt; color: black;\">R\u00e8m cu\u1ed1n<\/span><\/strong><\/a><span style=\"font-size: 13pt; color: black;\">\u00a0l\u00e0 m\u1ed9t trong nh\u1eefng v\u1eadt d\u1ee5ng kh\u00f4ng th\u1ec3 thi\u1ebfu trong v\u0103n ph\u00f2ng c\u00f4ng ty, nh\u00e0 \u1edf, c\u0103n h\u1ed9, qu\u00e1n cafe\u2026 v\u1edbi m\u1ee5c \u0111\u00edch ch\u1ed1ng n\u1eafng, ch\u1ed1ng n\u00f3ng, c\u00e1ch nhi\u1ec7t, ch\u1ed1ng \u1ed3n v\u00e0 r\u1ea5t nhi\u1ec1u m\u1eabu r\u00e8m cu\u1ed1n in tranh c\u1ea3nh, in Logo,\u2026<\/span><\/span><\/p>\n<h2><span class=\"ez-toc-section\" id=\"2_Ung_dung_cua_rem_cuon_van_phong\"><\/span><span style=\"font-family: arial, helvetica, sans-serif;\"><strong><span style=\"color: #0000ff;\">2. \u1ee8ng d\u1ee5ng c\u1ee7a r\u00e8m cu\u1ed1n v\u0103n ph\u00f2ng<\/span><\/strong><\/span><span class=\"ez-toc-section-end\"><\/span><\/h2>\n<p><span style=\"font-family: arial, helvetica, sans-serif;\"><strong>R\u00e8m cu\u1ed1n<\/strong>\u00a0l\u00e0 d\u00f2ng s\u1ea3n ph\u1ea9m\u00a0<strong>hi\u1ec7n \u0111\u1ea1<\/strong>i,\u00a0<strong>ti\u1ebft ki\u1ec7m kh\u00f4ng gian<\/strong><\/span><\/p>\n<p><span style=\"font-family: arial, helvetica, sans-serif;\"><strong>R\u00e8m cu\u1ed1n<\/strong>\u00a0che ch\u1eafn \u00e1nh s\u00e1ng v\u00e0 che n\u1eafng t\u1eeb 80% \u2013 100%<strong>. <\/strong><strong>\u0110\u1eb7c bi\u1ec7t l\u00e0 nh\u1eefng m\u1eabu r\u00e8m cu\u1ed1n ch\u1ed1ng n\u1eafng n\u00f3ng 100%, ch\u1ed1ng b\u00e1m b\u1ee5i v\u00e0<\/strong>\u00a0c\u00f3 kh\u1ea3 n\u0103ng ch\u1ed1ng \u1ed3n v\u00e0 c\u00e1ch nhi\u1ec7t r\u1ea5t hi\u1ec7u qu\u1ea3. Chi ph\u00ed l\u1eafp \u0111\u1eb7t th\u1ea5p, th\u1eddi gian \u0111\u1eb7t h\u00e0ng nhanh ch\u00f3ng ch\u1ec9 trong v\u00f2ng 1 ng\u00e0y l\u1eafp \u0111\u1eb7t v\u00e0 \u0111\u01b0a v\u00e0o s\u1eed d\u1ee5ng ngay.<\/span><\/p>\n<h3><span class=\"ez-toc-section\" id=\"Uu_Diem_Cua_Rem_Cuon\"><\/span><span style=\"font-family: arial, helvetica, sans-serif;\"><strong>\u01afu \u0110i\u1ec3m C\u1ee7a R\u00e8m Cu\u1ed1n<\/strong><\/span><span class=\"ez-toc-section-end\"><\/span><\/h3>\n<p><span style=\"font-family: arial, helvetica, sans-serif;\"><strong>R\u00e8m c\u1eeda cu\u1ed1n<\/strong>\u00a0hi\u1ec7n nay l\u00e0 m\u1eabu r\u00e8m\u00a0<strong>hi\u1ec7n \u0111\u1ea1i v\u00e0 ti\u1ebft ki\u1ec7m \u0111\u01b0\u1ee3c r\u1ea5t nhi\u1ec1u kh\u00f4ng gian n\u1ed9i th\u1ea5t<\/strong><strong>. <\/strong>Thu\u1ed9c v\u00e0o nh\u00f3m n\u1ed9i th\u1ea5t ti\u1ec7n l\u1ee3i v\u00e0 th\u00f4ng minh, s\u1eed d\u1ee5ng d\u1ec5 d\u00e0ng v\u00e0 \u0111\u1ed9 b\u1ec1n c\u1ef1c k\u1ef3 cao kh\u00f4ng c\u1ea7n ph\u1ea3i gi\u1eb7t v\u00e0 v\u1ec7 sinh.<\/span><\/p>\n<p><span style=\"font-family: arial, helvetica, sans-serif;\">R\u00e8m cu\u1ed1n v\u1edbi ch\u1ea5t li\u1ec7u v\u1ea3i Polyester 100%<\/span><\/p>\n<h2><span class=\"ez-toc-section\" id=\"3_Cach_ve_sinh_rem_cuon_van_phong_tai_Lang_Son\"><\/span><span style=\"color: #0000ff; font-family: arial, helvetica, sans-serif;\"><strong>3. C\u00e1ch v\u1ec7 sinh r\u00e8m cu\u1ed1n v\u0103n ph\u00f2ng t\u1ea1i L\u1ea1ng S\u01a1n<\/strong><\/span><span class=\"ez-toc-section-end\"><\/span><\/h2>\n<p><span style=\"font-family: arial, helvetica, sans-serif;\">B\u1ea1n \u0111\u00e3 t\u00ecm \u0111\u01b0\u1ee3c m\u1ed9t chi\u1ebfc r\u00e8m \u0111\u1eb9p \u0111\u00fang \u00fd r\u1ed3i. Nh\u01b0ng b\u1ea1n \u0111\u00e3 bi\u1ebft c\u00e1ch l\u00e0m sao \u0111\u1ec3 chi\u1ebfc r\u00e8m lu\u00f4n s\u1ea1ch \u0111\u1eb9p, c\u00f3 \u0111\u1ed9 b\u1ec1n cao hay ch\u01b0a?<\/span><\/p>\n<p><span style=\"font-family: arial, helvetica, sans-serif;\">B\u1ea5t c\u1ee9 lo\u1ea1i r\u00e8m c\u1eeda n\u00e0o c\u0169ng s\u1ebd b\u1ecb b\u00e1m b\u1ee5i, \u0111\u00f3 l\u00e0 \u0111i\u1ec1u kh\u00f4ng th\u1ec3 tr\u00e1nh kh\u1ecfi. N\u1ebfu \u0111\u1ec3 l\u1edbp b\u1ee5i b\u1ea9n b\u00e1m l\u00e2u ng\u00e0y, tr\u00f4ng chi\u1ebfc r\u00e8m s\u1ebd r\u1ea5t b\u1ea9n, l\u00e0m gi\u1ea3m t\u00ednh th\u1ea9m m\u1ef9, ng\u01b0\u1eddi kh\u00e1c nh\u00ecn v\u00e0o c\u0169ng s\u1ebd c\u00f3 nh\u1eefng \u0111\u00e1nh gi\u00e1 kh\u00f4ng hay v\u1ec1 gia ch\u1ee7. Ch\u01b0a h\u1ebft, m\u1ed9t chi\u1ebfc r\u00e8m kh\u00f4ng s\u1ea1ch s\u1ebd c\u0169ng s\u1ebd l\u00e0m cho kh\u00f4ng kh\u00ed trong c\u0103n ph\u00f2ng \u0111\u00f3 kh\u00f4ng \u0111\u01b0\u1ee3c trong l\u00e0nh. Do \u0111\u00f3, h\u00e3y v\u1ec7 sinh r\u00e8m th\u01b0\u1eddng xuy\u00ean b\u1ea1n nh\u00e9.<\/span><\/p>\n<p><span style=\"font-family: arial, helvetica, sans-serif;\">M\u00e0nh cu\u1ed1n l\u00e0 m\u1ed9t trong nh\u1eefng lo\u1ea1i m\u00e0nh r\u00e8m d\u1ec5 v\u1ec7 sinh nh\u1ea5t trong t\u1ea5t c\u1ea3 c\u00e1c lo\u1ea1i r\u00e8m. B\u1ea1n c\u00f3 th\u1ec3 d\u00f9ng ch\u1ed5i l\u00f4ng \u0111\u1ec3 qu\u00e9t b\u1ee5i h\u00e0ng ng\u00e0y ho\u1eb7c d\u00f9ng m\u00e1y h\u00fat b\u1ee5i c\u1ea7m tay \u0111\u1ec3 h\u00fat s\u1ea1ch b\u1ee5i b\u00e1m, sau \u0111\u00f3 th\u00ec d\u00f9ng m\u1ed9t chi\u1ebfc kh\u0103n \u1ea9m \u0111\u1ec3 lau s\u1ea1ch l\u1ea1i l\u1ea7n n\u1eefa b\u1ec1 m\u1eb7t r\u00e8m. \u0110\u1ed1i v\u1edbi nh\u1eefng chi\u1ebfc r\u00e8m v\u0103n ph\u00f2ng th\u00ec d\u00f9ng m\u00e1y h\u00fat b\u1ee5i v\u1ec7 sinh r\u00e8m \u0111\u1ecbnh k\u1ef3 s\u1ebd \u0111\u1ee1 t\u1ed1n th\u1eddi gian h\u01a1n m\u00e0 v\u1eabn \u0111\u1ea3m b\u1ea3o r\u00e8m \u0111\u01b0\u1ee3c s\u1ea1ch s\u1ebd.<\/span><\/p>\n<h2><span class=\"ez-toc-section\" id=\"4_Lap_rem_cuon_van_phong_tai_Lang_Son_o_dau\"><\/span><span style=\"color: #0000ff; font-family: arial, helvetica, sans-serif;\"><strong>4. L\u1eafp r\u00e8m cu\u1ed1n v\u0103n ph\u00f2ng t\u1ea1i L\u1ea1ng S\u01a1n \u1edf \u0111\u00e2u?<\/strong><\/span><span class=\"ez-toc-section-end\"><\/span><\/h2>\n<p><span style=\"font-family: arial, helvetica, sans-serif;\">\u0110\u1ecba ch\u1ec9 l\u1eafp r\u00e8m uy t\u00edn, b\u1ec1n \u0111\u1eb9p gi\u00e1 r\u1ebb t\u1ea1i L\u1ea1ng S\u01a1n:<\/span><\/p>\n<ul>\n<li><span style=\"font-family: arial, helvetica, sans-serif;\">\u0110\u1ecba ch\u1ec9: S\u1ed1 25 \u0111\u01b0\u1eddng B\u00f4ng Lau &#8211; Th\u00e0nh ph\u1ed1 L\u1ea1ng S\u01a1n<\/span><\/li>\n<li><span style=\"font-family: arial, helvetica, sans-serif;\">Li\u00ean h\u1ec7: 0962.212.060<\/span><\/li>\n<\/ul>\n<h2><span class=\"ez-toc-section\" id=\"5_Hinh_anh_thi_cong_rem_cuon_van_phong_tai_Lang_Son\"><\/span><span style=\"font-family: arial, helvetica, sans-serif;\"><strong><span style=\"color: #0000ff;\">5. H\u00ecnh \u1ea3nh thi c\u00f4ng r\u00e8m cu\u1ed1n v\u0103n ph\u00f2ng t\u1ea1i L\u1ea1ng S\u01a1n<\/span><\/strong><\/span><span class=\"ez-toc-section-end\"><\/span><\/h2>\n<p><span style=\"font-family: arial, helvetica, sans-serif;\"><img loading=\"lazy\" decoding=\"async\" class=\"aligncenter wp-image-881 size-full\" src=\"https:\/\/i2.wp.com\/remchelangson.com.vn\/wp-content\/uploads\/2022\/07\/rem-cua-so-cuon-tai-lang-son.jpg?resize=700%2C650&#038;ssl=1\" alt=\"thi-cong-lap-rem-cupn-van-phong-tai-lang-son\" width=\"700\" height=\"650\" title=\"\" srcset=\"https:\/\/i2.wp.com\/remchelangson.com.vn\/wp-content\/uploads\/2022\/07\/rem-cua-so-cuon-tai-lang-son.jpg?w=700&amp;ssl=1 700w, https:\/\/i2.wp.com\/remchelangson.com.vn\/wp-content\/uploads\/2022\/07\/rem-cua-so-cuon-tai-lang-son.jpg?resize=300%2C279&amp;ssl=1 300w, https:\/\/i2.wp.com\/remchelangson.com.vn\/wp-content\/uploads\/2022\/07\/rem-cua-so-cuon-tai-lang-son.jpg?resize=200%2C186&amp;ssl=1 200w, https:\/\/i2.wp.com\/remchelangson.com.vn\/wp-content\/uploads\/2022\/07\/rem-cua-so-cuon-tai-lang-son.jpg?resize=600%2C557&amp;ssl=1 600w\" sizes=\"auto, (max-width: 700px) 100vw, 700px\" data-recalc-dims=\"1\" \/><\/span><\/p>\n<p style=\"text-align: center;\"><span style=\"font-family: arial, helvetica, sans-serif;\">Thi c\u00f4ng l\u1eafp r\u00e8m cu\u1ed1n v\u0103n ph\u00f2ng t\u1ea1i L\u1ea1ng S\u01a1n<\/span><\/p>\n<p><span style=\"font-family: arial, helvetica, sans-serif;\"><img loading=\"lazy\" decoding=\"async\" class=\"aligncenter wp-image-880 size-full\" src=\"https:\/\/i1.wp.com\/remchelangson.com.vn\/wp-content\/uploads\/2022\/07\/lap-rem-cuon-van-phong-uy-tin-ben-dep-tai-lang-son.jpg?resize=700%2C650&#038;ssl=1\" alt=\"thi-cong-rem-cuon-van-phong-tai-lang-son\" width=\"700\" height=\"650\" title=\"\" srcset=\"https:\/\/i1.wp.com\/remchelangson.com.vn\/wp-content\/uploads\/2022\/07\/lap-rem-cuon-van-phong-uy-tin-ben-dep-tai-lang-son.jpg?w=700&amp;ssl=1 700w, https:\/\/i1.wp.com\/remchelangson.com.vn\/wp-content\/uploads\/2022\/07\/lap-rem-cuon-van-phong-uy-tin-ben-dep-tai-lang-son.jpg?resize=300%2C279&amp;ssl=1 300w, https:\/\/i1.wp.com\/remchelangson.com.vn\/wp-content\/uploads\/2022\/07\/lap-rem-cuon-van-phong-uy-tin-ben-dep-tai-lang-son.jpg?resize=200%2C186&amp;ssl=1 200w, https:\/\/i1.wp.com\/remchelangson.com.vn\/wp-content\/uploads\/2022\/07\/lap-rem-cuon-van-phong-uy-tin-ben-dep-tai-lang-son.jpg?resize=600%2C557&amp;ssl=1 600w\" sizes=\"auto, (max-width: 700px) 100vw, 700px\" data-recalc-dims=\"1\" \/><\/span><\/p>\n<p style=\"text-align: center;\"><span style=\"font-family: arial, helvetica, sans-serif;\">Thi c\u00f4ng l\u1eafp r\u00e8m cu\u1ed1n v\u0103n ph\u00f2ng t\u1ea1i L\u1ea1ng S\u01a1n<\/span><\/p>\n<p><span style=\"font-size: 14pt; color: #ff0000; font-family: arial, helvetica, sans-serif;\"><strong>C\u1ea3m \u01a1n qu\u00fd kh\u00e1ch \u0111\u00e3 tham kh\u1ea3o s\u1ea3n ph\u1ea9m c\u1ee7a ch\u00fang t\u00f4i.<\/strong><\/span><\/p>\n<p><span style=\"font-size: 14pt; color: #ff0000; font-family: arial, helvetica, sans-serif;\"><strong>M\u1ecdi chi ti\u1ebft c\u1ea7n l\u1eafp \u0111\u1eb7t hay t\u01b0 v\u1ea5n l\u1eafp \u0111\u1eb7t xin vui l\u00f2ng li\u00ean h\u1ec7: 0962.212.060<\/strong><\/span><\/p>\n<p><span style=\"font-family: arial, helvetica, sans-serif;\">Tham kh\u1ea3o th\u00eam: <a href=\"https:\/\/remcuaquangninh.com.vn\/san-pham\/cua-luoi-chong-muoi-con-trung-tu-cuon\/\" rel=\"noopener\">C\u1eeda l\u01b0\u1edbi ch\u1ed1ng mu\u1ed7i c\u00f4n tr\u00f9ng<\/a><\/span><\/p>\n","protected":false},"excerpt":{"rendered":"<p>R\u00e8m cu\u1ed1n\u00a0\u00a0l\u00e0 lo\u1ea1i r\u00e8m \u0111\u01b0\u1ee3c c\u1ea5u t\u1ea1o b\u1edfi m\u1ed9t t\u1ea5m v\u1ea3i polyeste \u0111\u01b0\u1ee3c cu\u1ed9n v\u00e0o \u1ed1ng nh\u00f4m. K\u00e9o l\u00ean h\u1ea1 xu\u1ed1ng b\u1eb1ng s\u1ee3i d\u00e2y g\u1eafn v\u00e0o r\u00f2ng r\u1ecdc tr\u00ean \u0111\u1ea7u \u1ed1ng cu\u1ed1n ho\u1eb7c \u0111i\u1ec3u khi\u1ec3n b\u1eb1ng motor t\u1ef1 \u0111\u1ed9ng.<\/p>\n","protected":false},"featured_media":374,"comment_status":"open","ping_status":"closed","template":"","meta":{"spay_email":""},"product_cat":[17],"product_tag":[],"class_list":{"0":"post-879","1":"product","2":"type-product","3":"status-publish","4":"has-post-thumbnail","6":"product_cat-chua-phan-loai","8":"first","9":"instock","10":"shipping-taxable","11":"product-type-simple"},"jetpack-related-posts":[{"id":90,"url":"https:\/\/remchelangson.com.vn\/?product=rem-cuon-can-nang","url_meta":{"origin":879,"position":0},"title":"3. R\u00c8M CU\u1ed0N C\u1ea2N N\u1eaeNG","date":"2 Th\u00e1ng 10, 2021","format":false,"excerpt":"R\u00c8M CU\u1ed0N C\u1ea2N N\u1eaeNG Chuy\u00ean cung c\u1ea5p,thi c\u00f4ng r\u00e8m cu\u1ed1n v\u0103n ph\u00f2ng - r\u00e8m cu\u1ed1n c\u1ea3n n\u1eafng uy t\u00edn ch\u1ea5t l\u01b0\u1ee3ng, gi\u00e1 th\u00e0nh h\u1ee3p l\u00fd. Li\u00ean h\u1ec7: 0962.212.060 \u00a0","rel":"","context":"Similar post","img":{"alt_text":"","src":"https:\/\/i2.wp.com\/remchelangson.com.vn\/wp-content\/uploads\/2021\/10\/Cau-tao-rem-cuon-van-phong-2.jpg?fit=600%2C525&ssl=1&resize=350%2C200","width":350,"height":200},"classes":[]},{"id":82,"url":"https:\/\/remchelangson.com.vn\/?product=rem-cau-vong-han-quoc","url_meta":{"origin":879,"position":1},"title":"4. R\u00c8M C\u1ea6U V\u1ed2NG H\u00c0N QU\u1ed0C","date":"1 Th\u00e1ng 10, 2021","format":false,"excerpt":"4. R\u00c8M C\u1ea6U V\u1ed2NG H\u00c0N QU\u1ed0C 1. R\u00e8m c\u1ea7u v\u1ed3ng H\u00e0n Qu\u1ed1c c\u1ea5u t\u1ea1o th\u1ebf n\u00e0o? R\u00e8m c\u1ea7u v\u1ed3ng l\u00e0 lo\u1ea1i r\u00e8m \u0111\u01b0\u1ee3c thi\u1ebft k\u1ebf t\u1eeb r\u00e8m cu\u1ed1n v\u00e0 r\u00e8m ro man. R\u00e8m cu\u1ed1n mang \u0111\u1ebfn s\u1ef1 ti\u1ec7n l\u1ee3i, r\u00e8m ro man mang l\u1ea1i s\u1ef1 m\u1ec1m m\u1ea1i khi s\u1eed d\u1ee5ng.\u2026","rel":"","context":"Similar post","img":{"alt_text":"","src":"https:\/\/i0.wp.com\/remchelangson.com.vn\/wp-content\/uploads\/2021\/10\/rem-cau-vong-dep-sang-trong-tai-lang-son.jpg?fit=600%2C600&ssl=1&resize=350%2C200","width":350,"height":200},"classes":[]},{"id":652,"url":"https:\/\/remchelangson.com.vn\/?product=lap-rem-cau-vong-han-quoc-tai-ha-long","url_meta":{"origin":879,"position":2},"title":"L\u1eaeP R\u00c8M C\u1ea6U V\u1ed2NG H\u00c0N QU\u1ed0C T\u1ea0I H\u1ea0 LONG","date":"19 Th\u00e1ng 2, 2022","format":false,"excerpt":"Chuy\u00ean thi c\u00f4ng cung c\u1ea5p l\u1eafp \u0111\u1eb7t: Gi\u00e0n ph\u01a1i qu\u1ea7n \u00e1o th\u00f4ng minh H\u00f2a Ph\u00e1t L\u01b0\u1edbi an to\u00e0n ban c\u00f4ng, c\u1ea7u thang B\u1ea1t che n\u1eafng m\u01b0a t\u1ef1 cu\u1ed1n, b\u1ea1t m\u00e1i hi\u00ean, b\u1ea1t x\u1ebfp\u2026. M\u00e0nh r\u00e8m: R\u00e8m c\u1ea7u v\u1ed3ng, r\u00e8m g\u1ed7, r\u00e8m cu\u1ed1n v\u0103n ph\u00f2ng, r\u00e8m s\u00e1o nh\u00f4m\u2026 C\u1eeda l\u01b0\u1edbi ch\u1ed1ng\u2026","rel":"","context":"Similar post","img":{"alt_text":"","src":"https:\/\/i1.wp.com\/remchelangson.com.vn\/wp-content\/uploads\/2022\/02\/cung-cap-thi-cong-rem-cau-vong-han-quoc-tai-ha-long-quang-ninh.jpg?fit=700%2C700&ssl=1&resize=350%2C200","width":350,"height":200},"classes":[]},{"id":96,"url":"https:\/\/remchelangson.com.vn\/?product=rem-la-doc-rem-la-van-phong-ben-dep","url_meta":{"origin":879,"position":3},"title":"2. R\u00c8M L\u00c1 D\u1eccC &#8211; R\u00c8M L\u00c1 V\u0102N PH\u00d2NG","date":"4 Th\u00e1ng 10, 2021","format":false,"excerpt":"2. R\u00c8M L\u00c1 D\u1eccC - R\u00c8M L\u00c1 V\u0102N PH\u00d2NG R\u00e8m l\u00e1 d\u1ecdc - R\u00e8m l\u00e1 v\u0103n ph\u00f2ng\u00a0hay c\u00f2n \u0111\u01b0\u1ee3c g\u1ecdi v\u1edbi nh\u1eefng c\u00e1i t\u00ean kh\u00e1c nh\u01b0: r\u00e8m l\u00e1 d\u1ecdc, r\u00e8m l\u00e1 \u0111\u1ee9ng, r\u00e8m d\u1ecdc, r\u00e8m d\u1ecdc. Ch\u00fang \u0111\u1ec1u l\u00e0 m\u1ed9t s\u1ea3n ph\u1ea9m c\u1ee7a r\u00e8m v\u0103n ph\u00f2ng. \u00a01 C\u1ea5u t\u1ea1o r\u00e8m\u2026","rel":"","context":"Similar post","img":{"alt_text":"","src":"https:\/\/i2.wp.com\/remchelangson.com.vn\/wp-content\/uploads\/2021\/10\/rem-cua-la-doc-chong-nang-tai-lamg-son.jpg?fit=600%2C600&ssl=1&resize=350%2C200","width":350,"height":200},"classes":[]},{"id":747,"url":"https:\/\/remchelangson.com.vn\/?product=6-dong-co-rem-cuon-mo-to-rem","url_meta":{"origin":879,"position":4},"title":"6. \u0110\u1ed8NG C\u01a0 R\u00c8M CU\u1ed0N M\u00d4 T\u01a0 R\u00c8M","date":"1 Th\u00e1ng 4, 2022","format":false,"excerpt":"6. \u0110\u1ed8NG C\u01a0 R\u00c8M CU\u1ed0N M\u00d4 T\u01a0 R\u00c8M Chuy\u00ean cung c\u1ea5p, thi c\u00f4ng l\u1eafp r\u00e8m m\u00f4 t\u01a1, \u0111\u1ed9ng c\u01a1 r\u00e8m cu\u1ed1n - m\u00f4 t\u01a1 r\u00e8m t\u1ea1i Qu\u1ea3ng Ninh. \u0110\u1ea1i l\u00fd \u0111\u1ed9ng c\u01a1, m\u00f4 t\u01a1 r\u00e8m t\u1ea1i Qu\u1ea3ng Ninh L\u1ea1ng S\u01a1n.","rel":"","context":"Similar post","img":{"alt_text":"","src":"https:\/\/i0.wp.com\/remchelangson.com.vn\/wp-content\/uploads\/2022\/04\/rem-cuon-tu-dong-tai-lang-son-1.jpg?fit=700%2C700&ssl=1&resize=350%2C200","width":350,"height":200},"classes":[]},{"id":868,"url":"https:\/\/remchelangson.com.vn\/?product=bat-che-nang-ban-cong-lang-son","url_meta":{"origin":879,"position":5},"title":"B\u1ea0T CHE N\u1eaeNG BAN C\u00d4NG L\u1ea0NG S\u01a0N","date":"19 Th\u00e1ng 7, 2022","format":false,"excerpt":"B\u1ea1t che n\u1eafng m\u01b0a ban c\u00f4ng hay c\u00f2n \u0111\u01b0\u1ee3c g\u1ecdi l\u00e0 b\u1ea1t th\u1ea3, hay b\u1ea1n cu\u1ed1n l\u00e0 lo\u1ea1i b\u1ea1t d\u00f9ng \u0111\u1ec3 che ch\u1eafn tr\u1ef1c ti\u1ebfp n\u1eafng chi\u1ebfu xi\u00ean t\u1eeb ngo\u00e0i v\u00e0o trong nh\u00e0, b\u1ea1t \u0111\u01b0\u1ee3c th\u1ea3 theo chi\u1ec1u th\u1eb3ng \u0111\u1ee9ng.","rel":"","context":"Similar post","img":{"alt_text":"","src":"https:\/\/i0.wp.com\/remchelangson.com.vn\/wp-content\/uploads\/2022\/07\/lap-bat-che-ban-cong-truong-hoc-tai-ha-long.jpg?fit=720%2C960&ssl=1&resize=350%2C200","width":350,"height":200},"classes":[]}],"_links":{"self":[{"href":"https:\/\/remchelangson.com.vn\/index.php?rest_route=\/wp\/v2\/product\/879","targetHints":{"allow":["GET"]}}],"collection":[{"href":"https:\/\/remchelangson.com.vn\/index.php?rest_route=\/wp\/v2\/product"}],"about":[{"href":"https:\/\/remchelangson.com.vn\/index.php?rest_route=\/wp\/v2\/types\/product"}],"replies":[{"embeddable":true,"href":"https:\/\/remchelangson.com.vn\/index.php?rest_route=%2Fwp%2Fv2%2Fcomments&post=879"}],"version-history":[{"count":2,"href":"https:\/\/remchelangson.com.vn\/index.php?rest_route=\/wp\/v2\/product\/879\/revisions"}],"predecessor-version":[{"id":883,"href":"https:\/\/remchelangson.com.vn\/index.php?rest_route=\/wp\/v2\/product\/879\/revisions\/883"}],"wp:featuredmedia":[{"embeddable":true,"href":"https:\/\/remchelangson.com.vn\/index.php?rest_route=\/wp\/v2\/media\/374"}],"wp:attachment":[{"href":"https:\/\/remchelangson.com.vn\/index.php?rest_route=%2Fwp%2Fv2%2Fmedia&parent=879"}],"wp:term":[{"taxonomy":"product_cat","embeddable":true,"href":"https:\/\/remchelangson.com.vn\/index.php?rest_route=%2Fwp%2Fv2%2Fproduct_cat&post=879"},{"taxonomy":"product_tag","embeddable":true,"href":"https:\/\/remchelangson.com.vn\/index.php?rest_route=%2Fwp%2Fv2%2Fproduct_tag&post=879"}],"curies":[{"name":"wp","href":"https:\/\/api.w.org\/{rel}","templated":true}]}}