{"id":90,"date":"2021-10-02T07:28:18","date_gmt":"2021-10-02T07:28:18","guid":{"rendered":"https:\/\/remchelangson.com.vn\/?post_type=product&#038;p=90"},"modified":"2026-04-24T20:49:38","modified_gmt":"2026-04-24T20:49:38","slug":"rem-cuon-can-nang","status":"publish","type":"product","link":"https:\/\/remchelangson.com.vn\/?product=rem-cuon-can-nang","title":{"rendered":"3. R\u00c8M CU\u1ed0N C\u1ea2N N\u1eaeNG"},"content":{"rendered":"<div id=\"ez-toc-container\" class=\"ez-toc-v2_0_62 counter-hierarchy ez-toc-counter ez-toc-grey ez-toc-container-direction\">\n<div class=\"ez-toc-title-container\"><p class=\"ez-toc-title\">N\u1ed9i dung b&agrave;i vi\u1ebft<\/p>\n<\/div><nav><ul class='ez-toc-list ez-toc-list-level-1 ' ><li class='ez-toc-page-1 ez-toc-heading-level-1'><a class=\"ez-toc-link ez-toc-heading-1\" href=\"https:\/\/remchelangson.com.vn\/?product=rem-cuon-can-nang\/#3_REM_CUON_CAN_NANG\" title=\"3. R\u00c8M CU\u1ed0N C\u1ea2N N\u1eaeNG\">3. R\u00c8M CU\u1ed0N C\u1ea2N N\u1eaeNG<\/a><ul class='ez-toc-list-level-2' ><li class='ez-toc-heading-level-2'><a class=\"ez-toc-link ez-toc-heading-2\" href=\"https:\/\/remchelangson.com.vn\/?product=rem-cuon-can-nang\/#1_Cau_tao_rem_cuon_can_nang_%E2%80%93_Rem_cuon_van_phong\" title=\"1. C\u1ea5u t\u1ea1o r\u00e8m cu\u1ed1n c\u1ea3n n\u1eafng &#8211; R\u00e8m cu\u1ed1n v\u0103n ph\u00f2ng\">1. C\u1ea5u t\u1ea1o r\u00e8m cu\u1ed1n c\u1ea3n n\u1eafng &#8211; R\u00e8m cu\u1ed1n v\u0103n ph\u00f2ng<\/a><\/li><li class='ez-toc-page-1 ez-toc-heading-level-2'><a class=\"ez-toc-link ez-toc-heading-3\" href=\"https:\/\/remchelangson.com.vn\/?product=rem-cuon-can-nang\/#2_Uu_diem_rem_cuon_can_nang_%E2%80%93_Rem_cuon_van_phong\" title=\"2. \u01afu \u0111i\u1ec3m r\u00e8m cu\u1ed1n c\u1ea3n n\u1eafng &#8211; R\u00e8m cu\u1ed1n v\u0103n ph\u00f2ng\">2. \u01afu \u0111i\u1ec3m r\u00e8m cu\u1ed1n c\u1ea3n n\u1eafng &#8211; R\u00e8m cu\u1ed1n v\u0103n ph\u00f2ng<\/a><\/li><li class='ez-toc-page-1 ez-toc-heading-level-2'><a class=\"ez-toc-link ez-toc-heading-4\" href=\"https:\/\/remchelangson.com.vn\/?product=rem-cuon-can-nang\/#3_Cach_lap_rem_cuon_can_nang\" title=\"3. C\u00e1ch l\u1eafp r\u00e8m cu\u1ed1n c\u1ea3n n\u1eafng\">3. C\u00e1ch l\u1eafp r\u00e8m cu\u1ed1n c\u1ea3n n\u1eafng<\/a><\/li><\/ul><\/li><\/ul><\/nav><\/div>\n<h1><span class=\"ez-toc-section\" id=\"3_REM_CUON_CAN_NANG\"><\/span><span style=\"color: #ff6600;\">3. R\u00c8M CU\u1ed0N C\u1ea2N N\u1eaeNG<\/span><span class=\"ez-toc-section-end\"><\/span><\/h1>\n<p><a href=\"http:\/\/tienichthongminh.com.vn\/rem-cuon-van-phong_n224.html\" rel=\"noopener\"><strong>R\u00e8m cu\u1ed1n <\/strong><\/a><strong>l\u00e0 lo\u1ea1i r\u00e8m \u0111\u01b0\u1ee3c c\u1ea5u t\u1ea1o b\u1edfi m\u1ed9t t\u1ea5m v\u1ea3i polyeste \u0111\u01b0\u1ee3c cu\u1ed9n v\u00e0o \u1ed1ng nh\u00f4m. K\u00e9o l\u00ean h\u1ea1 xu\u1ed1ng b\u1eb1ng s\u1ee3i d\u00e2y g\u1eafn v\u00e0o r\u00f2ng r\u1ecdc tr\u00ean \u0111\u1ea7u \u1ed1ng cu\u1ed1n ho\u1eb7c \u0111i\u1ec3u khi\u1ec3n b\u1eb1ng motor t\u1ef1 \u0111\u1ed9ng. R\u00e8m cu\u1ed1n v\u0103n ph\u00f2ng \u0111ang l\u00e0 xu h\u01b0\u1edbng mang \u0111\u1ebfn s\u1ef1 quy\u1ebfn r\u0169 v\u00e0 sang tr\u1ecdng cho ng\u00f4i nh\u00e0 hay v\u0103n ph\u00f2ng c\u1ee7a b\u1ea1n. Ch\u00fang c\u0169ng c\u00f3 nhi\u1ec1u m\u00e0u s\u1eafc v\u00e0 phong c\u00e1ch kh\u00e1c nhau. V\u00ec v\u1eady b\u1ea1n c\u00f3 th\u1ec3 k\u1ebft h\u1ee3p b\u1ea5t k\u1ef3\u00a0t\u00f4ng n\u1ec1n ho\u1eb7c v\u1ecb tr\u00ed mong mu\u1ed1n.<\/strong><\/p>\n<h2><span class=\"ez-toc-section\" id=\"1_Cau_tao_rem_cuon_can_nang_%E2%80%93_Rem_cuon_van_phong\"><\/span><span style=\"color: #ff9900;\">1. C\u1ea5u t\u1ea1o r\u00e8m cu\u1ed1n c\u1ea3n n\u1eafng &#8211; R\u00e8m cu\u1ed1n v\u0103n ph\u00f2ng<\/span><span class=\"ez-toc-section-end\"><\/span><\/h2>\n<p><strong>R\u00e8m cu\u1ed1n<\/strong>\u00a0th\u01b0\u1eddng d\u00f9ng cho c\u00e1c v\u0103n ph\u00f2ng, gia \u0111\u00ecnh t\u1ea1i c\u00e1c \u00f4 c\u1eeda s\u1ed5, c\u1eeda k\u00ednh c\u00f3 \u00e1nh n\u1eafng tr\u1ef1c ti\u1ebfp.\u00a0<strong>R\u00e8m v\u0103n ph\u00f2ng<\/strong>\u00a0lo\u1ea1i cu\u1ed1n c\u00f3 c\u1ea5u t\u1ea1o v\u00e0 c\u00e1c \u01b0u \u0111i\u1ec3m sau \u0111\u00e2y:<\/p>\n<ul>\n<li>V\u1ea3i r\u00e8m cu\u1ed1n: V\u1ea3i r\u00e8m polyeste ph\u1ee7 s\u01a1n m\u00e0u.<\/li>\n<li>Thanh cu\u1ed1n, thanh \u0111\u00e1y, h\u1ed9p m\u00e1ng b\u1eb1ng nh\u00f4m s\u01a1n t\u0129nh \u0111i\u1ec7n.<\/li>\n<li><span style=\"color: #000000;\">\u0110\u1ea7u k\u00e9o, d\u00e2y k\u00e9o h\u1ea1t nh\u1ef1a ho\u1eb7c inox.<\/span><\/li>\n<\/ul>\n<p><img loading=\"lazy\" decoding=\"async\" class=\"wp-image-285 size-full aligncenter\" src=\"https:\/\/i1.wp.com\/remchelangson.com.vn\/wp-content\/uploads\/2021\/10\/Cau-tao-rem-cuon-van-phong-3.jpg?resize=600%2C600&#038;ssl=1\" alt=\"\" width=\"600\" height=\"600\" title=\"\" srcset=\"https:\/\/i1.wp.com\/remchelangson.com.vn\/wp-content\/uploads\/2021\/10\/Cau-tao-rem-cuon-van-phong-3.jpg?w=600&amp;ssl=1 600w, https:\/\/i1.wp.com\/remchelangson.com.vn\/wp-content\/uploads\/2021\/10\/Cau-tao-rem-cuon-van-phong-3.jpg?resize=300%2C300&amp;ssl=1 300w, https:\/\/i1.wp.com\/remchelangson.com.vn\/wp-content\/uploads\/2021\/10\/Cau-tao-rem-cuon-van-phong-3.jpg?resize=150%2C150&amp;ssl=1 150w, https:\/\/i1.wp.com\/remchelangson.com.vn\/wp-content\/uploads\/2021\/10\/Cau-tao-rem-cuon-van-phong-3.jpg?resize=200%2C200&amp;ssl=1 200w, https:\/\/i1.wp.com\/remchelangson.com.vn\/wp-content\/uploads\/2021\/10\/Cau-tao-rem-cuon-van-phong-3.jpg?resize=100%2C100&amp;ssl=1 100w\" sizes=\"auto, (max-width: 600px) 100vw, 600px\" data-recalc-dims=\"1\" \/><\/p>\n<p style=\"text-align: center;\"><em>Chuy\u00ean cung c\u1ea5p thi c\u00f4ng r\u00e8m cu\u1ed1n c\u1ea3n n\u1eafng &#8211; R\u00e8m cu\u1ed1n v\u0103n ph\u00f2ng<\/em><\/p>\n<h2><span class=\"ez-toc-section\" id=\"2_Uu_diem_rem_cuon_can_nang_%E2%80%93_Rem_cuon_van_phong\"><\/span><span style=\"color: #ff9900;\">2. \u01afu \u0111i\u1ec3m r\u00e8m cu\u1ed1n c\u1ea3n n\u1eafng &#8211; R\u00e8m cu\u1ed1n v\u0103n ph\u00f2ng<\/span><span class=\"ez-toc-section-end\"><\/span><\/h2>\n<ul>\n<li>\u01afu \u0111i\u1ec3m: C\u1ea3n n\u1eafng 80 &#8211; 100%. Kh\u00f4ng th\u1ea5m n\u01b0\u1edbc, ch\u1ed1ng ch\u00e1y lan, c\u00e1ch nhi\u1ec7t t\u1ed1t. Thi\u1ebft k\u1ebf g\u1ecdn g\u00e0ng, k\u00e9o th\u1ea3 thu\u1eadn ti\u1ec7n.<\/li>\n<li>S\u1ea3n ph\u1ea9m \u0111\u01b0\u1ee3c b\u1ea3o h\u00e0nh 2 n\u0103m k\u1ec3 t\u1eeb ng\u00e0y l\u1eafp \u0111\u1eb7t v\u00e0 b\u00e0n giao<\/li>\n<li><strong>\u0110\u1eb7c bi\u1ec7t l\u00e0 nh\u1eefng m\u1eabu r\u00e8m cu\u1ed1n ch\u1ed1ng n\u1eafng n\u00f3ng 100%, ch\u1ed1ng b\u00e1m b\u1ee5i v\u00e0<\/strong>\u00a0c\u00f3 kh\u1ea3 n\u0103ng ch\u1ed1ng \u1ed3n v\u00e0 c\u00e1ch nhi\u1ec7t r\u1ea5t hi\u1ec7u qu\u1ea3.<\/li>\n<\/ul>\n<h2><span class=\"ez-toc-section\" id=\"3_Cach_lap_rem_cuon_can_nang\"><\/span>3. C\u00e1ch l\u1eafp r\u00e8m cu\u1ed1n c\u1ea3n n\u1eafng<span class=\"ez-toc-section-end\"><\/span><\/h2>\n<p>L\u1eafp m\u1ed9t b\u1ed9 r\u00e8m cu\u1ed1n l\u00e0 m\u1ed9t c\u00f4ng vi\u1ec7c b\u1ea5t c\u1ee9 ai c\u0169ng c\u00f3 th\u1ec3 gi\u1ea3i quy\u1ebft. B\u1ea1n c\u00f3 th\u1ec3 th\u1ef1c hi\u1ec7n l\u1eafp \u0111\u1eb7t ch\u00fang m\u1ed9t c\u00e1ch nhanh ch\u00f3ng trong v\u00f2ng 10 ph\u00fat\/1 b\u1ed9. \u0110\u1ec3 th\u1ef1c hi\u1ec7n m\u1ecdi vi\u1ec7c m\u1ed9t c\u00e1ch nhanh ch\u00f3ng v\u00e0 hi\u1ec7u qu\u1ea3 nh\u1ea5t b\u1ea1n c\u1ea7n chu\u1ea9n b\u1ecb s\u1eb5n: r\u00e8m cu\u1ed1n, thang, th\u01b0\u1edbc \u0111o , b\u00fat ch\u00ec, \u1ed1c v\u00edt, m\u00e1y khoan,\u2026<\/p>\n<p>Sau khi \u0111\u00e3 chu\u1ea9n b\u1ecb xong c\u00e1c nguy\u00ean v\u1eadt li\u1ec7u, b\u1ea1n b\u1eaft \u0111\u1ea7u th\u1ef1c hi\u1ec7n l\u1eafp \u0111\u1eb7t\u00a0<a href=\"http:\/\/tienichthongminh.com.vn\/thi-cong-lam-rem-van-phong-tai-ha-long-quang-ninh_n231.html\" rel=\"noopener\"><strong>r\u00e8m cu\u1ed1n<\/strong>\u00a0<\/a>theo 5 b\u01b0\u1edbc c\u01a1 b\u1ea3n sau:<\/p>\n<p>B\u01b0\u1edbc 1: B\u1ea1n \u0111\u1eb7t mua r\u00e8m cu\u1ed1n t\u1ea1i c\u00e1c c\u1eeda h\u00e0ng, \u0111\u1ea1i l\u00fd\u00a0 v\u1edbi c\u00e1c k\u00edch th\u01b0\u1edbc chu\u1ea9n theo c\u1eeda s\u1ed5.<\/p>\n<p>B\u01b0\u1edbc 2: Ki\u1ec3m tra k\u1ef9 tr\u1ea1ng th\u00e1i c\u1ee7a c\u1eeda s\u1ed5 nh\u00e0 b\u1ea1n.<\/p>\n<p>N\u1ebfu c\u0103n h\u1ed9 c\u1ee7a b\u1ea1n \u0111\u01b0\u1ee3c x\u00e2y d\u1ef1ng \u0111\u00e3 l\u00e2u, ho\u1eb7c ph\u1ea7n c\u1eeda s\u1ed5 \u0111\u01b0\u1ee3c thi\u1ebft k\u1ebf kh\u00f4ng t\u1ed1t. Ph\u00eda \u201ctr\u1ea7n\u201d khung c\u1eeda r\u1ea5t c\u00f3 th\u1ec3 s\u1ebd g\u1ed3 gh\u1ec1, y\u1ebfu \u1edbt. H\u00e3y ki\u1ec3m tra th\u1eadt k\u0129 c\u1ea3 ph\u1ea7n gi\u1eefa v\u00e0 hai b\u00ean c\u1eeda s\u1ed5. N\u1ebfu c\u1eeda s\u1ed5 c\u1ee7a b\u1ea1n kh\u00f4ng b\u1eb1ng ph\u1eb3ng, b\u1ea1n c\u1ea7n ph\u1ea3i g\u1eafn m\u1ed9t mi\u1ebfng ch\u00e8n nh\u1ecf l\u00ean n\u00f3. Mi\u1ebfng ch\u00e8n l\u00e0 m\u1ed9t mi\u1ebfng g\u1ed7 m\u1ecfng s\u1ebd gi\u00fap kh\u1eafc ph\u1ee5c \u0111i\u1ec3m y\u1ebfu c\u1ee7a c\u1eeda s\u1ed5 khi \u0111\u01b0\u1ee3c khoan vit tr\u1ef1c ti\u1ebfp l\u00ean n\u00f3.<\/p>\n<p>B\u01b0\u1edbc 3: \u0110\u00e1nh d\u1ea5u v\u1ecb tr\u00ed treo r\u00e8m:<\/p>\n<p>B\u1ecf chi\u1ebfc r\u00e8m cu\u1ed1n c\u1ee7a b\u1ea1n ra kh\u1ecfi bao b\u00ec v\u00e0 \u0111\u01b0a n\u00f3 l\u00ean v\u1ecb tr\u00ed b\u1ea1n mu\u1ed1n treo khung. S\u1eed d\u1ee5ng b\u00fat ch\u00ec \u0111\u1ec3 \u0111\u00e1nh d\u1ea5u v\u1ecb tr\u00ed c\u1ee7a b\u1ed9 gi\u00e1 \u0111\u1ee1.<\/p>\n<p>B\u01b0\u1edbc 4: L\u1eafp \u0111\u1eb7t gi\u00e1 \u0111\u1ee1: B\u1ea1n s\u1eed d\u1ee5ng \u1ed1c v\u00edt \u0111\u1ec3 g\u1eafn gi\u00e1 \u0111\u1ee1 l\u00ean khung c\u1eeda.<\/p>\n<p>B\u01b0\u1edbc 5: L\u1eafp \u0111\u1eb7t r\u00e8m cu\u1ed1n: B\u1ea1n ch\u1ec9 c\u1ea7n \u0111\u1eb7t thanh tr\u00ean c\u1ee7a chi\u1ebfc r\u00e8m l\u00ean b\u1ed9 gi\u00e1 v\u00e0 \u0111\u1ea9y v\u00e0o khung.<\/p>\n<p><img loading=\"lazy\" decoding=\"async\" class=\"aligncenter wp-image-286 size-full\" title=\"rem-cuon-can-nang-rem-cuon-van-phong-tai-lang-son-quang-ninh\" src=\"https:\/\/i1.wp.com\/remchelangson.com.vn\/wp-content\/uploads\/2021\/10\/rem-cuon-van-phong-cao-loc-lang-son.jpg?resize=600%2C500&#038;ssl=1\" alt=\"rem-cuon-can-nang-rem-cuon-van-phong-tai-lang-son-quang-ninh\" width=\"600\" height=\"500\" srcset=\"https:\/\/i1.wp.com\/remchelangson.com.vn\/wp-content\/uploads\/2021\/10\/rem-cuon-van-phong-cao-loc-lang-son.jpg?w=600&amp;ssl=1 600w, https:\/\/i1.wp.com\/remchelangson.com.vn\/wp-content\/uploads\/2021\/10\/rem-cuon-van-phong-cao-loc-lang-son.jpg?resize=300%2C250&amp;ssl=1 300w, https:\/\/i1.wp.com\/remchelangson.com.vn\/wp-content\/uploads\/2021\/10\/rem-cuon-van-phong-cao-loc-lang-son.jpg?resize=200%2C167&amp;ssl=1 200w\" sizes=\"auto, (max-width: 600px) 100vw, 600px\" data-recalc-dims=\"1\" \/><\/p>\n<p style=\"text-align: center;\"><em>Thi c\u00f4ng r\u00e8m uy t\u00edn ch\u1ea5t l\u01b0\u1ee3ng t\u1ea1i L\u1ea1ng S\u01a1n &#8211; Qu\u1ea3ng Ninh<\/em><\/p>\n<p>&nbsp;<\/p>\n<p><img loading=\"lazy\" decoding=\"async\" class=\"aligncenter wp-image-287 size-full\" title=\"rem-cuon-can-nang-rem-cuon-van-phong-tai-lang-son-quang-ninh\" src=\"https:\/\/i1.wp.com\/remchelangson.com.vn\/wp-content\/uploads\/2021\/10\/rem-cuon-van-phong-uy-tin-gia-re-lang-son.jpg?resize=600%2C600&#038;ssl=1\" alt=\"rem-cuon-can-nang-rem-cuon-van-phong-tai-lang-son-quang-ninh\" width=\"600\" height=\"600\" srcset=\"https:\/\/i1.wp.com\/remchelangson.com.vn\/wp-content\/uploads\/2021\/10\/rem-cuon-van-phong-uy-tin-gia-re-lang-son.jpg?w=600&amp;ssl=1 600w, https:\/\/i1.wp.com\/remchelangson.com.vn\/wp-content\/uploads\/2021\/10\/rem-cuon-van-phong-uy-tin-gia-re-lang-son.jpg?resize=300%2C300&amp;ssl=1 300w, https:\/\/i1.wp.com\/remchelangson.com.vn\/wp-content\/uploads\/2021\/10\/rem-cuon-van-phong-uy-tin-gia-re-lang-son.jpg?resize=150%2C150&amp;ssl=1 150w, https:\/\/i1.wp.com\/remchelangson.com.vn\/wp-content\/uploads\/2021\/10\/rem-cuon-van-phong-uy-tin-gia-re-lang-son.jpg?resize=200%2C200&amp;ssl=1 200w, https:\/\/i1.wp.com\/remchelangson.com.vn\/wp-content\/uploads\/2021\/10\/rem-cuon-van-phong-uy-tin-gia-re-lang-son.jpg?resize=100%2C100&amp;ssl=1 100w\" sizes=\"auto, (max-width: 600px) 100vw, 600px\" data-recalc-dims=\"1\" \/><\/p>\n<p style=\"text-align: center;\">Chuy\u00ean thi c\u00f4ng l\u1eafp r\u00e8m cu\u1ed1n v\u0103n ph\u00f2ng c\u1ea3n n\u1eafng t\u1ea1i L\u1ea1ng S\u01a1n &#8211; Qu\u1ea3ng Ninh<\/p>\n<p><strong><span style=\"color: #ff0000;\">C\u1ea3m \u01a1n qu\u00fd kh\u00e1ch \u0111\u00e3 tham kh\u1ea3o s\u1ea3n ph\u1ea9m c\u1ee7a ch\u00fang t\u00f4i.<\/span><\/strong><\/p>\n<p><strong><span style=\"color: #ff0000;\">M\u1ecdi chi ti\u1ebft c\u1ea7n l\u1eafp \u0111\u1eb7t hay t\u01b0 v\u1ea5n l\u1eafp \u0111\u1eb7t xin vui l\u00f2ng li\u00ean h\u1ec7: 0962.212.060<\/span><\/strong><\/p>\n<p>B\u00e0i vi\u1ebft tham kh\u1ea3o: <a href=\"https:\/\/remchelangson.com.vn\/?product=rem-cau-vong-han-quoc\">R\u00e8m c\u1ea7u v\u1ed3ng<\/a><\/p>\n","protected":false},"excerpt":{"rendered":"<h1><span style=\"color: #ff6600;\">R\u00c8M CU\u1ed0N C\u1ea2N N\u1eaeNG<\/span><\/h1>\n<p>Chuy\u00ean cung c\u1ea5p,thi c\u00f4ng r\u00e8m cu\u1ed1n v\u0103n ph\u00f2ng &#8211; r\u00e8m cu\u1ed1n c\u1ea3n n\u1eafng uy t\u00edn ch\u1ea5t l\u01b0\u1ee3ng, gi\u00e1 th\u00e0nh h\u1ee3p l\u00fd.<\/p>\n<p>Li\u00ean h\u1ec7: 0962.212.060<\/p>\n<p>&nbsp;<\/p>\n","protected":false},"featured_media":288,"comment_status":"open","ping_status":"closed","template":"","meta":{"spay_email":""},"product_cat":[17],"product_tag":[25,26],"class_list":{"0":"post-90","1":"product","2":"type-product","3":"status-publish","4":"has-post-thumbnail","6":"product_cat-chua-phan-loai","7":"product_tag-rem-cuon-can-nang-lang-son","8":"product_tag-rem-van-phong-gia-re-lang-son","10":"first","11":"instock","12":"shipping-taxable","13":"purchasable","14":"product-type-simple"},"jetpack-related-posts":[{"id":879,"url":"https:\/\/remchelangson.com.vn\/?product=rem-cuon-van-phong-tai-lang-son","url_meta":{"origin":90,"position":0},"title":"R\u00c8M CU\u1ed0N V\u0102N PH\u00d2NG T\u1ea0I L\u1ea0NG S\u01a0N","date":"23 Th\u00e1ng 7, 2022","format":false,"excerpt":"R\u00e8m cu\u1ed1n\u00a0\u00a0l\u00e0 lo\u1ea1i r\u00e8m \u0111\u01b0\u1ee3c c\u1ea5u t\u1ea1o b\u1edfi m\u1ed9t t\u1ea5m v\u1ea3i polyeste \u0111\u01b0\u1ee3c cu\u1ed9n v\u00e0o \u1ed1ng nh\u00f4m. K\u00e9o l\u00ean h\u1ea1 xu\u1ed1ng b\u1eb1ng s\u1ee3i d\u00e2y g\u1eafn v\u00e0o r\u00f2ng r\u1ecdc tr\u00ean \u0111\u1ea7u \u1ed1ng cu\u1ed1n ho\u1eb7c \u0111i\u1ec3u khi\u1ec3n b\u1eb1ng motor t\u1ef1 \u0111\u1ed9ng.","rel":"","context":"Similar post","img":{"alt_text":"","src":"https:\/\/i1.wp.com\/remchelangson.com.vn\/wp-content\/uploads\/2021\/11\/rem-cuon-van-phong-uy-tin-gia-re-tai-loc-binh-lang-son.jpg?fit=600%2C500&ssl=1&resize=350%2C200","width":350,"height":200},"classes":[]},{"id":652,"url":"https:\/\/remchelangson.com.vn\/?product=lap-rem-cau-vong-han-quoc-tai-ha-long","url_meta":{"origin":90,"position":1},"title":"L\u1eaeP R\u00c8M C\u1ea6U V\u1ed2NG H\u00c0N QU\u1ed0C T\u1ea0I H\u1ea0 LONG","date":"19 Th\u00e1ng 2, 2022","format":false,"excerpt":"Chuy\u00ean thi c\u00f4ng cung c\u1ea5p l\u1eafp \u0111\u1eb7t: Gi\u00e0n ph\u01a1i qu\u1ea7n \u00e1o th\u00f4ng minh H\u00f2a Ph\u00e1t L\u01b0\u1edbi an to\u00e0n ban c\u00f4ng, c\u1ea7u thang B\u1ea1t che n\u1eafng m\u01b0a t\u1ef1 cu\u1ed1n, b\u1ea1t m\u00e1i hi\u00ean, b\u1ea1t x\u1ebfp\u2026. M\u00e0nh r\u00e8m: R\u00e8m c\u1ea7u v\u1ed3ng, r\u00e8m g\u1ed7, r\u00e8m cu\u1ed1n v\u0103n ph\u00f2ng, r\u00e8m s\u00e1o nh\u00f4m\u2026 C\u1eeda l\u01b0\u1edbi ch\u1ed1ng\u2026","rel":"","context":"Similar post","img":{"alt_text":"","src":"https:\/\/i1.wp.com\/remchelangson.com.vn\/wp-content\/uploads\/2022\/02\/cung-cap-thi-cong-rem-cau-vong-han-quoc-tai-ha-long-quang-ninh.jpg?fit=700%2C700&ssl=1&resize=350%2C200","width":350,"height":200},"classes":[]},{"id":82,"url":"https:\/\/remchelangson.com.vn\/?product=rem-cau-vong-han-quoc","url_meta":{"origin":90,"position":2},"title":"4. R\u00c8M C\u1ea6U V\u1ed2NG H\u00c0N QU\u1ed0C","date":"1 Th\u00e1ng 10, 2021","format":false,"excerpt":"4. R\u00c8M C\u1ea6U V\u1ed2NG H\u00c0N QU\u1ed0C 1. R\u00e8m c\u1ea7u v\u1ed3ng H\u00e0n Qu\u1ed1c c\u1ea5u t\u1ea1o th\u1ebf n\u00e0o? R\u00e8m c\u1ea7u v\u1ed3ng l\u00e0 lo\u1ea1i r\u00e8m \u0111\u01b0\u1ee3c thi\u1ebft k\u1ebf t\u1eeb r\u00e8m cu\u1ed1n v\u00e0 r\u00e8m ro man. R\u00e8m cu\u1ed1n mang \u0111\u1ebfn s\u1ef1 ti\u1ec7n l\u1ee3i, r\u00e8m ro man mang l\u1ea1i s\u1ef1 m\u1ec1m m\u1ea1i khi s\u1eed d\u1ee5ng.\u2026","rel":"","context":"Similar post","img":{"alt_text":"","src":"https:\/\/i0.wp.com\/remchelangson.com.vn\/wp-content\/uploads\/2021\/10\/rem-cau-vong-dep-sang-trong-tai-lang-son.jpg?fit=600%2C600&ssl=1&resize=350%2C200","width":350,"height":200},"classes":[]},{"id":554,"url":"https:\/\/remchelangson.com.vn\/?product=bat-che-nang-mua-tu-cuon-cam-pha","url_meta":{"origin":90,"position":3},"title":"B\u1ea0T CHE N\u1eaeNG M\u01afA T\u1ef0 CU\u1ed0N C\u1ea8M PH\u1ea2","date":"21 Th\u00e1ng 12, 2021","format":false,"excerpt":"L\u1eaeP B\u1ea0T CHE N\u1eaeNG M\u01afA T\u1ef0 CU\u1ed0N C\u1ea8M PH\u1ea2 C\u00f4ng ty TNHH Tr\u01b0\u1eddng Th\u00e0nh 68 \u2013 Chuy\u00ean cung c\u1ea5p, thi c\u00f4ng: b\u1ea1t che n\u1eafng m\u01b0a t\u1ef1 cu\u1ed1n C\u1ea9m Ph\u1ea3 v\u00e0 c\u00e1c khu v\u1ef1c l\u00e2n c\u1eadn t\u1ea1i Qu\u1ea3ng Ninh nh\u01b0 H\u1ea1 Long, V\u00e2n \u0110\u1ed3n, Ti\u00ean Y\u00ean, Ba Ch\u1ebd, U\u00f4ng B\u00ed, Qu\u1ea3ng\u2026","rel":"","context":"Similar post","img":{"alt_text":"","src":"https:\/\/i2.wp.com\/remchelangson.com.vn\/wp-content\/uploads\/2021\/12\/bat-che-tu-cuon-cam-pha-quang-ninh.jpg?fit=600%2C600&ssl=1&resize=350%2C200","width":350,"height":200},"classes":[]},{"id":1043,"url":"https:\/\/remchelangson.com.vn\/?product=7-rem-to-ong-rem-ngan-phong","url_meta":{"origin":90,"position":4},"title":"7. R\u00c8M T\u1ed4 ONG R\u00c8M NG\u0102N PH\u00d2NG","date":"2 Th\u00e1ng 10, 2023","format":false,"excerpt":"7. R\u00c8M T\u1ed4 ONG - R\u00c8M NG\u0102N PH\u00d2NG R\u00e8m t\u1ed5 ong l\u00e0 m\u1ed9t lo\u1ea1i r\u00e8m ng\u0103n th\u00f4ng minh c\u00f3 s\u1ef1 linh ho\u1ea1t trong vi\u1ec7c s\u1eed d\u1ee5ng. S\u1ea3n ph\u1ea9m gi\u00fap ng\u0103n c\u00e1ch c\u00e1c kh\u00f4ng gian ph\u00f2ng hi\u1ec7u qu\u1ea3 \u0111\u1ed3ng th\u1eddi gi\u00fap t\u0103ng t\u00ednh th\u1ea9m m\u1ef9 cho ng\u00f4i nh\u00e0. B\u1ea1n c\u00f3 th\u1ec3\u2026","rel":"","context":"Similar post","img":{"alt_text":"","src":"https:\/\/i1.wp.com\/remchelangson.com.vn\/wp-content\/uploads\/2023\/10\/mau-rem-to-ong-cua-luoi-chong-muoi-tai-quang-ninh.jpg?fit=700%2C681&ssl=1&resize=350%2C200","width":350,"height":200},"classes":[]},{"id":96,"url":"https:\/\/remchelangson.com.vn\/?product=rem-la-doc-rem-la-van-phong-ben-dep","url_meta":{"origin":90,"position":5},"title":"2. R\u00c8M L\u00c1 D\u1eccC &#8211; R\u00c8M L\u00c1 V\u0102N PH\u00d2NG","date":"4 Th\u00e1ng 10, 2021","format":false,"excerpt":"2. R\u00c8M L\u00c1 D\u1eccC - R\u00c8M L\u00c1 V\u0102N PH\u00d2NG R\u00e8m l\u00e1 d\u1ecdc - R\u00e8m l\u00e1 v\u0103n ph\u00f2ng\u00a0hay c\u00f2n \u0111\u01b0\u1ee3c g\u1ecdi v\u1edbi nh\u1eefng c\u00e1i t\u00ean kh\u00e1c nh\u01b0: r\u00e8m l\u00e1 d\u1ecdc, r\u00e8m l\u00e1 \u0111\u1ee9ng, r\u00e8m d\u1ecdc, r\u00e8m d\u1ecdc. Ch\u00fang \u0111\u1ec1u l\u00e0 m\u1ed9t s\u1ea3n ph\u1ea9m c\u1ee7a r\u00e8m v\u0103n ph\u00f2ng. \u00a01 C\u1ea5u t\u1ea1o r\u00e8m\u2026","rel":"","context":"Similar post","img":{"alt_text":"","src":"https:\/\/i2.wp.com\/remchelangson.com.vn\/wp-content\/uploads\/2021\/10\/rem-cua-la-doc-chong-nang-tai-lamg-son.jpg?fit=600%2C600&ssl=1&resize=350%2C200","width":350,"height":200},"classes":[]}],"_links":{"self":[{"href":"https:\/\/remchelangson.com.vn\/index.php?rest_route=\/wp\/v2\/product\/90","targetHints":{"allow":["GET"]}}],"collection":[{"href":"https:\/\/remchelangson.com.vn\/index.php?rest_route=\/wp\/v2\/product"}],"about":[{"href":"https:\/\/remchelangson.com.vn\/index.php?rest_route=\/wp\/v2\/types\/product"}],"replies":[{"embeddable":true,"href":"https:\/\/remchelangson.com.vn\/index.php?rest_route=%2Fwp%2Fv2%2Fcomments&post=90"}],"version-history":[{"count":5,"href":"https:\/\/remchelangson.com.vn\/index.php?rest_route=\/wp\/v2\/product\/90\/revisions"}],"predecessor-version":[{"id":639,"href":"https:\/\/remchelangson.com.vn\/index.php?rest_route=\/wp\/v2\/product\/90\/revisions\/639"}],"wp:featuredmedia":[{"embeddable":true,"href":"https:\/\/remchelangson.com.vn\/index.php?rest_route=\/wp\/v2\/media\/288"}],"wp:attachment":[{"href":"https:\/\/remchelangson.com.vn\/index.php?rest_route=%2Fwp%2Fv2%2Fmedia&parent=90"}],"wp:term":[{"taxonomy":"product_cat","embeddable":true,"href":"https:\/\/remchelangson.com.vn\/index.php?rest_route=%2Fwp%2Fv2%2Fproduct_cat&post=90"},{"taxonomy":"product_tag","embeddable":true,"href":"https:\/\/remchelangson.com.vn\/index.php?rest_route=%2Fwp%2Fv2%2Fproduct_tag&post=90"}],"curies":[{"name":"wp","href":"https:\/\/api.w.org\/{rel}","templated":true}]}}